{"id":901,"date":"2019-11-17T10:47:08","date_gmt":"2019-11-17T09:47:08","guid":{"rendered":"https:\/\/wordpress.nibis.de\/gstodtgl\/?page_id=901"},"modified":"2020-04-09T20:50:42","modified_gmt":"2020-04-09T18:50:42","slug":"schuleinweihung","status":"publish","type":"page","link":"https:\/\/wordpress.nibis.de\/gstodtgl\/schuleinweihung\/","title":{"rendered":"Schuleinweihung"},"content":{"rendered":"\n<h2 class=\"wp-block-heading\"><strong>Unsere Schuleinweihungsfeier am 28.9.2019 war ein voller Erfolg..<\/strong><\/h2>\n\n\n\n<div class=\"wp-block-image\"><figure class=\"aligncenter is-resized\"><img loading=\"lazy\" decoding=\"async\" src=\"https:\/\/wordpress.nibis.de\/gstodtgl\/files\/2019\/11\/luftballons-106_v-variantBig16x9_wm-true_zc-ecbbafc6.jpg\" alt=\"\" class=\"wp-image-920\" width=\"348\" height=\"196\" srcset=\"https:\/\/wordpress.nibis.de\/gstodtgl\/files\/2019\/11\/luftballons-106_v-variantBig16x9_wm-true_zc-ecbbafc6.jpg 960w, https:\/\/wordpress.nibis.de\/gstodtgl\/files\/2019\/11\/luftballons-106_v-variantBig16x9_wm-true_zc-ecbbafc6-250x141.jpg 250w, https:\/\/wordpress.nibis.de\/gstodtgl\/files\/2019\/11\/luftballons-106_v-variantBig16x9_wm-true_zc-ecbbafc6-850x478.jpg 850w, https:\/\/wordpress.nibis.de\/gstodtgl\/files\/2019\/11\/luftballons-106_v-variantBig16x9_wm-true_zc-ecbbafc6-768x432.jpg 768w, https:\/\/wordpress.nibis.de\/gstodtgl\/files\/2019\/11\/luftballons-106_v-variantBig16x9_wm-true_zc-ecbbafc6-500x281.jpg 500w\" sizes=\"auto, (max-width: 348px) 100vw, 348px\" \/><\/figure><\/div>\n\n\n\n<p>Im September war es endlich soweit. Unser neues Schulgeb\u00e4ude konnte eingeweiht werden und zahlreiche Erwachsene und Kinder aus dem Todtgl\u00fcsinger Umfeld waren dabei.<\/p>\n\n\n\n<p>Es warteten eine H\u00fcpfburg, eine Ballonk\u00fcnstlerin, zahlreiche Mitmachangebote und nat\u00fcrlich die Feuerwehr mit spannenden Aktionen. F\u00fcr das leibliche Wohl war ebenfalls gesorgt.<\/p>\n\n\n\n<p>Der Erl\u00f6s des Festes wird dazu beitragen, dass auch unser Schulhof im kommenden Jahr neu gestaltet werden kann. Darauf freuen wir uns sehr und bedanken uns herzlich bei allen G\u00e4sten!!<\/p>\n\n\n\n<p>Nicht zuletzt auf Grund der vielen engagierten Helfer aus der Elternschaft, des Schulf\u00f6rdervereins, der Sponsoren, der B\u00fcchereim\u00fctter, des Kollegiums und nat\u00fcrlich der Sch\u00fcler und Sch\u00fclerinnen, die als Schulguides und Schminkprofis ganze Arbeit leisteten, wurde es ein rauschendes Fest.<\/p>\n","protected":false},"excerpt":{"rendered":"<p>Unsere Schuleinweihungsfeier am 28.9.2019 war ein voller Erfolg.. Im September war es endlich soweit. Unser neues Schulgeb\u00e4ude konnte eingeweiht werden und zahlreiche Erwachsene und Kinder aus dem Todtgl\u00fcsinger Umfeld waren dabei. Es warteten eine H\u00fcpfburg, eine Ballonk\u00fcnstlerin, zahlreiche Mitmachangebote und &hellip; <a href=\"https:\/\/wordpress.nibis.de\/gstodtgl\/schuleinweihung\/\">Weiterlesen <span class=\"meta-nav\">&rarr;<\/span><\/a><\/p>\n","protected":false},"author":1251,"featured_media":0,"parent":0,"menu_order":0,"comment_status":"closed","ping_status":"closed","template":"","meta":{"footnotes":""},"class_list":["post-901","page","type-page","status-publish","hentry"],"_links":{"self":[{"href":"https:\/\/wordpress.nibis.de\/gstodtgl\/wp-json\/wp\/v2\/pages\/901","targetHints":{"allow":["GET"]}}],"collection":[{"href":"https:\/\/wordpress.nibis.de\/gstodtgl\/wp-json\/wp\/v2\/pages"}],"about":[{"href":"https:\/\/wordpress.nibis.de\/gstodtgl\/wp-json\/wp\/v2\/types\/page"}],"author":[{"embeddable":true,"href":"https:\/\/wordpress.nibis.de\/gstodtgl\/wp-json\/wp\/v2\/users\/1251"}],"replies":[{"embeddable":true,"href":"https:\/\/wordpress.nibis.de\/gstodtgl\/wp-json\/wp\/v2\/comments?post=901"}],"version-history":[{"count":2,"href":"https:\/\/wordpress.nibis.de\/gstodtgl\/wp-json\/wp\/v2\/pages\/901\/revisions"}],"predecessor-version":[{"id":921,"href":"https:\/\/wordpress.nibis.de\/gstodtgl\/wp-json\/wp\/v2\/pages\/901\/revisions\/921"}],"wp:attachment":[{"href":"https:\/\/wordpress.nibis.de\/gstodtgl\/wp-json\/wp\/v2\/media?parent=901"}],"curies":[{"name":"wp","href":"https:\/\/api.w.org\/{rel}","templated":true}]}}