{"id":1041,"date":"2020-04-29T17:12:09","date_gmt":"2020-04-29T15:12:09","guid":{"rendered":"https:\/\/wordpress.nibis.de\/gstostedt\/?page_id=1041"},"modified":"2020-04-29T17:17:45","modified_gmt":"2020-04-29T15:17:45","slug":"ausnahmegenehmigungen-zum-besuch-einer-anderen-schule","status":"publish","type":"page","link":"https:\/\/wordpress.nibis.de\/gstostedt\/ausnahmegenehmigungen-zum-besuch-einer-anderen-schule\/","title":{"rendered":"Ausnahmegenehmigungen zum Besuch einer anderen Schule"},"content":{"rendered":"\n<p>Sch\u00fclerinnen und Sch\u00fcler erf\u00fcllen ihre Schulpflicht dadurch, dass sie die Schule besuchen, in deren Schulbezirk sie ihren Wohnsitz oder gew\u00f6hnlichen Aufenthalt haben. F\u00fcr Grundschulen legen die Schultr\u00e4ger stets Schulbezirke fest, f\u00fcr die Schulen des Sekundarbereichs I k\u00f6nnen sie dies tun.<\/p>\n\n\n\n<p>Soll Ihr Kind eine andere als die nach Schulbezirkssatzung festgelegte Schule besuchen, ist eine Ausnahmegenehmigung erforderlich.<\/p>\n\n\n\n<p>Der Besuch dieser Schule kann nach \u00a7 63 Abs. 3 NSchG nur gestattet werden, wenn<\/p>\n\n\n\n<ol class=\"wp-block-list\"><li>der Besuch der zust\u00e4ndigen Schule f\u00fcr die betreffenden Sch\u00fclerinnen und Sch\u00fcler oder deren Familien eine unzumutbare H\u00e4rte darstellen w\u00fcrde<br>\n\toder<\/li><li>der Besuch der anderen Schule aus p\u00e4dagogischen Gr\u00fcnden geboten erscheint.<\/li><\/ol>\n\n\n\n<p>Der Antrag auf Ausnahmegenehmigung ist bei der zust\u00e4ndigen Schule zu stellen. Diese beteiligt die gew\u00fcnschte Schule, den Schultr\u00e4ger sowie den Tr\u00e4ger der Sch\u00fclerbef\u00f6rderung.<\/p>\n\n\n\n<ul class=\"wp-block-list\"><li>Halten beide Schulen den Antrag f\u00fcr begr\u00fcndet, erteilt die zust\u00e4ndige Schule die Ausnahmegenehmigung.<\/li><li>Halten eine oder beide Schulen den Antrag f\u00fcr nicht begr\u00fcndet, wird der Vorgang der jeweils zust\u00e4ndigen Regionalabteilung der Nieders\u00e4chsischen Landesschulbeh\u00f6rde zur Entscheidung vorgelegt.<\/li><\/ul>\n\n\n\n<p>Das entsprechende Antragsformular erhalten f\u00fcr Ihr Kind <a rel=\"noreferrer noopener\" href=\"https:\/\/wordpress.nibis.de\/gstostedt\/files\/2020\/04\/63-Anlage-1-Antragsvordruck-2016.pdf\" target=\"_blank\">hier<\/a> als Download.<\/p>\n\n\n\n<p><\/p>\n","protected":false},"excerpt":{"rendered":"<p>Sch\u00fclerinnen und Sch\u00fcler erf\u00fcllen ihre Schulpflicht dadurch, dass sie die Schule besuchen, in deren Schulbezirk sie ihren Wohnsitz oder gew\u00f6hnlichen Aufenthalt haben. F\u00fcr Grundschulen legen die Schultr\u00e4ger stets Schulbezirke fest, f\u00fcr die Schulen des Sekundarbereichs I k\u00f6nnen sie dies tun. &hellip; <a href=\"https:\/\/wordpress.nibis.de\/gstostedt\/ausnahmegenehmigungen-zum-besuch-einer-anderen-schule\/\">Weiterlesen <span class=\"meta-nav\">&rarr;<\/span><\/a><\/p>\n","protected":false},"author":9192536,"featured_media":0,"parent":0,"menu_order":0,"comment_status":"closed","ping_status":"closed","template":"","meta":{"footnotes":""},"class_list":["post-1041","page","type-page","status-publish","hentry"],"_links":{"self":[{"href":"https:\/\/wordpress.nibis.de\/gstostedt\/wp-json\/wp\/v2\/pages\/1041","targetHints":{"allow":["GET"]}}],"collection":[{"href":"https:\/\/wordpress.nibis.de\/gstostedt\/wp-json\/wp\/v2\/pages"}],"about":[{"href":"https:\/\/wordpress.nibis.de\/gstostedt\/wp-json\/wp\/v2\/types\/page"}],"author":[{"embeddable":true,"href":"https:\/\/wordpress.nibis.de\/gstostedt\/wp-json\/wp\/v2\/users\/9192536"}],"replies":[{"embeddable":true,"href":"https:\/\/wordpress.nibis.de\/gstostedt\/wp-json\/wp\/v2\/comments?post=1041"}],"version-history":[{"count":2,"href":"https:\/\/wordpress.nibis.de\/gstostedt\/wp-json\/wp\/v2\/pages\/1041\/revisions"}],"predecessor-version":[{"id":1045,"href":"https:\/\/wordpress.nibis.de\/gstostedt\/wp-json\/wp\/v2\/pages\/1041\/revisions\/1045"}],"wp:attachment":[{"href":"https:\/\/wordpress.nibis.de\/gstostedt\/wp-json\/wp\/v2\/media?parent=1041"}],"curies":[{"name":"wp","href":"https:\/\/api.w.org\/{rel}","templated":true}]}}