{"id":1819,"date":"2022-03-15T10:36:45","date_gmt":"2022-03-15T09:36:45","guid":{"rendered":"https:\/\/wordpress.nibis.de\/gstostedt\/?page_id=1819"},"modified":"2022-03-15T10:36:45","modified_gmt":"2022-03-15T09:36:45","slug":"trioramen-in-klasse-2","status":"publish","type":"page","link":"https:\/\/wordpress.nibis.de\/gstostedt\/trioramen-in-klasse-2\/","title":{"rendered":"Trioramen in Klasse 2"},"content":{"rendered":"\n<p>W\u00e4hrend der Projekttage zum Thema Ern\u00e4hrungsf\u00fchrerschein sind in der Klasse 2c folgende Trioramen entstanden. Sie zeigen auf ihren drei Seiten, welche Produkte man h\u00e4ufig, manchmal oder eher selten essen sollte, wenn man sich gesund ern\u00e4hren m\u00f6chte. Die Kinder haben w\u00e4hrend der Projekttage viel gelernt und noch viel mehr Spa\u00df an der Herstellung eines Obstsalates gehabt, der uns besonders gut geschmeckt hat.<\/p>\n<p><img loading=\"lazy\" decoding=\"async\" class=\"alignnone size-medium wp-image-1820\" src=\"https:\/\/wordpress.nibis.de\/gstostedt\/files\/2022\/03\/Bild-1-850x478.jpg\" alt=\"\" width=\"850\" height=\"478\" srcset=\"https:\/\/wordpress.nibis.de\/gstostedt\/files\/2022\/03\/Bild-1-850x478.jpg 850w, https:\/\/wordpress.nibis.de\/gstostedt\/files\/2022\/03\/Bild-1-1200x675.jpg 1200w, https:\/\/wordpress.nibis.de\/gstostedt\/files\/2022\/03\/Bild-1-250x141.jpg 250w\" sizes=\"auto, (max-width: 850px) 100vw, 850px\" \/> <img loading=\"lazy\" decoding=\"async\" class=\"alignnone size-medium wp-image-1821\" src=\"https:\/\/wordpress.nibis.de\/gstostedt\/files\/2022\/03\/Bild-2-850x478.jpg\" alt=\"\" width=\"850\" height=\"478\" srcset=\"https:\/\/wordpress.nibis.de\/gstostedt\/files\/2022\/03\/Bild-2-850x478.jpg 850w, https:\/\/wordpress.nibis.de\/gstostedt\/files\/2022\/03\/Bild-2-1200x675.jpg 1200w, https:\/\/wordpress.nibis.de\/gstostedt\/files\/2022\/03\/Bild-2-250x141.jpg 250w\" sizes=\"auto, (max-width: 850px) 100vw, 850px\" \/> <img loading=\"lazy\" decoding=\"async\" class=\"alignnone size-medium wp-image-1822\" src=\"https:\/\/wordpress.nibis.de\/gstostedt\/files\/2022\/03\/Bild-3-850x478.jpg\" alt=\"\" width=\"850\" height=\"478\" srcset=\"https:\/\/wordpress.nibis.de\/gstostedt\/files\/2022\/03\/Bild-3-850x478.jpg 850w, https:\/\/wordpress.nibis.de\/gstostedt\/files\/2022\/03\/Bild-3-1200x675.jpg 1200w, https:\/\/wordpress.nibis.de\/gstostedt\/files\/2022\/03\/Bild-3-250x141.jpg 250w\" sizes=\"auto, (max-width: 850px) 100vw, 850px\" \/><\/p>\n","protected":false},"excerpt":{"rendered":"<p>W\u00e4hrend der Projekttage zum Thema Ern\u00e4hrungsf\u00fchrerschein sind in der Klasse 2c folgende Trioramen entstanden. Sie zeigen auf ihren drei Seiten, welche Produkte man h\u00e4ufig, manchmal oder eher selten essen sollte, wenn man sich gesund ern\u00e4hren m\u00f6chte. Die Kinder haben w\u00e4hrend &hellip; <a href=\"https:\/\/wordpress.nibis.de\/gstostedt\/trioramen-in-klasse-2\/\">Weiterlesen <span class=\"meta-nav\">&rarr;<\/span><\/a><\/p>\n","protected":false},"author":9192536,"featured_media":0,"parent":0,"menu_order":0,"comment_status":"closed","ping_status":"closed","template":"","meta":{"footnotes":""},"class_list":["post-1819","page","type-page","status-publish","hentry"],"_links":{"self":[{"href":"https:\/\/wordpress.nibis.de\/gstostedt\/wp-json\/wp\/v2\/pages\/1819","targetHints":{"allow":["GET"]}}],"collection":[{"href":"https:\/\/wordpress.nibis.de\/gstostedt\/wp-json\/wp\/v2\/pages"}],"about":[{"href":"https:\/\/wordpress.nibis.de\/gstostedt\/wp-json\/wp\/v2\/types\/page"}],"author":[{"embeddable":true,"href":"https:\/\/wordpress.nibis.de\/gstostedt\/wp-json\/wp\/v2\/users\/9192536"}],"replies":[{"embeddable":true,"href":"https:\/\/wordpress.nibis.de\/gstostedt\/wp-json\/wp\/v2\/comments?post=1819"}],"version-history":[{"count":1,"href":"https:\/\/wordpress.nibis.de\/gstostedt\/wp-json\/wp\/v2\/pages\/1819\/revisions"}],"predecessor-version":[{"id":1823,"href":"https:\/\/wordpress.nibis.de\/gstostedt\/wp-json\/wp\/v2\/pages\/1819\/revisions\/1823"}],"wp:attachment":[{"href":"https:\/\/wordpress.nibis.de\/gstostedt\/wp-json\/wp\/v2\/media?parent=1819"}],"curies":[{"name":"wp","href":"https:\/\/api.w.org\/{rel}","templated":true}]}}