{"id":1861,"date":"2022-06-15T09:53:38","date_gmt":"2022-06-15T07:53:38","guid":{"rendered":"https:\/\/wordpress.nibis.de\/gstostedt\/?page_id=1861"},"modified":"2022-09-08T09:07:27","modified_gmt":"2022-09-08T07:07:27","slug":"wildblumenprojekt-an-der-grundschule-tostedt","status":"publish","type":"page","link":"https:\/\/wordpress.nibis.de\/gstostedt\/wildblumenprojekt-an-der-grundschule-tostedt\/","title":{"rendered":"Das Wildblumenprojekt"},"content":{"rendered":"\n<figure class=\"wp-block-image\"><img loading=\"lazy\" decoding=\"async\" width=\"850\" height=\"478\" src=\"https:\/\/wordpress.nibis.de\/gstostedt\/files\/2022\/06\/Collage-2022-06-03-11_42_34-850x478.jpg\" alt=\"\" class=\"wp-image-1857\" srcset=\"https:\/\/wordpress.nibis.de\/gstostedt\/files\/2022\/06\/Collage-2022-06-03-11_42_34-850x478.jpg 850w, https:\/\/wordpress.nibis.de\/gstostedt\/files\/2022\/06\/Collage-2022-06-03-11_42_34-1200x675.jpg 1200w, https:\/\/wordpress.nibis.de\/gstostedt\/files\/2022\/06\/Collage-2022-06-03-11_42_34-250x141.jpg 250w\" sizes=\"auto, (max-width: 850px) 100vw, 850px\" \/><\/figure>\n\n\n\n<p>Seit Wochen arbeiten und gie\u00dfen die Kinder der Klassen 3d und 3e emsig auf der Wiese vor der Schule.<\/p>\n\n\n\n<p>Zun\u00e4chst wurde von den zwei Klassen in m\u00fchevoller Arbeit ein Teil des Rasens in zwei Beete umgewandelt.<\/p>\n\n\n\n<p>Ziel der M\u00fche war das Anpflanzen von Wildblumen, deren Nektar besonders ergiebig f\u00fcr Insekten und &nbsp;insbesondere f\u00fcr Schmetterlinge ist. Diese Pflanzen haben klangvolle Namen wie Natternkopf, Wilde Malve, Wilde M\u00f6hre oder Wiesen-Flockenblume. &nbsp;Im Sachunterricht erfuhren die Kinder mehr \u00fcber diese wertvollen Wildpflanzen und ihre Bedeutung f\u00fcr die Natur.<\/p>\n\n\n\n<p>Angeschoben wurde das Projekt von Herrn Karsten M\u00fcller vom Arbeitskreis Naturschutz Tostedt.<\/p>\n\n\n\n<p>Nun wollen die Pflanzen gehegt und gepflegt werden. Das hei\u00dft gie\u00dfen, Unkraut j\u00e4ten und die Pflanzen vom M\u00fcll befreien, der leider immer wieder zwischen ihnen liegt.<\/p>\n\n\n\n<p>Abschlie\u00dfend l\u00e4sst sich sagen, dass die Arbeit viel Spa\u00df macht und die Kinder erleben, wie sich die Pflanzen entwickeln. Im Herbst sollen dann die Samen eingesammelt werden, damit wir die Blumen erneut auss\u00e4en und vervielf\u00e4ltigen k\u00f6nnen.<\/p>\n\n\n\n<figure class=\"wp-block-image\"><img loading=\"lazy\" decoding=\"async\" width=\"1200\" height=\"675\" src=\"https:\/\/wordpress.nibis.de\/gstostedt\/files\/2022\/06\/20220608_094322-1200x675.jpg\" alt=\"\" class=\"wp-image-1858\" srcset=\"https:\/\/wordpress.nibis.de\/gstostedt\/files\/2022\/06\/20220608_094322-1200x675.jpg 1200w, https:\/\/wordpress.nibis.de\/gstostedt\/files\/2022\/06\/20220608_094322-850x478.jpg 850w, https:\/\/wordpress.nibis.de\/gstostedt\/files\/2022\/06\/20220608_094322-250x141.jpg 250w\" sizes=\"auto, (max-width: 1200px) 100vw, 1200px\" \/><\/figure>\n\n\n\n<figure class=\"wp-block-image\"><img loading=\"lazy\" decoding=\"async\" width=\"1200\" height=\"675\" src=\"https:\/\/wordpress.nibis.de\/gstostedt\/files\/2022\/06\/20220608_094244-1-1200x675.jpg\" alt=\"\" class=\"wp-image-1859\" srcset=\"https:\/\/wordpress.nibis.de\/gstostedt\/files\/2022\/06\/20220608_094244-1-1200x675.jpg 1200w, https:\/\/wordpress.nibis.de\/gstostedt\/files\/2022\/06\/20220608_094244-1-850x478.jpg 850w, https:\/\/wordpress.nibis.de\/gstostedt\/files\/2022\/06\/20220608_094244-1-250x141.jpg 250w\" sizes=\"auto, (max-width: 1200px) 100vw, 1200px\" \/><\/figure>\n\n\n\n<p><\/p>\n","protected":false},"excerpt":{"rendered":"<p>Seit Wochen arbeiten und gie\u00dfen die Kinder der Klassen 3d und 3e emsig auf der Wiese vor der Schule. Zun\u00e4chst wurde von den zwei Klassen in m\u00fchevoller Arbeit ein Teil des Rasens in zwei Beete umgewandelt. Ziel der M\u00fche war &hellip; <a href=\"https:\/\/wordpress.nibis.de\/gstostedt\/wildblumenprojekt-an-der-grundschule-tostedt\/\">Weiterlesen <span class=\"meta-nav\">&rarr;<\/span><\/a><\/p>\n","protected":false},"author":9192536,"featured_media":0,"parent":0,"menu_order":0,"comment_status":"closed","ping_status":"closed","template":"","meta":{"footnotes":""},"class_list":["post-1861","page","type-page","status-publish","hentry"],"_links":{"self":[{"href":"https:\/\/wordpress.nibis.de\/gstostedt\/wp-json\/wp\/v2\/pages\/1861","targetHints":{"allow":["GET"]}}],"collection":[{"href":"https:\/\/wordpress.nibis.de\/gstostedt\/wp-json\/wp\/v2\/pages"}],"about":[{"href":"https:\/\/wordpress.nibis.de\/gstostedt\/wp-json\/wp\/v2\/types\/page"}],"author":[{"embeddable":true,"href":"https:\/\/wordpress.nibis.de\/gstostedt\/wp-json\/wp\/v2\/users\/9192536"}],"replies":[{"embeddable":true,"href":"https:\/\/wordpress.nibis.de\/gstostedt\/wp-json\/wp\/v2\/comments?post=1861"}],"version-history":[{"count":2,"href":"https:\/\/wordpress.nibis.de\/gstostedt\/wp-json\/wp\/v2\/pages\/1861\/revisions"}],"predecessor-version":[{"id":1911,"href":"https:\/\/wordpress.nibis.de\/gstostedt\/wp-json\/wp\/v2\/pages\/1861\/revisions\/1911"}],"wp:attachment":[{"href":"https:\/\/wordpress.nibis.de\/gstostedt\/wp-json\/wp\/v2\/media?parent=1861"}],"curies":[{"name":"wp","href":"https:\/\/api.w.org\/{rel}","templated":true}]}}