{"id":1871,"date":"2022-07-05T10:08:25","date_gmt":"2022-07-05T08:08:25","guid":{"rendered":"https:\/\/wordpress.nibis.de\/gstostedt\/?page_id=1871"},"modified":"2022-07-05T10:08:25","modified_gmt":"2022-07-05T08:08:25","slug":"grundschule-tostedt-holt-schwimmunterricht-nach","status":"publish","type":"page","link":"https:\/\/wordpress.nibis.de\/gstostedt\/grundschule-tostedt-holt-schwimmunterricht-nach\/","title":{"rendered":"Grundschule Tostedt holt Schwimmunterricht nach"},"content":{"rendered":"\n<div data-content-text=\"\">\n<p style=\"text-align: left\"><img loading=\"lazy\" decoding=\"async\" class=\"alignnone size-medium wp-image-1869\" src=\"https:\/\/wordpress.nibis.de\/gstostedt\/files\/2022\/07\/507375_XL-850x478.jpg\" alt=\"\" width=\"850\" height=\"478\" srcset=\"https:\/\/wordpress.nibis.de\/gstostedt\/files\/2022\/07\/507375_XL-850x478.jpg 850w, https:\/\/wordpress.nibis.de\/gstostedt\/files\/2022\/07\/507375_XL-1200x675.jpg 1200w, https:\/\/wordpress.nibis.de\/gstostedt\/files\/2022\/07\/507375_XL-250x141.jpg 250w\" sizes=\"auto, (max-width: 850px) 100vw, 850px\" \/>Bis zu 150.000 Kinder in Niedersachsen konnten in den vergangenen zwei Jahren nicht das Schwimmen erlernten, sagt Tostedts DLRG-Vorsitzende Margret Holste. Dabei sei &#8222;Schwimmen eine Kulturf\u00e4higkeit und genauso wichtig wie Lesen, Schreiben, Rechnen, weil Schwimmenlernen Leben rettet&#8220;, sagt sie. Daher begr\u00fc\u00dft die Wasserretterin das Engagement der Grundschule Tostedt ebenso wie Samtgemeinde-B\u00fcrgermeister Dr. Peter D\u00f6rsam. Die Grundschule holt nun im Tostedter Freibad den Schwimmunterricht f\u00fcr die Sch\u00fclerinnen und Sch\u00fcler der zweiten bis vierten Klassen nach, denen diese M\u00f6glichkeit zuvor wegen der Pandemie genommen wurde.<\/p>\n<p style=\"text-align: left\">&#8222;Die Schule war zwei Jahre lang gezwungen, den Schwimmunterricht auszusetzen. Elf Klassen konnten dadurch nicht schwimmen&#8220;, berichtet Schulleiterin Gudrun Brinkmann. Auf Vorschlag des Schulelternrates sei die Idee entstanden, den Schwimmunterricht im Rahmen eines achtw\u00f6chigen Projektes nachzuholen und nicht wie \u00fcblich nur f\u00fcr die zweiten Klassen anzubieten. Jeden Tag kommen nun zwei bis drei Klassen ins Freibad.<\/p>\n<p>Unterst\u00fctzung erh\u00e4lt die Grundschule von der Samtgemeinde, den beiden Schwimmmeistern und den Ehrenamtlichen der DLRG, f\u00fcr deren Einsatz sich die Schulleiterin und Konrektorin Ekaterina Schrader bedankten. &#8222;Auch f\u00fcr alle Lehrkr\u00e4fte ist das ein Kraftakt&#8220;, sagt Gudrun Brinkmann.<\/p>\n<p>Samtgemeinde-B\u00fcrgermeister D\u00f6rsam lobt: &#8222;Ich finde, das ist ein sehr gutes Projekt, damit mehr Kinder das Schwimmen erlernen, das wir gerne unterst\u00fctzen. Gut ist auch, dass das Freibad f\u00fcrs Schulschwimmen genutzt werden kann.&#8220; Die Samtgemeinde stelle daf\u00fcr einen zus\u00e4tzlichen Schwimmmeister zur Verf\u00fcgung.<\/p>\n<p>Die M\u00e4dchen und Jungen haben im Rahmen des Projektes auch die M\u00f6glichkeit, das Seepferdchen und andere Schwimmabzeichen zu erwerben.<\/p>\n<p>DLRG-Vorsitzende Margret Holste weist beim Ortstermin auf eine Notwendigkeit abseits des Schwimmunterrichtes hin: &#8222;Eltern von Nichtschwimmern sollten sich maximal eine Arml\u00e4nge von ihren Kindern entfernen und sie nicht in unbewachten Gew\u00e4ssern schwimmen lassen.&#8220; Fl\u00fcsse seien ohnehin tabu. &#8222;Fl\u00fcsse sind Schifffahrtsstra\u00dfen. Man l\u00e4sst sein Kind ja auch nicht an der Autobahn spielen&#8220;, sagt Holste.<\/p>\n<p>Autor: Bianca Marquardt<\/p>\n<\/div>\n<div class=\"article-like-bar\">\n<div id=\"like-interaction-article_article-247893\" class=\"ggm-like-bar\" data-content-type=\"article_article\" data-content-id=\"247893\">\n<div class=\"ggm-like-text\">&nbsp;<\/div>\n<\/div>\n<\/div>\n","protected":false},"excerpt":{"rendered":"<p>Bis zu 150.000 Kinder in Niedersachsen konnten in den vergangenen zwei Jahren nicht das Schwimmen erlernten, sagt Tostedts DLRG-Vorsitzende Margret Holste. Dabei sei &#8222;Schwimmen eine Kulturf\u00e4higkeit und genauso wichtig wie Lesen, Schreiben, Rechnen, weil Schwimmenlernen Leben rettet&#8220;, sagt sie. Daher &hellip; <a href=\"https:\/\/wordpress.nibis.de\/gstostedt\/grundschule-tostedt-holt-schwimmunterricht-nach\/\">Weiterlesen <span class=\"meta-nav\">&rarr;<\/span><\/a><\/p>\n","protected":false},"author":9192536,"featured_media":0,"parent":0,"menu_order":0,"comment_status":"closed","ping_status":"closed","template":"","meta":{"footnotes":""},"class_list":["post-1871","page","type-page","status-publish","hentry"],"_links":{"self":[{"href":"https:\/\/wordpress.nibis.de\/gstostedt\/wp-json\/wp\/v2\/pages\/1871","targetHints":{"allow":["GET"]}}],"collection":[{"href":"https:\/\/wordpress.nibis.de\/gstostedt\/wp-json\/wp\/v2\/pages"}],"about":[{"href":"https:\/\/wordpress.nibis.de\/gstostedt\/wp-json\/wp\/v2\/types\/page"}],"author":[{"embeddable":true,"href":"https:\/\/wordpress.nibis.de\/gstostedt\/wp-json\/wp\/v2\/users\/9192536"}],"replies":[{"embeddable":true,"href":"https:\/\/wordpress.nibis.de\/gstostedt\/wp-json\/wp\/v2\/comments?post=1871"}],"version-history":[{"count":1,"href":"https:\/\/wordpress.nibis.de\/gstostedt\/wp-json\/wp\/v2\/pages\/1871\/revisions"}],"predecessor-version":[{"id":1872,"href":"https:\/\/wordpress.nibis.de\/gstostedt\/wp-json\/wp\/v2\/pages\/1871\/revisions\/1872"}],"wp:attachment":[{"href":"https:\/\/wordpress.nibis.de\/gstostedt\/wp-json\/wp\/v2\/media?parent=1871"}],"curies":[{"name":"wp","href":"https:\/\/api.w.org\/{rel}","templated":true}]}}