{"id":1949,"date":"2022-11-07T08:56:26","date_gmt":"2022-11-07T07:56:26","guid":{"rendered":"https:\/\/wordpress.nibis.de\/gstostedt\/?page_id=1949"},"modified":"2022-11-07T08:56:26","modified_gmt":"2022-11-07T07:56:26","slug":"elterntaxis-bleiben-derzeit-zu-hause-2","status":"publish","type":"page","link":"https:\/\/wordpress.nibis.de\/gstostedt\/elterntaxis-bleiben-derzeit-zu-hause-2\/","title":{"rendered":"Elterntaxis bleiben derzeit zu Hause"},"content":{"rendered":"\n<p><img loading=\"lazy\" decoding=\"async\" class=\"alignnone size-medium wp-image-1940 aligncenter\" src=\"https:\/\/wordpress.nibis.de\/gstostedt\/files\/2022\/10\/IMG_2352-850x478.jpg\" alt=\"\" width=\"850\" height=\"478\" srcset=\"https:\/\/wordpress.nibis.de\/gstostedt\/files\/2022\/10\/IMG_2352-850x478.jpg 850w, https:\/\/wordpress.nibis.de\/gstostedt\/files\/2022\/10\/IMG_2352-1200x675.jpg 1200w, https:\/\/wordpress.nibis.de\/gstostedt\/files\/2022\/10\/IMG_2352-250x141.jpg 250w\" sizes=\"auto, (max-width: 850px) 100vw, 850px\" \/><\/p>\n<p>Seit einigen Wochen beteiligt sich die Grundschule Tostedt an der Aktion \u201eAutoFREIE Grundschule\u201c. Die Sch\u00fcler kommen derzeit zu Fu\u00df oder mit Fahrrad zur Schule \u2013 und tun so etwas f\u00fcrs Klima.<\/p>\n<p>Morgens und mittags herrscht vor der Grundschule in Tostedt oftmals Verkehrschaos. Das soll sich nun \u00e4ndern. An vielen Schulen sorgt der Verkehr am Morgen und nach Unterrichtsende f\u00fcr Unmut. Manche Eltern bringen ihre Kinder mit dem Auto zur Schule, w\u00e4hrend andere Sch\u00fcler zu Fu\u00df gehen und dabei in gef\u00e4hrliche Situationen geraten. Die aktuelle laufende Aktion \u201eAutofreie Schule\u201c greift dies auf. \u201eWir appellieren an Familien, das Elterntaxi stehen zu lassen, damit Kinder eigene Erfahrungen im Stra\u00dfenverkehr sammeln k\u00f6nnen\u201c, sagt Gudrun Brinkmann, Schulleiterin der Grundschule Tostedt. \u201eEin F\u00fcnftel der Grundsch\u00fcler wird einer aktuellen Forsa-Umfrage zufolge mit dem Auto zur Schule gebracht. Meist ist es ein gut gemeintes Resultat aus F\u00fcrsorge, Zeitnot und Bequemlichkeit der Eltern. Ist der Schulweg jedoch kurz genug, um ihn zu Fu\u00df oder mit dem Fahrrad zur\u00fcckzulegen, sollten Schulkinder dies auch tun\u201c, r\u00e4t Brinkmann. Denn das richtige Verhalten im Stra\u00dfenverkehr w\u00fcrden Kinder nur erlernen, wenn sie auch aktiv am Stra\u00dfenverkehr teilnehmen. Sollte der Weg zu weit und eine Fahrt mit dem Auto notwendig sein, wird geraten \u201ezumindest einen Parkplatz ansteuern, der 250 bis 500 Meter von der Schule entfernt ist, sodass die Kinder die Reststrecke zu Fu\u00df bew\u00e4ltigen k\u00f6nnen. Dies f\u00f6rdert die motorischen F\u00e4higkeiten, die eigenst\u00e4ndige Mobilit\u00e4t und die Konzentrationsf\u00e4higkeit der Kinder und schafft Bewusstsein f\u00fcr\u00a0Gefahrensituationen\u201c.<\/p>\n<p>Der frische Wind, den sich M\u00e4dchen und Jungen morgens in den Wochen autofreier Schule auf dem Weg dorthin um die Nase wehen lassen, macht sie auch aufgeweckter f\u00fcr den Unterricht. Darin sind sich Lehrerinnen und Elternvertreterinnen der Grundschule einig.<\/p>\n<p>Vom 05.09.2022 bis zum 10.10.2022 sammeln Sch\u00fclerinnen und Sch\u00fcler autofreie Kilometer und beteiligen sich damit an der Kampagne \u201eAutoFREIE-Schule\u201c. F\u00fcr die Sch\u00fclerinnen und Sch\u00fcler sind die gesammelten Kilometer sichtbar, sowohl f\u00fcr die einzelne Gruppe als auch insgesamt. Zus\u00e4tzlich wird die CO2-Einsparung dargestellt.<\/p>\n<p>Mit wenigen Ausnahmen verzichten Eltern darauf, ihre Kinder im Auto zur Schule zu bringen, berichtet Gudrun Brinkmann. Das gef\u00e4hrliche An- und Abfahrt-Chaos bleibt derzeit aus. Dass es auch k\u00fcnftig m\u00f6glichst viele Kinder autofrei zur Schule schaffen, w\u00fcrden nicht nur die Lehrer gern sehen. Sich mit dem \u2013 nat\u00fcrlich vorschriftsm\u00e4\u00dfig beleuchteten \u2013 Fahrrad auf den Weg zu machen, ist ebenfalls eine akzeptierte Alternative.<\/p>\n<p>Im\u00a0Aktionszeitraum vom 01. September 2022 bis 30. November 2022 sorgt der sogenannte Bewegungspass zus\u00e4tzlich f\u00fcr noch mehr Motivation. Der Bewegungspass ist ein Projekt zur Bewegungsf\u00f6rderung von Kindern im Kita- und Grundschulalter.<\/p>\n<p>Das Sammeln von Unterschriften und Stempeln durch verschiedene Aktionen, wie mit dem Rad zur Schule fahren oder ein Vereinstraining besuchen, motiviert die Kinder und wird am Ende belohnt!<\/p>\n","protected":false},"excerpt":{"rendered":"<p>Seit einigen Wochen beteiligt sich die Grundschule Tostedt an der Aktion \u201eAutoFREIE Grundschule\u201c. Die Sch\u00fcler kommen derzeit zu Fu\u00df oder mit Fahrrad zur Schule \u2013 und tun so etwas f\u00fcrs Klima. Morgens und mittags herrscht vor der Grundschule in Tostedt &hellip; <a href=\"https:\/\/wordpress.nibis.de\/gstostedt\/elterntaxis-bleiben-derzeit-zu-hause-2\/\">Weiterlesen <span class=\"meta-nav\">&rarr;<\/span><\/a><\/p>\n","protected":false},"author":9192536,"featured_media":0,"parent":0,"menu_order":0,"comment_status":"closed","ping_status":"closed","template":"","meta":{"footnotes":""},"class_list":["post-1949","page","type-page","status-publish","hentry"],"_links":{"self":[{"href":"https:\/\/wordpress.nibis.de\/gstostedt\/wp-json\/wp\/v2\/pages\/1949","targetHints":{"allow":["GET"]}}],"collection":[{"href":"https:\/\/wordpress.nibis.de\/gstostedt\/wp-json\/wp\/v2\/pages"}],"about":[{"href":"https:\/\/wordpress.nibis.de\/gstostedt\/wp-json\/wp\/v2\/types\/page"}],"author":[{"embeddable":true,"href":"https:\/\/wordpress.nibis.de\/gstostedt\/wp-json\/wp\/v2\/users\/9192536"}],"replies":[{"embeddable":true,"href":"https:\/\/wordpress.nibis.de\/gstostedt\/wp-json\/wp\/v2\/comments?post=1949"}],"version-history":[{"count":1,"href":"https:\/\/wordpress.nibis.de\/gstostedt\/wp-json\/wp\/v2\/pages\/1949\/revisions"}],"predecessor-version":[{"id":1950,"href":"https:\/\/wordpress.nibis.de\/gstostedt\/wp-json\/wp\/v2\/pages\/1949\/revisions\/1950"}],"wp:attachment":[{"href":"https:\/\/wordpress.nibis.de\/gstostedt\/wp-json\/wp\/v2\/media?parent=1949"}],"curies":[{"name":"wp","href":"https:\/\/api.w.org\/{rel}","templated":true}]}}