{"id":2016,"date":"2023-02-14T15:29:55","date_gmt":"2023-02-14T14:29:55","guid":{"rendered":"https:\/\/wordpress.nibis.de\/gstostedt\/?page_id=2016"},"modified":"2023-02-14T15:29:55","modified_gmt":"2023-02-14T14:29:55","slug":"tostedter-grundschuelerin-siegt-mit-reisendem-pannkoken","status":"publish","type":"page","link":"https:\/\/wordpress.nibis.de\/gstostedt\/tostedter-grundschuelerin-siegt-mit-reisendem-pannkoken\/","title":{"rendered":"Tostedter Grundsch\u00fclerin siegt mit reisendem Pannkoken"},"content":{"rendered":"\n<div id=\"attachment_2017\" style=\"width: 860px\" class=\"wp-caption alignnone\"><img loading=\"lazy\" decoding=\"async\" aria-describedby=\"caption-attachment-2017\" class=\"wp-image-2017 size-medium\" src=\"https:\/\/wordpress.nibis.de\/gstostedt\/files\/2023\/02\/445126_XXL-850x478.jpg\" alt=\"\" width=\"850\" height=\"478\" srcset=\"https:\/\/wordpress.nibis.de\/gstostedt\/files\/2023\/02\/445126_XXL-850x478.jpg 850w, https:\/\/wordpress.nibis.de\/gstostedt\/files\/2023\/02\/445126_XXL-1200x675.jpg 1200w, https:\/\/wordpress.nibis.de\/gstostedt\/files\/2023\/02\/445126_XXL-250x141.jpg 250w\" sizes=\"auto, (max-width: 850px) 100vw, 850px\" \/><p id=\"caption-attachment-2017\" class=\"wp-caption-text\">Wiebke Erdtmann (li.) und Tim Beckmann \u00fcbergaben Helena Frey und ihrer Klassenlehrerin Manuela Piotrowski die Preise des Plattdeutschen Lesewettbewerbs Foto: Sparkasse Harburg-Buxtehude<br \/>hochgeladen von Bianca Marquardt<\/p><\/div>\n\n\n\n<p><b>bim\/nw. Tostedt.<\/b>\u00a0Plattdeutsch liegt auch bei jungen Leuten voll im Trend: Das beweist die Beteiligung von 2.000 Sch\u00fclerinnen und Sch\u00fclern aus ganz Niedersachsen am Plattdeutschen Lesewettbewerb, der k\u00fcrzlich mit dem Landesentscheid seinen Abschluss fand. Helena Frey aus der vierten Klasse der Grundschule Tostedt hat es mit ihrem Beitrag unter die besten Zehn in ihrer Altersklasse geschafft. Im Rahmen einer kleinen Siegerehrung nahm sie ihren Preis aus den H\u00e4nden von Wiebke Erdtmann vom Regionalen Landesamt f\u00fcr Schule und Bildung L\u00fcneburg und Tim Beckmann von der Sparkasse Harburg-Buxtehude entgegen.<br \/><b>Helena \u00fcberzeugte<br \/>die Jury<\/b><br \/>Die zehnj\u00e4hrige Helena \u00fcberzeugte die Jury aus Plattdeutsch-Beratern der Regionalen Landes\u00e4mter f\u00fcr Schule und Bildung (RLSB) mit ihrem Vortrag \u201eDe dicke, fette Pannkoken\u201c. \u201eErst hatte ich eine Geschichte von meiner Tante, die vor ein paar Jahren auch schon mal beim Plattdeutsch-Wettbewerb mitgemacht und sogar gewonnen hatte. Beim Lesen fand ich den Text aber nicht so sch\u00f6n, darum habe nach etwas anderem gesucht\u201c, verr\u00e4t Helena Frey. Gefunden hat sie die Geschichte des um die Welt reisenden Pfannkuchens im Internet.<br \/>Die ersten Ber\u00fchrungspunkte mit der plattdeutschen Sprache hatte Helena \u00fcber ihren Opa und den Uropa. \u201eMit meinem Opa habe ich ab und an mal Geschichten auf Platt gelesen. Und mein Uropa meinte mal: Wenn du platt kannst, kannst du sp\u00e4ter auch Englisch.\u201c An der Schule sorgt Helenas Klassenlehrerin Manuela Piotrowski als Plattdeutsch-Beauftragte daf\u00fcr, dass die Tradition aufrechterhalten wird. Sie f\u00fchrt den Plattdeutschen Lesewettbewerb seit vielen Jahren an ihrer Schule durch. \u201eAuch wenn der Wettbewerb in diesem Jahr \u00fcberwiegend digital stattfand, war er im Lockdown eine willkommene Abwechslung\u201c, berichtet die Lehrerin.<br \/><b>Grundschule erhielt<br \/>Pr\u00e4mie von 150 Euro<\/b><br \/>Als Preis erhielt Helena von der Nieders\u00e4chsischen Sparkassenstiftung ein Preisgeld in H\u00f6he von 50 Euro und ein Geschenk der Sparkasse Harburg-Buxtehude sowie die Grundschule Tostedt eine Schulpr\u00e4mie von 150 Euro.<br \/>Niedersachsenweit beteiligten sich 93 Grundschulen und 47 weiterf\u00fchrende Schulen, darunter erstmals auch drei Berufsbildende Schulen, die 277 Lesebeitr\u00e4ge einsendeten. Im Landkreis Harburg nahmen sechs Schulen mit 30 Kindern und Jugendlichen an der digitalen Version des Lesewettbewerbs teil. \u201eDas sind nat\u00fcrlich im Vergleich zu den Vorjahren, in denen wir bis zu 130 Teilnehmer hatten, deutlich weniger\u201c, sagt Wiebke Erdtmann, die den Lesewettbewerb seit vielen Jahren begleitet. Sie zieht dennoch ein positives Fazit: \u201eIch freue mich sehr, dass trotz Corona und den au\u00dfergew\u00f6hnlichen Belastungen f\u00fcr alle Sch\u00fcler, Lehrer und Eltern noch Platz f\u00fcr Plattdeutsch in den Schulen war.\u201c Neben den engagierten Lehrern, die den Wettbewerb an ihrer Schule organisierten, trugen zahlreiche ehrenamtliche Helfer in den Jurys oder beim Lesen \u00fcben mit den Sch\u00fclern zum Gelingen des Wettbewerbs bei.<br \/><b>Traditionen werden<br \/>gehegt und gepflegt<\/b><br \/>Tim Beckmann, stellvertretender Leiter des Beratungscenters der Sparkasse Harburg-Buxtehude, ist begeistert, dass die junge Gewinnerin aus Tostedt kommt. \u201eBei uns in Tostedt werden Traditionen, so wie die plattdeutsche Sprache, von Jung und Alt gelebt und gepflegt. Helena ist daf\u00fcr ein gro\u00dfartiges Beispiel, ich freue mich sehr f\u00fcr sie. Aber auch das Engagement der Grundschule ist vorbildlich und best\u00e4tigt uns darin, uns f\u00fcr den Plattdeutschen Lesewettbewerb zu engagieren.\u201c<\/p>\n<div id=\"traffective-ad-Content_1\" class=\"Content_1 hide-for-small-only margin-bottom trf-center-container trf-declaration-container\" data-google-query-id=\"CN2X2POblf0CFYSe_QcdxDwD8Q\">\u00a0<\/div>\n","protected":false},"excerpt":{"rendered":"<p>bim\/nw. Tostedt.\u00a0Plattdeutsch liegt auch bei jungen Leuten voll im Trend: Das beweist die Beteiligung von 2.000 Sch\u00fclerinnen und Sch\u00fclern aus ganz Niedersachsen am Plattdeutschen Lesewettbewerb, der k\u00fcrzlich mit dem Landesentscheid seinen Abschluss fand. Helena Frey aus der vierten Klasse der &hellip; <a href=\"https:\/\/wordpress.nibis.de\/gstostedt\/tostedter-grundschuelerin-siegt-mit-reisendem-pannkoken\/\">Weiterlesen <span class=\"meta-nav\">&rarr;<\/span><\/a><\/p>\n","protected":false},"author":9192536,"featured_media":0,"parent":0,"menu_order":0,"comment_status":"closed","ping_status":"closed","template":"","meta":{"footnotes":""},"class_list":["post-2016","page","type-page","status-publish","hentry"],"_links":{"self":[{"href":"https:\/\/wordpress.nibis.de\/gstostedt\/wp-json\/wp\/v2\/pages\/2016","targetHints":{"allow":["GET"]}}],"collection":[{"href":"https:\/\/wordpress.nibis.de\/gstostedt\/wp-json\/wp\/v2\/pages"}],"about":[{"href":"https:\/\/wordpress.nibis.de\/gstostedt\/wp-json\/wp\/v2\/types\/page"}],"author":[{"embeddable":true,"href":"https:\/\/wordpress.nibis.de\/gstostedt\/wp-json\/wp\/v2\/users\/9192536"}],"replies":[{"embeddable":true,"href":"https:\/\/wordpress.nibis.de\/gstostedt\/wp-json\/wp\/v2\/comments?post=2016"}],"version-history":[{"count":1,"href":"https:\/\/wordpress.nibis.de\/gstostedt\/wp-json\/wp\/v2\/pages\/2016\/revisions"}],"predecessor-version":[{"id":2018,"href":"https:\/\/wordpress.nibis.de\/gstostedt\/wp-json\/wp\/v2\/pages\/2016\/revisions\/2018"}],"wp:attachment":[{"href":"https:\/\/wordpress.nibis.de\/gstostedt\/wp-json\/wp\/v2\/media?parent=2016"}],"curies":[{"name":"wp","href":"https:\/\/api.w.org\/{rel}","templated":true}]}}