{"id":5,"date":"2018-01-20T21:36:59","date_gmt":"2018-01-20T20:36:59","guid":{"rendered":"http:\/\/wordpress.nibis.de\/gstostedt\/?page_id=5"},"modified":"2024-10-15T18:09:59","modified_gmt":"2024-10-15T16:09:59","slug":"impressum","status":"publish","type":"page","link":"https:\/\/wordpress.nibis.de\/gstostedt\/impressum\/","title":{"rendered":"Impressum"},"content":{"rendered":"\n<p>Dienstanbieter der Homepage der Grundschule Tostedt ist das Bundesland Niedersachsen, vertreten durch das Regionale Landesamt f\u00fcr Schule und Bildung, Regionalabteilung L\u00fcneburg, Auf der Hude 2, 21311 L\u00fcneburg (Dienstanbieter im Sinne des Telemediengesetzes).<\/p>\n\n\n\n<p>Das Land Niedersachsen ist eine juristische Person des \u00f6ffentlichen Rechts vertreten durch<\/p>\n\n\n\n<p><strong>Schulleitung<\/strong><\/p>\n\n\n\n<p>Gudrun Brinkmann, Schulleiterin<\/p>\n\n\n\n<p>Ekaterina Schrader, Konrektorin<\/p>\n\n\n\n<p><strong>Grundschule Tostedt<\/strong><\/p>\n\n\n\n<p>Poststra\u00dfe 16b<\/p>\n\n\n\n<p>21255 Tostedt<\/p>\n\n\n\n<p>Tel.: 04182\/28949-0<\/p>\n\n\n\n<p>Fax: 04182\/28494-16<\/p>\n\n\n\n<p>E-Mail: &#x73;&#x65;&#x6b;&#x72;&#101;&#116;&#97;ri&#x61;&#x74;&#x40;&#x67;&#x73;&#45;&#116;&#111;st&#x65;&#x64;&#x74;&#x2e;&#x6e;&#101;&#116;<\/p>\n\n\n\n<p>Datenschutz: <a href=\"&#x6d;&#x61;&#x69;&#108;&#116;&#111;:d&#x61;&#x74;&#x65;&#x6e;&#115;&#99;hu&#x74;&#x7a;&#x40;&#x67;&#115;&#45;to&#x73;&#x74;&#x65;&#x64;&#116;&#46;&#110;et\">date&#110;&#115;&#99;&#104;&#117;&#x74;&#x7a;&#x40;&#x67;&#x73;&#x2d;&#x74;oste&#100;&#116;&#46;&#110;&#101;&#x74;<\/a><\/p>\n\n\n\n<p><strong>Schultr\u00e4ger<\/strong><\/p>\n\n\n\n<p><em><a href=\"https:\/\/www.tostedt.de\/portal\/www.tostedt.de\">Samtgemeinde Tostedt<\/a>&nbsp;<\/em><a href=\"https:\/\/www.tostedt.de\/downloads\/visitenkarte\/kommune\/samtgemeinde-tostedt-20240-0.vcf\"><em><\/em><\/a><em><br>Sch\u00fctzenstra\u00dfe 24<br>21255&nbsp;Tostedt<br>Telefon:&nbsp;04182 298-0<br>Telefax:&nbsp;04182 298-108<br>E-Mail:&nbsp;<a href=\"mail&#116;&#111;&#58;&#105;&#110;&#x66;&#x6f;&#x40;&#x74;&#x6f;&#x73;&#x74;edt&#46;&#100;&#101;\">&#x69;&#110;&#102;&#x6f;&#x40;&#116;&#111;&#x73;&#x74;&#101;&#100;&#x74;&#x2e;&#100;&#101;<\/a><\/em><\/p>\n\n\n\n<p><em>Homepage:&nbsp;<a href=\"https:\/\/www.tostedt.de\/portal\/www.tostedt.de\">ww\u00adw.tos\u00adtedt.de<\/a><\/em><\/p>\n\n\n\n<p><strong>Verantwortlich f\u00fcr redaktionell-journalistische Angebote im Sinne des \u00a755 Abs. 2<\/strong><\/p>\n\n\n\n<p><strong>Rundfunkstaatsvertrag:<\/strong><\/p>\n\n\n\n<p>Gudrun Brinkmann<\/p>\n\n\n\n<p>Grundschule Tostedt<\/p>\n\n\n\n<p>Poststra\u00dfe 16b<\/p>\n\n\n\n<p>21255 Tostedt<\/p>\n\n\n\n<p>Tel.: 04281\/28494-0<\/p>\n\n\n\n<p>Das Autorenteam besteht aus den Personen <em>Frau G. Brinkmann und Frau E. Schrader.<\/em><\/p>\n\n\n\n<p>Das Design und die Wartung \u00fcbernehmen <em>Frau G. Brinkmann, Frau E. Schrader und Herr D. Plewa.<\/em><\/p>\n\n\n\n<p><strong>Haftungsausschluss<\/strong><\/p>\n\n\n\n<ol class=\"wp-block-list\" type=\"1\"><li>Inhalte des Onlineangebotes<\/li><\/ol>\n\n\n\n<p>Durch die Autoren wird keine Gew\u00e4hr \u00fcber die Aktualit\u00e4t, Korrektheit, Vollst\u00e4ndigkeit oder Qualit\u00e4t der bereitgestellten Informationen und Beitr\u00e4ge \u00fcbernommen. Anspr\u00fcche auf Haftung f\u00fcr materielle oder ideelle Sch\u00e4den, die durch Nutzung oder Nichtnutzung der dargebotenen Informationen bzw. Beitr\u00e4ge entstehen bzw. durch fehlerhafte oder unvollst\u00e4ndige Informationen verursacht werden, sind grunds\u00e4tzlich wenn sie nicht auf grob fahrl\u00e4ssigem Verschulden des Autors beruhen, ausgeschlossen.<\/p>\n\n\n\n<p>Die angebotenen Inhalte sind freibleibend und unverbindlich. Der Autor beh\u00e4lt sich vor, Informationen und Beitr\u00e4ge sowie Teile der Seiten oder auch das komplette Angebot ohne Ank\u00fcndigung zu \u00e4ndern, zu erg\u00e4nzen, zu l\u00f6schen oder die Ver\u00f6ffentlichung einzustellen.<\/p>\n\n\n\n<ul class=\"wp-block-list\"><li>Verweise und Links<\/li><\/ul>\n\n\n\n<p>Diese Webseite beinhaltet u.U. externe Links und Hyperlinks, die au\u00dferhalb des Verantwortungsbereichs des Autors liegen. Deren Inhalte entziehen sich unserer Einflussnahme, sodass eine Gew\u00e4hr f\u00fcr solche Inhalte von uns nicht \u00fcbernommen werden kann. Die Verantwortung hierf\u00fcr liegt stets beim jeweiligen Betreiber der externen Seiten. Zum Zeitpunkt der Verkn\u00fcpfung der externen Links waren keine Rechtsverst\u00f6\u00dfe bzgl. Gestaltung, Inhalten und Urheberrecht ersichtlich. Die permanente \u00dcberwachung fremder Inhalte auf Rechtsverst\u00f6\u00dfe ohne konkrete Hinweise ist uns nicht zumutbar. Sollte der Autor Kenntnisse von Rechtsverletzungen erlangen, werden die entsprechenden externen Links unverz\u00fcglich entfernt und es wird sofern technisch m\u00f6glich darauf Einfluss genommen.<\/p>\n\n\n\n<p>Der Autor distanziert sich ausdr\u00fccklich von nach der Linksetzung get\u00e4tigten Ver\u00e4nderungen der gelinkten \/ verkn\u00fcpften Seiten. Dies gilt f\u00fcr alle innerhalb des eigenen Internetangebots gesetzten Links und Verweise sowie f\u00fcr Fremdbeitr\u00e4ge in etwaigen G\u00e4steb\u00fcchern, Diskussionsforen oder Mailinglisten. F\u00fcr illegale, unvollst\u00e4ndige bzw. unvollst\u00e4ndige Inhalte und f\u00fcr etwaige Sch\u00e4den, die aus der Nutzung oder Nichtnutzung dieser Inhalte entstehen, haftet allein der Anbieter der Seite, auf die verwiesen wurde, nicht derjenige, der die Links erstellt hat.<\/p>\n\n\n\n<ul class=\"wp-block-list\"><li>Urheber- und Kennzeichenrecht<\/li><\/ul>\n\n\n\n<p>Die Autoren sind darum bestrebt, in allen Ver\u00f6ffentlichungen und Beitr\u00e4gen (Grafiken, Tondokumente, Videosequenzen und Texte) die aktuell geltenden Urheberrechte und die Datenschutzgrundverordnung zu beachten. Sie sind darum bem\u00fcht, selbst erstellte Ver\u00f6ffentlichungen und Beitr\u00e4ge zu nutzen oder aber auf lizenzfreie Grafiken, Tondokumente, Videosequenzen und Texte zur\u00fcckzugreifen.<\/p>\n\n\n\n<p>Alle innerhalb des Internetauftritts genannten und \/ oder durch Dritte gesch\u00fctzte Marken- und Warenzeichen unterliegen uneingeschr\u00e4nkt den Bestimmungen des jeweils g\u00fcltigen Kennzeichenrechts und den Besitzrechten der jeweiligen eingetragenen Eigent\u00fcmer. Allein aufgrund der Nennung ist nicht der Schluss zu ziehen, dass Markenzeichen nicht durch Rechte Dritter gesch\u00fctzt sind.<\/p>\n\n\n\n<p>Das Copyright f\u00fcr durch die Autoren selbst erstellte Ver\u00f6ffentlichungen und Objekte bleibt allein beim Autor der Seiten. Die Vervielf\u00e4ltigung bzw. Verwendung solcher Objekte und Ver\u00f6ffentlichungen (Grafiken, Tondokumente, Videosequenzen und Texte) in anderen gedruckten oder elektrischen Publikationen ist nicht zul\u00e4ssig, es sei denn der Autor hat dem ausdr\u00fccklich in schriftlicher Form zugestimmt.<\/p>\n\n\n\n<ul class=\"wp-block-list\"><li>Datenschutz<\/li><\/ul>\n\n\n\n<p>Die M\u00f6glichkeit zur Eingabe pers\u00f6nlicher oder gesch\u00e4ftlicher Daten (Namen, E-Mail-Adressen, Adressen) erfolgt durch den Nutzer auf freiwilliger Basis. Die Nutzung der pers\u00f6nlichen oder gesch\u00e4ftlichen Daten (auch die innerhalb des Impressums genannten) durch Dritte zur \u00dcbersendung nicht ausdr\u00fccklich angeforderter Informationen ist nicht gestattet.<\/p>\n\n\n\n<p>Zugrunde liegen die aktuell g\u00fcltigen Datenschutzgrundverordnungen der EU, der Bundesrepublik Deutschland, des Landes Niedersachsens und des Landesamtes f\u00fcr Schule und Bildung.<\/p>\n\n\n\n<ul class=\"wp-block-list\"><li>Rechtswirksamkeit<\/li><\/ul>\n\n\n\n<p>Dieser Haftungsausschluss ist Teil des Internetangebots, von dem aus auf dieser Seite verwiesen wurde. Wenn Teile oder Formulierungen dieses Textes der geltenden Rechtslage nicht, nicht mehr oder nicht vollst\u00e4ndig entsprechen, bleiben die \u00fcbrigen Teile des Haftungsausschlusses in ihrem Inhalt und ihrer G\u00fcltigkeit davon unber\u00fchrt.<\/p>\n\n\n\n<p>Tostedt, 24.09.2024<\/p>\n\n\n\n<p><br><\/p>\n\n\n\n<p><\/p>\n\n\n\n<p><\/p>\n\n\n\n<p><\/p>\n\n\n\n<p>.<\/p>\n\n\n\n<p><br><\/p>\n\n\n\n<p><\/p>\n\n\n\n<p><\/p>\n\n\n\n<p><\/p>\n\n\n\n<p>.<\/p>\n\n\n","protected":false},"excerpt":{"rendered":"<p>Dienstanbieter der Homepage der Grundschule Tostedt ist das Bundesland Niedersachsen, vertreten durch das Regionale Landesamt f\u00fcr Schule und Bildung, Regionalabteilung L\u00fcneburg, Auf der Hude 2, 21311 L\u00fcneburg (Dienstanbieter im Sinne des Telemediengesetzes). Das Land Niedersachsen ist eine juristische Person des &hellip; <a href=\"https:\/\/wordpress.nibis.de\/gstostedt\/impressum\/\">Weiterlesen <span class=\"meta-nav\">&rarr;<\/span><\/a><\/p>\n","protected":false},"author":1430,"featured_media":630,"parent":0,"menu_order":10,"comment_status":"closed","ping_status":"closed","template":"","meta":{"footnotes":""},"class_list":["post-5","page","type-page","status-publish","has-post-thumbnail","hentry"],"_links":{"self":[{"href":"https:\/\/wordpress.nibis.de\/gstostedt\/wp-json\/wp\/v2\/pages\/5","targetHints":{"allow":["GET"]}}],"collection":[{"href":"https:\/\/wordpress.nibis.de\/gstostedt\/wp-json\/wp\/v2\/pages"}],"about":[{"href":"https:\/\/wordpress.nibis.de\/gstostedt\/wp-json\/wp\/v2\/types\/page"}],"author":[{"embeddable":true,"href":"https:\/\/wordpress.nibis.de\/gstostedt\/wp-json\/wp\/v2\/users\/1430"}],"replies":[{"embeddable":true,"href":"https:\/\/wordpress.nibis.de\/gstostedt\/wp-json\/wp\/v2\/comments?post=5"}],"version-history":[{"count":9,"href":"https:\/\/wordpress.nibis.de\/gstostedt\/wp-json\/wp\/v2\/pages\/5\/revisions"}],"predecessor-version":[{"id":2235,"href":"https:\/\/wordpress.nibis.de\/gstostedt\/wp-json\/wp\/v2\/pages\/5\/revisions\/2235"}],"wp:featuredmedia":[{"embeddable":true,"href":"https:\/\/wordpress.nibis.de\/gstostedt\/wp-json\/wp\/v2\/media\/630"}],"wp:attachment":[{"href":"https:\/\/wordpress.nibis.de\/gstostedt\/wp-json\/wp\/v2\/media?parent=5"}],"curies":[{"name":"wp","href":"https:\/\/api.w.org\/{rel}","templated":true}]}}

<p>Dienstanbieter der Homepage der Grundschule Tostedt ist das Bundesland Niedersachsen, vertreten durch das Regionale Landesamt für Schule und Bildung, Regionalabteilung Lüneburg, Auf der Hude 2, 21311 Lüneburg (Dienstanbieter im Sinne des Telemediengesetzes).</p>



<p>Das Land Niedersachsen ist eine juristische Person des öffentlichen Rechts vertreten durch</p>



<p><strong>Schulleitung</strong></p>



<p>Gudrun Brinkmann, Schulleiterin</p>



<p>Ekaterina Schrader, Konrektorin</p>



<p><strong>Grundschule Tostedt</strong></p>



<p>Poststraße 16b</p>



<p>21255 Tostedt</p>



<p>Tel.: 04182/28949-0</p>



<p>Fax: 04182/28494-16</p>



<p>E-Mail: &#x73;&#x65;&#x6b;&#x72;&#101;&#116;&#97;ri&#x61;&#x74;&#x40;&#x67;&#x73;&#45;&#116;&#111;st&#x65;&#x64;&#x74;&#x2e;&#x6e;&#101;&#116;</p>



<p>Datenschutz: <a href="&#x6d;&#x61;&#x69;&#108;&#116;&#111;:d&#x61;&#x74;&#x65;&#x6e;&#115;&#99;hu&#x74;&#x7a;&#x40;&#x67;&#115;&#45;to&#x73;&#x74;&#x65;&#x64;&#116;&#46;&#110;et">date&#110;&#115;&#99;&#104;&#117;&#x74;&#x7a;&#x40;&#x67;&#x73;&#x2d;&#x74;oste&#100;&#116;&#46;&#110;&#101;&#x74;</a></p>



<p><strong>Schulträger</strong></p>



<p><em><a href="https://www.tostedt.de/portal/www.tostedt.de">Samtgemeinde Tostedt</a>&nbsp;</em><a href="https://www.tostedt.de/downloads/visitenkarte/kommune/samtgemeinde-tostedt-20240-0.vcf"><em></em></a><em><br>Schützenstraße 24<br>21255&nbsp;Tostedt<br>Telefon:&nbsp;04182 298-0<br>Telefax:&nbsp;04182 298-108<br>E-Mail:&nbsp;<a href="mail&#116;&#111;&#58;&#105;&#110;&#x66;&#x6f;&#x40;&#x74;&#x6f;&#x73;&#x74;edt&#46;&#100;&#101;">&#x69;&#110;&#102;&#x6f;&#x40;&#116;&#111;&#x73;&#x74;&#101;&#100;&#x74;&#x2e;&#100;&#101;</a></em></p>



<p><em>Homepage:&nbsp;<a href="https://www.tostedt.de/portal/www.tostedt.de">ww­w.tos­tedt.de</a></em></p>



<p><strong>Verantwortlich für redaktionell-journalistische Angebote im Sinne des §55 Abs. 2</strong></p>



<p><strong>Rundfunkstaatsvertrag:</strong></p>



<p>Gudrun Brinkmann</p>



<p>Grundschule Tostedt</p>



<p>Poststraße 16b</p>



<p>21255 Tostedt</p>



<p>Tel.: 04281/28494-0</p>



<p>Das Autorenteam besteht aus den Personen <em>Frau G. Brinkmann und Frau E. Schrader.</em></p>



<p>Das Design und die Wartung übernehmen <em>Frau G. Brinkmann, Frau E. Schrader und Herr D. Plewa.</em></p>



<p><strong>Haftungsausschluss</strong></p>



<ol class="wp-block-list" type="1"><li>Inhalte des Onlineangebotes</li></ol>



<p>Durch die Autoren wird keine Gewähr über die Aktualität, Korrektheit, Vollständigkeit oder Qualität der bereitgestellten Informationen und Beiträge übernommen. Ansprüche auf Haftung für materielle oder ideelle Schäden, die durch Nutzung oder Nichtnutzung der dargebotenen Informationen bzw. Beiträge entstehen bzw. durch fehlerhafte oder unvollständige Informationen verursacht werden, sind grundsätzlich wenn sie nicht auf grob fahrlässigem Verschulden des Autors beruhen, ausgeschlossen.</p>



<p>Die angebotenen Inhalte sind freibleibend und unverbindlich. Der Autor behält sich vor, Informationen und Beiträge sowie Teile der Seiten oder auch das komplette Angebot ohne Ankündigung zu ändern, zu ergänzen, zu löschen oder die Veröffentlichung einzustellen.</p>



<ul class="wp-block-list"><li>Verweise und Links</li></ul>



<p>Diese Webseite beinhaltet u.U. externe Links und Hyperlinks, die außerhalb des Verantwortungsbereichs des Autors liegen. Deren Inhalte entziehen sich unserer Einflussnahme, sodass eine Gewähr für solche Inhalte von uns nicht übernommen werden kann. Die Verantwortung hierfür liegt stets beim jeweiligen Betreiber der externen Seiten. Zum Zeitpunkt der Verknüpfung der externen Links waren keine Rechtsverstöße bzgl. Gestaltung, Inhalten und Urheberrecht ersichtlich. Die permanente Überwachung fremder Inhalte auf Rechtsverstöße ohne konkrete Hinweise ist uns nicht zumutbar. Sollte der Autor Kenntnisse von Rechtsverletzungen erlangen, werden die entsprechenden externen Links unverzüglich entfernt und es wird sofern technisch möglich darauf Einfluss genommen.</p>



<p>Der Autor distanziert sich ausdrücklich von nach der Linksetzung getätigten Veränderungen der gelinkten / verknüpften Seiten. Dies gilt für alle innerhalb des eigenen Internetangebots gesetzten Links und Verweise sowie für Fremdbeiträge in etwaigen Gästebüchern, Diskussionsforen oder Mailinglisten. Für illegale, unvollständige bzw. unvollständige Inhalte und für etwaige Schäden, die aus der Nutzung oder Nichtnutzung dieser Inhalte entstehen, haftet allein der Anbieter der Seite, auf die verwiesen wurde, nicht derjenige, der die Links erstellt hat.</p>



<ul class="wp-block-list"><li>Urheber- und Kennzeichenrecht</li></ul>



<p>Die Autoren sind darum bestrebt, in allen Veröffentlichungen und Beiträgen (Grafiken, Tondokumente, Videosequenzen und Texte) die aktuell geltenden Urheberrechte und die Datenschutzgrundverordnung zu beachten. Sie sind darum bemüht, selbst erstellte Veröffentlichungen und Beiträge zu nutzen oder aber auf lizenzfreie Grafiken, Tondokumente, Videosequenzen und Texte zurückzugreifen.</p>



<p>Alle innerhalb des Internetauftritts genannten und / oder durch Dritte geschützte Marken- und Warenzeichen unterliegen uneingeschränkt den Bestimmungen des jeweils gültigen Kennzeichenrechts und den Besitzrechten der jeweiligen eingetragenen Eigentümer. Allein aufgrund der Nennung ist nicht der Schluss zu ziehen, dass Markenzeichen nicht durch Rechte Dritter geschützt sind.</p>



<p>Das Copyright für durch die Autoren selbst erstellte Veröffentlichungen und Objekte bleibt allein beim Autor der Seiten. Die Vervielfältigung bzw. Verwendung solcher Objekte und Veröffentlichungen (Grafiken, Tondokumente, Videosequenzen und Texte) in anderen gedruckten oder elektrischen Publikationen ist nicht zulässig, es sei denn der Autor hat dem ausdrücklich in schriftlicher Form zugestimmt.</p>



<ul class="wp-block-list"><li>Datenschutz</li></ul>



<p>Die Möglichkeit zur Eingabe persönlicher oder geschäftlicher Daten (Namen, E-Mail-Adressen, Adressen) erfolgt durch den Nutzer auf freiwilliger Basis. Die Nutzung der persönlichen oder geschäftlichen Daten (auch die innerhalb des Impressums genannten) durch Dritte zur Übersendung nicht ausdrücklich angeforderter Informationen ist nicht gestattet.</p>



<p>Zugrunde liegen die aktuell gültigen Datenschutzgrundverordnungen der EU, der Bundesrepublik Deutschland, des Landes Niedersachsens und des Landesamtes für Schule und Bildung.</p>



<ul class="wp-block-list"><li>Rechtswirksamkeit</li></ul>



<p>Dieser Haftungsausschluss ist Teil des Internetangebots, von dem aus auf dieser Seite verwiesen wurde. Wenn Teile oder Formulierungen dieses Textes der geltenden Rechtslage nicht, nicht mehr oder nicht vollständig entsprechen, bleiben die übrigen Teile des Haftungsausschlusses in ihrem Inhalt und ihrer Gültigkeit davon unberührt.</p>



<p>Tostedt, 24.09.2024</p>



<p><br></p>



<p></p>



<p></p>



<p></p>



<p>.</p>



<p><br></p>



<p></p>



<p></p>



<p></p>



<p>.</p>

<p>Dienstanbieter der Homepage der Grundschule Tostedt ist das Bundesland Niedersachsen, vertreten durch das Regionale Landesamt für Schule und Bildung, Regionalabteilung Lüneburg, Auf der Hude 2, 21311 Lüneburg (Dienstanbieter im Sinne des Telemediengesetzes). Das Land Niedersachsen ist eine juristische Person des &hellip; <a href="https://wordpress.nibis.de/gstostedt/impressum/">Weiterlesen <span class="meta-nav">&rarr;</span></a></p>
