{"id":505,"date":"2019-03-08T11:02:40","date_gmt":"2019-03-08T10:02:40","guid":{"rendered":"https:\/\/wordpress.nibis.de\/gstostedt\/?page_id=505"},"modified":"2022-11-08T11:18:55","modified_gmt":"2022-11-08T10:18:55","slug":"datenverarbeitung","status":"publish","type":"page","link":"https:\/\/wordpress.nibis.de\/gstostedt\/datenverarbeitung\/","title":{"rendered":"Datenverarbeitung"},"content":{"rendered":"\n<p><strong>Informationsblatt gem\u00e4\u00df\nArt. 13 ff. Datenschutzgrundverordnung (DSGVO)<\/strong><\/p>\n\n\n\n<p>Sehr\ngeehrte Eltern, sehr geehrte Erziehungsberechtigte,<\/p>\n\n\n\n<p>hiermit\ninformieren wir Sie \u00fcber die Verarbeitung personenbezogener Daten in unserer\nSchule.<\/p>\n\n\n\n<p><strong>I. Datenverarbeitung<\/strong><\/p>\n\n\n\n<p>Die Schule\nerhebt und speichert personenbezogene Daten der Sch\u00fclerinnen und Sch\u00fcler und\nder Erziehungsberechtigten zum Zwecke der <strong>Erf\u00fcllung\ndes Bildungsauftrags<\/strong> oder der <strong>F\u00fcrsorgeaufgaben<\/strong>,\nzur <strong>Erziehung<\/strong> oder <strong>F\u00f6rderung<\/strong> der Sch\u00fclerinnen und Sch\u00fcler\noder zur Erforschung oder Entwicklung der <strong>Schulqualit\u00e4t,<\/strong>\nsoweit dies erforderlich ist. Rechtsgrundlage dieser Verarbeitung ist \u00a7 31\nAbs.1 Satz 1 des Nieders\u00e4chsischen Schulgesetzes (NSchG). Ohne eine rechtliche\nGrundlage ist die Verarbeitung personenbezogener Daten zul\u00e4ssig, wenn in die\nVerarbeitung eingewilligt wird. Die betreffenden Daten k\u00f6nnen freiwillig von\nIhnen angegeben werden.<\/p>\n\n\n\n<p>Welche personenbezogenen Daten die Schule zu welchen Zwecken verarbeitet, k\u00f6nnen Sie dieser<a rel=\"noreferrer noopener\" href=\"https:\/\/wordpress.nibis.de\/gstostedt\/files\/2021\/09\/Tabelle.pdf\" target=\"_blank\"> <\/a><strong><a rel=\"noreferrer noopener\" href=\"https:\/\/wordpress.nibis.de\/gstostedt\/files\/2021\/09\/Tabelle.pdf\" target=\"_blank\">Tabelle<\/a> <\/strong>entnehmen.<\/p>\n\n\n\n<p><\/p>\n\n\n\n<p><strong>II. \u00dcbermittlungen personenbezogener Daten<\/strong><\/p>\n\n\n\n<p>Die Anschrift der\nSch\u00fclerin oder des Sch\u00fclers und der Erziehungsberechtigten wird an den Landkreis Harburg als Tr\u00e4ger der Sch\u00fclerbef\u00f6rderung und die\nunteren Gesundheitsbeh\u00f6rden zum Zwecke der Durchf\u00fchrung der\nSchuleingangsuntersuchung \u00fcbermittelt. Grundlage f\u00fcr diese \u00dcbermittlungen ist \u00a7\n31 Abs.1 S.2 NSchG.<\/p>\n\n\n\n<p>Gem\u00e4\u00df \u00a7 31 Abs. 2 NSchG\n\u00fcbermittelt die zust\u00e4ndige Meldebeh\u00f6rde den Grundschulen personenbezogene Daten\nder im jeweiligen Schulbezirk gemeldeten Kinder, deren Schulpflicht im\nfolgenden Jahr beginnt, sowie die Daten der gesetzlichen Vertreter. &nbsp;Dies geschieht auch, wenn die Kinder vor dem\nBeginn der Schulpflicht durch Umzug innerhalb der Gemeinde den Schulbezirk\nwechseln oder in die Gemeinde zuziehen. Die Schule erh\u00e4lt folgende Daten durch\ndie Meldebeh\u00f6rde \u00fcbermittelt:<\/p>\n\n\n\n<p>1. zum Kind <\/p>\n\n\n\n<p>a) Familienname, <\/p>\n\n\n\n<p>b) Vornamen unter Kennzeichnung des gebr\u00e4uchlichen Vornamens, <\/p>\n\n\n\n<p>c) Geburtsdatum und Geburtsort sowie bei Geburt im Ausland auch den Staat, <\/p>\n\n\n\n<p>d) Geschlecht, <\/p>\n\n\n\n<p>2. zu den gesetzlichen Vertreterinnen oder Vertretern <\/p>\n\n\n\n<p>a) Familienname, <\/p>\n\n\n\n<p>b) Vornamen, <\/p>\n\n\n\n<p>c) Anschrift, <\/p>\n\n\n\n<p>d) Auskunftssperren nach \u00a7 51 des Bundesmeldegesetzes und bedingte\nSperrvermerke nach \u00a7 52 des Bundesmeldegesetzes.<\/p>\n\n\n\n<p>Diese\nDaten werden von der abgebenden Schule an die aufnehmende Schule zum Zweck der\n\u00dcberwachung der Einhaltung der Schulpflicht \u00fcbermittelt, wenn eine\nschulpflichtige Sch\u00fclerin oder ein schulpflichtiger Sch\u00fcler die Schule innerhalb\nNiedersachsens wechselt. Weitere \u00dcbermittlungen sind der im Anhang beigef\u00fcgten\nTabelle zu entnehmen.<\/p>\n\n\n\n<p><strong>Auftragsverarbeitung<\/strong> <\/p>\n\n\n\n<p>Die Westermann-Gruppe verarbeitet auf Grundlage eines schriftlichen\nVertrages als Auftragsverarbeiter weisungsgebunden personenbezogene Daten in\nunserem Auftrag im Rahmen der Nutzung des Online-Dienstes Antolin.<\/p>\n\n\n\n<p>Die IST Deutschland GmbHverarbeitet auf Grundlage eines schriftlichen Vertrages als Auftragsverarbeiter weisungsgebunden personenbezogene Daten in unserem Auftrag zum Zwecke der Stundenplanerstellung im Rahmen der Nutzung des Programms Tabulex.<\/p>\n\n\n\n<p>Die Iserv GmbH verarbeitet auf Grundlage eines schriftlichen Vertrages als Auftragsverarbeiter weisungsgebunden personenbezogene Daten in unserem Auftrag zum Zwecke der Wartung des Schulservers Iserv.<\/p>\n\n\n\n<p>Die KLV-Schulsoftware verarbeitet auf Grundlage eines schriftlichen Vertrages als Auftragsverarbeiter weisungsgebunden personenbezogene Daten in unserem Auftrag zum Zwecke der Zeugniserstellung im Rahmen der Nutzung des Programms KLV.<\/p>\n\n\n\n<p>Die Datenbank Nieders\u00e4chsischer Schulen verarbeitet auf Grundlage eines schriftlichen Vertrages als Auftragsverarbeiter weisungsgebunden personenbezogene Daten in unserem Auftrag im Rahmen des Programms DaNiS.<\/p>\n\n\n\n<p><strong>III. Dauer der Speicherung der\npersonenbezogenen Daten<\/strong><\/p>\n\n\n\n<p>Im Schulbereich ist f\u00fcr\ndie Speicherdauer der Runderlass des Nieders\u00e4chsischen Kultusministeriums zur\n\u201eAufbewahrung von Schriftgut in \u00f6ffentlichen Schulen: L\u00f6schung\npersonenbezogener Daten nach \u00a7 17 Abs. 2 NDSG\u201c &nbsp;2.1.2012 (RdErl. d. MK v. 2.1.2012 &#8211;\n11-02201\/1, 05410\/1.2 (Nds.MBl. Nr.3\/2012 S.81; SVBl. 3\/2012 S.162) &#8211; VORIS\n22560 &#8211; Im Einvernehmen mit der StK und dem MI -) ma\u00dfgebend. <\/p>\n\n\n\n<p><strong>IV. Betroffenenrechte<\/strong><\/p>\n\n\n\n<p>Sie k\u00f6nnen\nfolgende Rechte geltend machen:<\/p>\n\n\n\n<ul class=\"wp-block-list\"><li><strong>Auskunft\/ Akteneinsicht<\/strong><\/li><\/ul>\n\n\n\n<p>Gem. Art. 15 DSGVO haben Sie das\nRecht, Auskunft bzw. Akteneinsicht \u00fcber die von uns verarbeiteten\npersonenbezogenen Daten zu erhalten<\/p>\n\n\n\n<ul class=\"wp-block-list\"><li><strong>Berichtigung<\/strong> <\/li><\/ul>\n\n\n\n<p>Sind bei uns gespeicherte\npersonenbezogene Daten unrichtig oder unvollst\u00e4ndig, haben Sie gem. Art. 16 DSGVO\ndas Recht, diese berichtigen bzw. vervollst\u00e4ndigen zu lassen. <\/p>\n\n\n\n<ul class=\"wp-block-list\"><li><strong>L\u00f6schung<\/strong> <\/li><\/ul>\n\n\n\n<p>Art. 17 DSGVO normiert das Recht auf\nL\u00f6schung personenbezogener Daten. Dieses Recht steht Ihnen insbesondere dann\nzu, wenn die Speicherung der personenbezogenen Daten zur Erf\u00fcllung unserer\ngesetzlichen Aufgaben nicht mehr erforderlich ist oder Sie Ihre Einwilligung\nzur Datenverarbeitung mit Wirkung f\u00fcr die Zukunft widerrufen haben.<\/p>\n\n\n\n<ul class=\"wp-block-list\"><li><strong>Einschr\u00e4nkung der Verarbeitung<\/strong> <\/li><\/ul>\n\n\n\n<p>Gem. Art. 18 DSGVO k\u00f6nnen Sie die\nEinschr\u00e4nkung der Verarbeitung der personenbezogenen Daten verlangen, wenn<\/p>\n\n\n\n<ul class=\"wp-block-list\"><li>die Richtigkeit der Daten von Ihnen bestritten wird <ul><li>die Verarbeitung unrechtm\u00e4\u00dfig ist, Sie aber deren L\u00f6schung ablehnen<\/li><\/ul><ul><li>wir die Daten nicht mehr ben\u00f6tigen, Sie jedoch diese zur Geltendmachung, Aus\u00fcbung oder Verteidigung von Rechtsanspr\u00fcchen ben\u00f6tigen<\/li><\/ul><ul><li>oder Sie gem\u00e4\u00df Art. 21 DSGVO Widerspruch gegen die Verarbeitung eingelegt haben<\/li><\/ul><\/li><\/ul>\n\n\n\n<ul class=\"wp-block-list\"><li><strong>Widerspruch<\/strong><\/li><\/ul>\n\n\n\n<p>Sie k\u00f6nnen bei Gr\u00fcnden, die sich aus\nIhrer besonderen Situation ergeben, ein Widerspruchsrecht geltend machen. Gem.\nArt. 21 DSGVO ist jedoch zu ber\u00fccksichtigten, ob schutzw\u00fcrdige Gr\u00fcnde f\u00fcr die\nVerarbeitung vorliegen oder die Verarbeitung der Geltendmachung, Aus\u00fcbung oder\nVerteidigung von Rechtsanspr\u00fcchen dient.<\/p>\n\n\n\n<ul class=\"wp-block-list\"><li><strong>Daten\u00fcbertragbarkeit<\/strong><\/li><\/ul>\n\n\n\n<p>Ist die Verarbeitung Ihrer Daten mit\nHilfe eines automatisierten Verfahrens erfolgt, haben Sie gem. Art. 20 DSGVO\ndas Recht, die Daten in einem g\u00e4ngigen und maschinenlesbaren Format zu erhalten\nund an eine andere Schule zu \u00fcbermitteln bzw. durch uns \u00fcbermitteln zu lassen.<\/p>\n\n\n\n<ul class=\"wp-block-list\"><li><strong>Widerruf der Einwilligung<\/strong><\/li><\/ul>\n\n\n\n<p>Sie haben gem. Art. 7 Absatz 3 DSGVO\ndas Recht, eine uns erteilte Einwilligung jederzeit mit Wirkung f\u00fcr die Zukunft\nzu widerrufen.<\/p>\n\n\n\n<ul class=\"wp-block-list\"><li><strong>Beschwerde<\/strong> <\/li><\/ul>\n\n\n\n<p>Art. 77 DSGVO enth\u00e4lt ein\nBeschwerderecht bei der Aufsichtsbeh\u00f6rde. Die f\u00fcr uns zust\u00e4ndige\nAufsichtsbeh\u00f6rde ist die Landesbeauftragte f\u00fcr den Datenschutz Niedersachsen,<\/p>\n\n\n\n<p>Prinzenstra\u00dfe 5, 30159 Hannover. E-Mail: <a href=\"mail&#116;&#111;&#58;&#112;&#111;&#x73;&#x74;&#x73;&#x74;&#x65;&#x6c;&#x6c;e&#64;lf&#100;&#46;&#110;&#105;&#101;&#x64;&#x65;&#x72;&#x73;&#x61;&#x63;&#x68;&#x73;en&#46;d&#101;\">pos&#116;&#115;&#116;&#101;&#x6c;&#x6c;&#x65;&#x40;&#x6c;&#x66;&#x64;&#46;ni&#101;&#100;&#101;&#114;&#115;&#x61;&#x63;&#x68;&#x73;&#x65;&#x6e;&#46;de<\/a>.<\/p>\n\n\n\n<p>Eine Beschwerde hat \u00fcber das auf der\nHomepage der Landesbeauftragten f\u00fcr den Datenschutz eingestellte\nBeschwerdeformular zu erfolgen.<\/p>\n\n\n\n<p><strong>V. Verantwortlicher und\nDatenschutzbeauftragter<\/strong><\/p>\n\n\n\n<p>Die datenverarbeitende Stelle ist die Grundschule Tostedt, Poststra\u00dfe 16b,\n21255 Tostedt. <\/p>\n\n\n\n<p>Unsere Datenschutzbeauftragte erreichen Sie unter der Emailadresse &#100;&#97;&#x74;e&#110;&#x73;&#x63;h&#117;&#x74;&#x7a;&#64;&#103;&#x73;&#x2d;t&#111;&#x73;&#x74;e&#100;&#x74;&#x2e;n&#101;&#x74;<\/p>\n","protected":false},"excerpt":{"rendered":"<p>Informationsblatt gem\u00e4\u00df Art. 13 ff. Datenschutzgrundverordnung (DSGVO) Sehr geehrte Eltern, sehr geehrte Erziehungsberechtigte, hiermit informieren wir Sie \u00fcber die Verarbeitung personenbezogener Daten in unserer Schule. I. Datenverarbeitung Die Schule erhebt und speichert personenbezogene Daten der Sch\u00fclerinnen und Sch\u00fcler und der &hellip; <a href=\"https:\/\/wordpress.nibis.de\/gstostedt\/datenverarbeitung\/\">Weiterlesen <span class=\"meta-nav\">&rarr;<\/span><\/a><\/p>\n","protected":false},"author":9192536,"featured_media":629,"parent":0,"menu_order":0,"comment_status":"closed","ping_status":"closed","template":"","meta":{"footnotes":""},"class_list":["post-505","page","type-page","status-publish","has-post-thumbnail","hentry"],"_links":{"self":[{"href":"https:\/\/wordpress.nibis.de\/gstostedt\/wp-json\/wp\/v2\/pages\/505","targetHints":{"allow":["GET"]}}],"collection":[{"href":"https:\/\/wordpress.nibis.de\/gstostedt\/wp-json\/wp\/v2\/pages"}],"about":[{"href":"https:\/\/wordpress.nibis.de\/gstostedt\/wp-json\/wp\/v2\/types\/page"}],"author":[{"embeddable":true,"href":"https:\/\/wordpress.nibis.de\/gstostedt\/wp-json\/wp\/v2\/users\/9192536"}],"replies":[{"embeddable":true,"href":"https:\/\/wordpress.nibis.de\/gstostedt\/wp-json\/wp\/v2\/comments?post=505"}],"version-history":[{"count":9,"href":"https:\/\/wordpress.nibis.de\/gstostedt\/wp-json\/wp\/v2\/pages\/505\/revisions"}],"predecessor-version":[{"id":1958,"href":"https:\/\/wordpress.nibis.de\/gstostedt\/wp-json\/wp\/v2\/pages\/505\/revisions\/1958"}],"wp:featuredmedia":[{"embeddable":true,"href":"https:\/\/wordpress.nibis.de\/gstostedt\/wp-json\/wp\/v2\/media\/629"}],"wp:attachment":[{"href":"https:\/\/wordpress.nibis.de\/gstostedt\/wp-json\/wp\/v2\/media?parent=505"}],"curies":[{"name":"wp","href":"https:\/\/api.w.org\/{rel}","templated":true}]}}