{"id":783,"date":"2019-06-21T18:20:42","date_gmt":"2019-06-21T16:20:42","guid":{"rendered":"https:\/\/wordpress.nibis.de\/gstostedt\/?page_id=783"},"modified":"2019-11-13T14:14:42","modified_gmt":"2019-11-13T13:14:42","slug":"ich-bin-on","status":"publish","type":"page","link":"https:\/\/wordpress.nibis.de\/gstostedt\/ich-bin-on\/","title":{"rendered":"Ich bin on&#8230;"},"content":{"rendered":"\n<p>Digitale Medien haben in\nunserem Alltag einen festen Platz. Die vielen technischen M\u00f6glichkeiten f\u00fchren\naber auch zu neuen Herausforderungen.<\/p>\n\n\n\n<p>Das erste Smartphone steht an oder ist schon seit l\u00e4ngerem in Gebrauch.\nIhr Kind ist schon ganz aufgeregt und freut sich riesig. Sie freuen sich\nnat\u00fcrlich mit&nbsp; \u2013 aber ein bisschen Unsicherheit ist auch dabei. Verst\u00e4ndlich,\ndenn Sie m\u00f6chten Ihrem Kind alle Unterst\u00fctzung f\u00fcr einen smarten und sicheren\nUmgang mit dieser neuen Welt geben.<br>\n<br>\n<strong>Aber\nwie machen Sie das eigentlich am besten? <\/strong><br>\nUnd was genau sollten Sie jetzt tun?<\/p>\n\n\n\n<ul class=\"wp-block-list\"><li>Wie ver\u00e4ndert ein Smartphone <strong>pl\u00f6tzlich<\/strong> die Welt meines Kindes?<\/li><li>Welche Herausforderungen stellen sich mit einem Smartphone?<\/li><li>Welche rechtlichen Anforderungen kommen auf mich zu?<\/li><li>Wie kann ich mit meinem Kind Regeln finden?<\/li><li>Wo kann ich mich weiter informieren?&nbsp;<\/li><\/ul>\n\n\n\n<p>Diese Fragen werden Ihnen auf einem Elternabend vor dem eigentlichen Projekt beantwortet.<\/p>\n\n\n\n<p>Am Projekttag selbst erlernen die Kinder den vern\u00fcnftigen Umgang mit digitalen Medien und werden \u00fcber Gefahren derselben aufgekl\u00e4rt.<\/p>\n\n\n\n<div class=\"wp-block-image\"><figure class=\"aligncenter is-resized\"><img loading=\"lazy\" decoding=\"async\" src=\"https:\/\/wordpress.nibis.de\/gstostedt\/files\/2019\/06\/media-998990_1280-1024x675.jpg\" alt=\"\" class=\"wp-image-786\" width=\"391\" height=\"257\" \/><\/figure><\/div>\n\n\n\n<p>Wir w\u00fcnschen uns einen verantwortungsvollen Umgang mit digitalen Medien!<\/p>\n","protected":false},"excerpt":{"rendered":"<p>Digitale Medien haben in unserem Alltag einen festen Platz. Die vielen technischen M\u00f6glichkeiten f\u00fchren aber auch zu neuen Herausforderungen. Das erste Smartphone steht an oder ist schon seit l\u00e4ngerem in Gebrauch. Ihr Kind ist schon ganz aufgeregt und freut sich &hellip; <a href=\"https:\/\/wordpress.nibis.de\/gstostedt\/ich-bin-on\/\">Weiterlesen <span class=\"meta-nav\">&rarr;<\/span><\/a><\/p>\n","protected":false},"author":9192536,"featured_media":786,"parent":0,"menu_order":0,"comment_status":"closed","ping_status":"closed","template":"","meta":{"footnotes":""},"class_list":["post-783","page","type-page","status-publish","has-post-thumbnail","hentry"],"_links":{"self":[{"href":"https:\/\/wordpress.nibis.de\/gstostedt\/wp-json\/wp\/v2\/pages\/783","targetHints":{"allow":["GET"]}}],"collection":[{"href":"https:\/\/wordpress.nibis.de\/gstostedt\/wp-json\/wp\/v2\/pages"}],"about":[{"href":"https:\/\/wordpress.nibis.de\/gstostedt\/wp-json\/wp\/v2\/types\/page"}],"author":[{"embeddable":true,"href":"https:\/\/wordpress.nibis.de\/gstostedt\/wp-json\/wp\/v2\/users\/9192536"}],"replies":[{"embeddable":true,"href":"https:\/\/wordpress.nibis.de\/gstostedt\/wp-json\/wp\/v2\/comments?post=783"}],"version-history":[{"count":3,"href":"https:\/\/wordpress.nibis.de\/gstostedt\/wp-json\/wp\/v2\/pages\/783\/revisions"}],"predecessor-version":[{"id":855,"href":"https:\/\/wordpress.nibis.de\/gstostedt\/wp-json\/wp\/v2\/pages\/783\/revisions\/855"}],"wp:featuredmedia":[{"embeddable":true,"href":"https:\/\/wordpress.nibis.de\/gstostedt\/wp-json\/wp\/v2\/media\/786"}],"wp:attachment":[{"href":"https:\/\/wordpress.nibis.de\/gstostedt\/wp-json\/wp\/v2\/media?parent=783"}],"curies":[{"name":"wp","href":"https:\/\/api.w.org\/{rel}","templated":true}]}}