{"id":1045,"date":"2025-12-17T19:30:45","date_gmt":"2025-12-17T18:30:45","guid":{"rendered":"https:\/\/wordpress.nibis.de\/gsuo\/?page_id=1045"},"modified":"2025-12-17T19:30:45","modified_gmt":"2025-12-17T18:30:45","slug":"begabtenfoerderung","status":"publish","type":"page","link":"https:\/\/wordpress.nibis.de\/gsuo\/begabtenfoerderung\/","title":{"rendered":"Begabtenf\u00f6rderung"},"content":{"rendered":"\n<figure class=\"wp-block-image size-full\"><img loading=\"lazy\" decoding=\"async\" width=\"881\" height=\"678\" src=\"https:\/\/wordpress.nibis.de\/gsuo\/files\/2024\/06\/KOV.jpg\" alt=\"\" class=\"wp-image-1048\" srcset=\"https:\/\/wordpress.nibis.de\/gsuo\/files\/2024\/06\/KOV.jpg 881w, https:\/\/wordpress.nibis.de\/gsuo\/files\/2024\/06\/KOV-183x141.jpg 183w, https:\/\/wordpress.nibis.de\/gsuo\/files\/2024\/06\/KOV-768x591.jpg 768w\" sizes=\"auto, (max-width: 881px) 100vw, 881px\" \/><\/figure>\n\n\n\n<p><\/p>\n\n\n\n<p><\/p>\n\n\n\n<p>Die Grundschule Utarp-Ochtersum ist Mitglied im Kooperationsverbund Wittmund. Der Kooperationsverbund Wittmund zur &#8222;F\u00f6rderung besonderer Begabungen&#8220; besteht seit 2004. <\/p>\n\n\n\n<p>Begabte Sch\u00fclerinnen und Sch\u00fcler k\u00f6nnen an verschiedenen Angeboten, Tag der Talente, Wochenendakademien und w\u00f6chentlichen Veranstaltungen am NiGE, der KGS Wittmund und ab dem Schuljahr  2024\/25 an der Grundschule Blomberg-Neuschoo, teilnehmen und somit gef\u00f6rdert werden. <\/p>\n\n\n\n<p><\/p>\n\n\n\n<p>Weitere Informationen entnehmen Sie bitte dem Konzept des Kooperationsverbundes:<\/p>\n\n\n\n<div data-wp-interactive=\"core\/file\" class=\"wp-block-file\"><object data-wp-bind--hidden=\"!state.hasPdfPreview\" hidden class=\"wp-block-file__embed\" data=\"https:\/\/wordpress.nibis.de\/gsuo\/files\/2024\/06\/Konzept-KOV-1.pdf\" type=\"application\/pdf\" style=\"width:100%;height:600px\" aria-label=\"Einbettung von Einbettung von Konzept-KOV-1..\"><\/object><a id=\"wp-block-file--media-9499844e-ca9a-412f-a15e-ba3b79ded115\" href=\"https:\/\/wordpress.nibis.de\/gsuo\/files\/2024\/06\/Konzept-KOV-1.pdf\">Konzept-KOV-1<\/a><a href=\"https:\/\/wordpress.nibis.de\/gsuo\/files\/2024\/06\/Konzept-KOV-1.pdf\" class=\"wp-block-file__button\" download aria-describedby=\"wp-block-file--media-9499844e-ca9a-412f-a15e-ba3b79ded115\">Herunterladen<\/a><\/div>\n","protected":false},"excerpt":{"rendered":"<p>Die Grundschule Utarp-Ochtersum ist Mitglied im Kooperationsverbund Wittmund. Der Kooperationsverbund Wittmund zur &#8222;F\u00f6rderung besonderer Begabungen&#8220; besteht seit 2004. Begabte Sch\u00fclerinnen und Sch\u00fcler k\u00f6nnen an verschiedenen Angeboten, Tag der Talente, Wochenendakademien und w\u00f6chentlichen Veranstaltungen am NiGE, der KGS Wittmund und ab dem Schuljahr 2024\/25 an der Grundschule Blomberg-Neuschoo, teilnehmen und somit gef\u00f6rdert werden. Weitere Informationen entnehmen [&hellip;]<\/p>\n","protected":false},"author":9193308,"featured_media":0,"parent":0,"menu_order":0,"comment_status":"closed","ping_status":"closed","template":"","meta":{"footnotes":""},"class_list":["post-1045","page","type-page","status-publish","hentry"],"_links":{"self":[{"href":"https:\/\/wordpress.nibis.de\/gsuo\/wp-json\/wp\/v2\/pages\/1045","targetHints":{"allow":["GET"]}}],"collection":[{"href":"https:\/\/wordpress.nibis.de\/gsuo\/wp-json\/wp\/v2\/pages"}],"about":[{"href":"https:\/\/wordpress.nibis.de\/gsuo\/wp-json\/wp\/v2\/types\/page"}],"author":[{"embeddable":true,"href":"https:\/\/wordpress.nibis.de\/gsuo\/wp-json\/wp\/v2\/users\/9193308"}],"replies":[{"embeddable":true,"href":"https:\/\/wordpress.nibis.de\/gsuo\/wp-json\/wp\/v2\/comments?post=1045"}],"version-history":[{"count":6,"href":"https:\/\/wordpress.nibis.de\/gsuo\/wp-json\/wp\/v2\/pages\/1045\/revisions"}],"predecessor-version":[{"id":1057,"href":"https:\/\/wordpress.nibis.de\/gsuo\/wp-json\/wp\/v2\/pages\/1045\/revisions\/1057"}],"wp:attachment":[{"href":"https:\/\/wordpress.nibis.de\/gsuo\/wp-json\/wp\/v2\/media?parent=1045"}],"curies":[{"name":"wp","href":"https:\/\/api.w.org\/{rel}","templated":true}]}}