{"id":258,"date":"2025-12-17T19:32:21","date_gmt":"2025-12-17T18:32:21","guid":{"rendered":"https:\/\/wordpress.nibis.de\/gsuo\/?page_id=258"},"modified":"2026-01-07T05:50:11","modified_gmt":"2026-01-07T04:50:11","slug":"unterrichtszeiten","status":"publish","type":"page","link":"https:\/\/wordpress.nibis.de\/gsuo\/unterrichtszeiten\/","title":{"rendered":"Unterrichtszeiten"},"content":{"rendered":"\n<div class=\"wp-block-group has-global-padding is-layout-constrained wp-block-group-is-layout-constrained\"><\/div>\n\n\n\n<p>An beiden Schulstandorten sind die Unterrichtszeiten identisch.<\/p>\n<p>Ab 7.30 Uhr sind die Geb\u00e4ude ge\u00f6ffnet. Die Sch\u00fcler k\u00f6nnen sich vor Unterrichtsbeginn mit Freiarbeitsmaterialien besch\u00e4ftigen oder miteinander spielen.\u00a0 \u00a0<\/p>\n\n\n\n<figure class=\"wp-block-table aligncenter\"><table><tbody><tr><td>1.Stunde<\/td><td>   7.45 &#8211; 8.40 Uhr<\/td><\/tr><tr><td>2. Stunde<\/td><td>   8.40 &#8211; 9.25 Uhr<\/td><\/tr><tr><td>Fr\u00fchst\u00fcck und Pause<\/td><td>   9.25 &#8211; 9.50 Uhr<\/td><\/tr><tr><td>3. Stunde<\/td><td>   9.50 &#8211; 10.35 Uhr<\/td><\/tr><tr><td>4. Stunde<\/td><td>10.35 &#8211; 11.20 Uhr<\/td><\/tr><tr><td>Pause<\/td><td>11.20 &#8211; 11.45 Uhr<\/td><\/tr><tr><td>5. Stunde<\/td><td>11.45 &#8211; 12.30 Uhr<\/td><\/tr><tr><td><em>Ganztag: Mittagessen<\/em><\/td><td><em>12.30 &#8211; 13.00 Uhr<\/em><\/td><\/tr><tr><td><em>Betreute  Lernzeit<\/em><\/td><td><em>13.30 &#8211; 14.00 Uhr<\/em><\/td><\/tr><tr><td>Ganztags &#8211;  <em>Angebot<\/em>e<\/td><td><em>14.00 &#8211; 15.15 Uhr<\/em><\/td><\/tr><\/tbody><\/table><\/figure>\n","protected":false},"excerpt":{"rendered":"<p>An beiden Schulstandorten sind die Unterrichtszeiten identisch. Ab 7.30 Uhr sind die Geb\u00e4ude ge\u00f6ffnet. Die Sch\u00fcler k\u00f6nnen sich vor Unterrichtsbeginn mit Freiarbeitsmaterialien besch\u00e4ftigen oder miteinander spielen.\u00a0 \u00a0 1.Stunde 7.45 &#8211; 8.40 Uhr 2. Stunde 8.40 &#8211; 9.25 Uhr Fr\u00fchst\u00fcck und Pause 9.25 &#8211; 9.50 Uhr 3. Stunde 9.50 &#8211; 10.35 Uhr 4. Stunde 10.35 &#8211; [&hellip;]<\/p>\n","protected":false},"author":9193308,"featured_media":0,"parent":0,"menu_order":0,"comment_status":"closed","ping_status":"closed","template":"","meta":{"footnotes":""},"class_list":["post-258","page","type-page","status-publish","hentry"],"_links":{"self":[{"href":"https:\/\/wordpress.nibis.de\/gsuo\/wp-json\/wp\/v2\/pages\/258","targetHints":{"allow":["GET"]}}],"collection":[{"href":"https:\/\/wordpress.nibis.de\/gsuo\/wp-json\/wp\/v2\/pages"}],"about":[{"href":"https:\/\/wordpress.nibis.de\/gsuo\/wp-json\/wp\/v2\/types\/page"}],"author":[{"embeddable":true,"href":"https:\/\/wordpress.nibis.de\/gsuo\/wp-json\/wp\/v2\/users\/9193308"}],"replies":[{"embeddable":true,"href":"https:\/\/wordpress.nibis.de\/gsuo\/wp-json\/wp\/v2\/comments?post=258"}],"version-history":[{"count":10,"href":"https:\/\/wordpress.nibis.de\/gsuo\/wp-json\/wp\/v2\/pages\/258\/revisions"}],"predecessor-version":[{"id":1664,"href":"https:\/\/wordpress.nibis.de\/gsuo\/wp-json\/wp\/v2\/pages\/258\/revisions\/1664"}],"wp:attachment":[{"href":"https:\/\/wordpress.nibis.de\/gsuo\/wp-json\/wp\/v2\/media?parent=258"}],"curies":[{"name":"wp","href":"https:\/\/api.w.org\/{rel}","templated":true}]}}