{"id":33,"date":"2020-12-20T07:15:52","date_gmt":"2020-12-20T06:15:52","guid":{"rendered":"https:\/\/wordpress.nibis.de\/gsuo\/?page_id=33"},"modified":"2021-01-14T06:38:49","modified_gmt":"2021-01-14T05:38:49","slug":"unsere-schule","status":"publish","type":"page","link":"https:\/\/wordpress.nibis.de\/gsuo\/unsere-schule\/","title":{"rendered":"Unsere Schule"},"content":{"rendered":"\n<p>Die Grundschule Utarp \u2013 Ochtersum besteht aus den beiden Schulstandorten Utarp und Ochtersum. Sie liegt in der \u201egr\u00fcnen Perle vorm Nordseestrand\u201c, der Samtgemeinde Holtriem in Ostfriesland, in einem l\u00e4ndlichen Einzugsgebiet.<\/p>\n<p>Die Jahrg\u00e4nge 1 und 2 haben t\u00e4glich 4 Stunden Unterricht. In der 5. Stunde findet an beiden Schulstandorten ein Betreuungsangebot statt. Die Jahrg\u00e4nge 3 und 4 haben t\u00e4glich 5 Stunden Unterricht.<\/p>\n<p>Unsere Schule ist eine \u201everl\u00e4ssliche Grundschule\u201c. Das bedeutet, dass ein Unterrichtsausfall zuverl\u00e4ssig von einer p\u00e4dagogischen Fachkraft vertreten wird.<\/p>\n<p>Des Weiteren sind wir eine \u201eoffenen Ganztagsschule\u201c, an der an vier Tagen ein Ganztagsangebot bis 15.30 Uhr erm\u00f6glicht wird. Der Ganztag wird ausschlie\u00dflich am Standort Utarp durchgef\u00fchrt. Die Sch\u00fcler des Schulstandortes Ochtersum werden kostenfrei mit dem Bus zum Standort Utarp bzw. wieder zur\u00fcck gefahren.<\/p>\n","protected":false},"excerpt":{"rendered":"<p>Die Grundschule Utarp \u2013 Ochtersum besteht aus den beiden Schulstandorten Utarp und Ochtersum. Sie liegt in der \u201egr\u00fcnen Perle vorm Nordseestrand\u201c, der Samtgemeinde Holtriem in Ostfriesland, in einem l\u00e4ndlichen Einzugsgebiet. Die Jahrg\u00e4nge 1 und 2 haben t\u00e4glich 4 Stunden Unterricht. In der 5. Stunde findet an beiden Schulstandorten ein Betreuungsangebot statt. Die Jahrg\u00e4nge 3 und [&hellip;]<\/p>\n","protected":false},"author":9193308,"featured_media":0,"parent":0,"menu_order":0,"comment_status":"closed","ping_status":"closed","template":"","meta":{"footnotes":""},"class_list":["post-33","page","type-page","status-publish","hentry"],"_links":{"self":[{"href":"https:\/\/wordpress.nibis.de\/gsuo\/wp-json\/wp\/v2\/pages\/33","targetHints":{"allow":["GET"]}}],"collection":[{"href":"https:\/\/wordpress.nibis.de\/gsuo\/wp-json\/wp\/v2\/pages"}],"about":[{"href":"https:\/\/wordpress.nibis.de\/gsuo\/wp-json\/wp\/v2\/types\/page"}],"author":[{"embeddable":true,"href":"https:\/\/wordpress.nibis.de\/gsuo\/wp-json\/wp\/v2\/users\/9193308"}],"replies":[{"embeddable":true,"href":"https:\/\/wordpress.nibis.de\/gsuo\/wp-json\/wp\/v2\/comments?post=33"}],"version-history":[{"count":6,"href":"https:\/\/wordpress.nibis.de\/gsuo\/wp-json\/wp\/v2\/pages\/33\/revisions"}],"predecessor-version":[{"id":286,"href":"https:\/\/wordpress.nibis.de\/gsuo\/wp-json\/wp\/v2\/pages\/33\/revisions\/286"}],"wp:attachment":[{"href":"https:\/\/wordpress.nibis.de\/gsuo\/wp-json\/wp\/v2\/media?parent=33"}],"curies":[{"name":"wp","href":"https:\/\/api.w.org\/{rel}","templated":true}]}}