{"id":393,"date":"2021-09-29T06:54:17","date_gmt":"2021-09-29T04:54:17","guid":{"rendered":"https:\/\/wordpress.nibis.de\/gsuo\/?page_id=393"},"modified":"2021-10-05T21:46:06","modified_gmt":"2021-10-05T19:46:06","slug":"schuljahr-2020-21","status":"publish","type":"page","link":"https:\/\/wordpress.nibis.de\/gsuo\/schuljahr-2020-21\/","title":{"rendered":"Schuljahr 2020\/21"},"content":{"rendered":"\n<p><\/p>\n\n\n\n<p>20. November 2020<\/p>\n\n\n\n<figure class=\"wp-block-image\"><img decoding=\"async\" src=\"https:\/\/wordpress.nibis.de\/gsuo\/files\/2021\/01\/Vorlesetag-1.jpg\" alt=\"\" \/><\/figure>\n\n\n\n<p>Am 20.November 2<strong>020 haben wir am Bundesweiten Vorlesetag teilgenomm<\/strong>en. Auf Grund der Corona-Pandemie mussten wir dieses Jahr leider auf die Unterst\u00fctzung von Vorlese-M\u00fctter und -Omas verzichten. Daher haben wir innerhalb der Klassenverb\u00e4nde B\u00fccher, Geschichten und Gedichte gelesen.\u00a0\u00a0<\/p>\n\n\n\n<p><\/p>\n\n\n\n<p><\/p>\n\n\n\n<p><\/p>\n\n\n\n<p>Dezember 2020<\/p>\n\n\n\n<figure class=\"wp-block-image size-large\"><img loading=\"lazy\" decoding=\"async\" width=\"1200\" height=\"675\" src=\"https:\/\/wordpress.nibis.de\/gsuo\/files\/2021\/09\/Weihnachtsbaum-Ochtersum-2020-1200x675.jpg\" alt=\"\" class=\"wp-image-396\" srcset=\"https:\/\/wordpress.nibis.de\/gsuo\/files\/2021\/09\/Weihnachtsbaum-Ochtersum-2020-1200x675.jpg 1200w, https:\/\/wordpress.nibis.de\/gsuo\/files\/2021\/09\/Weihnachtsbaum-Ochtersum-2020-850x478.jpg 850w\" sizes=\"auto, (max-width: 1200px) 100vw, 1200px\" \/><\/figure>\n\n\n\n<p>An beiden Standorten gab es einen Weihnachtsbaum, den die Sch\u00fcler mit selbst hergestellten Baumschmuck geschm\u00fcckt haben. Auch Fenster wurden weihnachtlich dekoriert, Kr\u00e4nze gebunden und Klassenr\u00e4ume geschm\u00fcckt.&nbsp;<\/p>\n\n\n\n<p><\/p>\n\n\n\n<p><\/p>\n\n\n\n<p>29.01.2021 Verabschiedung von Herrn Schipper<\/p>\n\n\n\n<figure class=\"wp-block-image size-large\"><img loading=\"lazy\" decoding=\"async\" width=\"1200\" height=\"675\" src=\"https:\/\/wordpress.nibis.de\/gsuo\/files\/2021\/09\/Verabschiedung-Johann-1200x675.jpg\" alt=\"\" class=\"wp-image-398\" srcset=\"https:\/\/wordpress.nibis.de\/gsuo\/files\/2021\/09\/Verabschiedung-Johann-1200x675.jpg 1200w, https:\/\/wordpress.nibis.de\/gsuo\/files\/2021\/09\/Verabschiedung-Johann-850x478.jpg 850w\" sizes=\"auto, (max-width: 1200px) 100vw, 1200px\" \/><figcaption>Herr Schipper<\/figcaption><\/figure>\n\n\n\n<p>Nach 33 Jahren Schuldienst am Schulstandort Ochtersum geht Herr Schipper nun in den verdienten Ruhestand. Aber er bleibt uns mit ein paar Stunden erhalten und unterst\u00fctzt uns auch weiterhin in der Schule.<\/p>\n\n\n\n<p><\/p>\n\n\n\n<p><\/p>\n\n\n\n<p><\/p>\n\n\n\n<p>16.02.2021 B\u00fccher vom Rotary-Club<\/p>\n\n\n\n<figure class=\"wp-block-image\"><img decoding=\"async\" src=\"https:\/\/wordpress.nibis.de\/gsuo\/files\/2021\/02\/IMG-20210216-WA0007-1200x675.jpg\" alt=\"Dieses Bild hat ein leeres Alt-Attribut. Der Dateiname ist IMG-20210216-WA0007-1200x675.jpg\" \/><\/figure>\n\n\n\n<p><\/p>\n\n\n\n<p> Wie in jedem Jahr hat auch in diesem Jahr der Rotary-Club Esens-Wittmund B\u00fccher f\u00fcr alle 2. Kl\u00e4ssler gestiftet. Zur \u00dcbergabe kam Herr Dr. Hecht und \u00fcberreichte den Sch\u00fclern die B\u00fccher &#8222;Faustdicke Freunde&#8220; sowie Begleitmaterial f\u00fcr die Lehrer. Vielen Dank f\u00fcr die tolle Unterst\u00fctzung! <\/p>\n","protected":false},"excerpt":{"rendered":"<p>20. November 2020 Am 20.November 2020 haben wir am Bundesweiten Vorlesetag teilgenommen. Auf Grund der Corona-Pandemie mussten wir dieses Jahr leider auf die Unterst\u00fctzung von Vorlese-M\u00fctter und -Omas verzichten. Daher haben wir innerhalb der Klassenverb\u00e4nde B\u00fccher, Geschichten und Gedichte gelesen.\u00a0\u00a0 Dezember 2020 An beiden Standorten gab es einen Weihnachtsbaum, den die Sch\u00fcler mit selbst hergestellten [&hellip;]<\/p>\n","protected":false},"author":9193308,"featured_media":0,"parent":0,"menu_order":0,"comment_status":"closed","ping_status":"closed","template":"","meta":{"footnotes":""},"class_list":["post-393","page","type-page","status-publish","hentry"],"_links":{"self":[{"href":"https:\/\/wordpress.nibis.de\/gsuo\/wp-json\/wp\/v2\/pages\/393","targetHints":{"allow":["GET"]}}],"collection":[{"href":"https:\/\/wordpress.nibis.de\/gsuo\/wp-json\/wp\/v2\/pages"}],"about":[{"href":"https:\/\/wordpress.nibis.de\/gsuo\/wp-json\/wp\/v2\/types\/page"}],"author":[{"embeddable":true,"href":"https:\/\/wordpress.nibis.de\/gsuo\/wp-json\/wp\/v2\/users\/9193308"}],"replies":[{"embeddable":true,"href":"https:\/\/wordpress.nibis.de\/gsuo\/wp-json\/wp\/v2\/comments?post=393"}],"version-history":[{"count":10,"href":"https:\/\/wordpress.nibis.de\/gsuo\/wp-json\/wp\/v2\/pages\/393\/revisions"}],"predecessor-version":[{"id":414,"href":"https:\/\/wordpress.nibis.de\/gsuo\/wp-json\/wp\/v2\/pages\/393\/revisions\/414"}],"wp:attachment":[{"href":"https:\/\/wordpress.nibis.de\/gsuo\/wp-json\/wp\/v2\/media?parent=393"}],"curies":[{"name":"wp","href":"https:\/\/api.w.org\/{rel}","templated":true}]}}