{"id":745,"date":"2023-05-09T12:10:45","date_gmt":"2023-05-09T10:10:45","guid":{"rendered":"https:\/\/wordpress.nibis.de\/gsuo\/?page_id=745"},"modified":"2026-01-07T11:03:25","modified_gmt":"2026-01-07T10:03:25","slug":"termine-schuljahr-2022-23","status":"publish","type":"page","link":"https:\/\/wordpress.nibis.de\/gsuo\/termine-schuljahr-2022-23\/","title":{"rendered":"Termine Schuljahr 2025\/26"},"content":{"rendered":"\n<p>Im Laufe eines Schuljahres finden zahlreiche Veranstaltungen, Sitzungen und Aktionen statt. Einige sind langfristig terminierbar, andere ergeben sich kurzfristig. Daher erhebt diese Auflistung keinen Anspruch auf Vollst\u00e4ndigkeit und Richtigkeit, da manche Termine kurzfristig verschoben werden m\u00fcssen. Sie erhalten aber einen ersten \u00dcberblick. Die Termine werden st\u00e4ndig erg\u00e4nzt und aktualisiert.<\/p>\n\n\n\n<p> Zu Elternabenden, Sitzungen, Elternsprechtagen erhalten Sie von den Klassenleitungen Einladungen, zu allen anderen Aktionen erhalten Sie zeitnah zu den Veranstaltungen Informationen.<\/p>\n\n\n\n<p>14.08.25 Schulbeginn nach den Ferien<\/p>\n\n\n\n<p>16.08.25 Einschulungsfeier: 9 Uhr in Utarp, 10 Uhr in Ochtersum<\/p>\n\n\n\n<p>17.08.25 Einschulungsgottesdienst um 10 Uhr in der St. Materniani-Kirche Ochtersum<\/p>\n\n\n\n<p>01.09.25 Schulfotograf Ochtersum<\/p>\n\n\n\n<p>02.09.25 Schulfotograf Utarp<\/p>\n\n\n\n<p>            Schulelternrat \/ GK \/ Schulvorstand   <\/p>\n\n\n\n<p>12.09.25 Theater (f\u00fcr alle Klassen, in der Schule)  <\/p>\n\n\n\n<p>26.09.25 Einsteigerbus (f\u00fcr alle Klassen)<\/p>\n\n\n\n<p>02.10.25 Schulinterne Lehrerfortbildung<\/p>\n\n\n\n<p>03.10.25 Tag der Deutschen Einheit &#8211; frei<\/p>\n\n\n\n<p> 11.11.25 Laternelaufen ab Schulstandort Utarp<\/p>\n\n\n\n<p>30.11.25 Weihnachtsmarkt Schweindorf<\/p>\n\n\n\n<p>04.12.25 Zahn\u00e4rztliche Untersuchung Ochtersum<\/p>\n\n\n\n<p>05.12.25 Zahn\u00e4rztliche Untersuchung Utarp<\/p>\n\n\n\n<p>20.01.26  Zeugniskonferenzen Utarp<\/p>\n\n\n\n<p>21.01.26 Zeugniskonferenzen Ochtersum<\/p>\n\n\n\n<p>31.01.26 Zeugnisausgabe (Schulschluss nach 3. Stunde)<\/p>\n\n\n\n<p>13.02.26 Karnevalsfeier<\/p>\n\n\n\n<p>02.-13.03.26 Elternsprechtag<\/p>\n\n\n\n<p>24.04.26 Verkehrssicherheitszirkel f\u00fcr die Klassen 3 in Ochtersum<\/p>\n\n\n\n<p>18.-22.05.26 Projektwoche f\u00fcr alle in Ochtersum<\/p>\n\n\n\n<p>23.06.26 Zeugniskonferenzen Utarp<\/p>\n\n\n\n<p>24.06.26 Zeugniskonferenzen Ochtersum <\/p>\n\n\n\n<p>01.07.26 Zeugnisausgabe (Schulschluss nach 3. Stunde)<\/p>\n\n\n\n<p><\/p>\n\n\n\n<p><\/p>\n\n\n\n<p><strong>Ferienplaner<\/strong><\/p>\n\n\n\n<p>&nbsp;&nbsp;Sommerferien<\/p>\n\n\n\n<p>13.10.-25.10.25   Herbstferien<\/p>\n\n\n\n<p>31.10.25 Reformationstag<\/p>\n\n\n\n<p>22.12.25-05.01.26 Weihnachtsferien<\/p>\n\n\n\n<p>02.02.+03.02.26 Zeugnisferien<\/p>\n\n\n\n<p>23.03.-07.04.26 Osterferien<\/p>\n\n\n\n<p>30.04.-02.05.25 (Maifeiertag)<\/p>\n\n\n\n<p>&nbsp;14.+15.05.26 Himmelfahrt<\/p>\n\n\n\n<p>25.+26.06.26 Pfingsten<\/p>\n\n\n\n<p>02.07.-12.08.26 Sommerferien<\/p>\n\n\n\n<p><\/p>\n\n\n\n<p><\/p>\n\n\n\n<p><\/p>\n","protected":false},"excerpt":{"rendered":"<p>Im Laufe eines Schuljahres finden zahlreiche Veranstaltungen, Sitzungen und Aktionen statt. Einige sind langfristig terminierbar, andere ergeben sich kurzfristig. Daher erhebt diese Auflistung keinen Anspruch auf Vollst\u00e4ndigkeit und Richtigkeit, da manche Termine kurzfristig verschoben werden m\u00fcssen. Sie erhalten aber einen ersten \u00dcberblick. Die Termine werden st\u00e4ndig erg\u00e4nzt und aktualisiert. Zu Elternabenden, Sitzungen, Elternsprechtagen erhalten Sie [&hellip;]<\/p>\n","protected":false},"author":9193308,"featured_media":0,"parent":0,"menu_order":0,"comment_status":"closed","ping_status":"closed","template":"","meta":{"footnotes":""},"class_list":["post-745","page","type-page","status-publish","hentry"],"_links":{"self":[{"href":"https:\/\/wordpress.nibis.de\/gsuo\/wp-json\/wp\/v2\/pages\/745","targetHints":{"allow":["GET"]}}],"collection":[{"href":"https:\/\/wordpress.nibis.de\/gsuo\/wp-json\/wp\/v2\/pages"}],"about":[{"href":"https:\/\/wordpress.nibis.de\/gsuo\/wp-json\/wp\/v2\/types\/page"}],"author":[{"embeddable":true,"href":"https:\/\/wordpress.nibis.de\/gsuo\/wp-json\/wp\/v2\/users\/9193308"}],"replies":[{"embeddable":true,"href":"https:\/\/wordpress.nibis.de\/gsuo\/wp-json\/wp\/v2\/comments?post=745"}],"version-history":[{"count":25,"href":"https:\/\/wordpress.nibis.de\/gsuo\/wp-json\/wp\/v2\/pages\/745\/revisions"}],"predecessor-version":[{"id":1684,"href":"https:\/\/wordpress.nibis.de\/gsuo\/wp-json\/wp\/v2\/pages\/745\/revisions\/1684"}],"wp:attachment":[{"href":"https:\/\/wordpress.nibis.de\/gsuo\/wp-json\/wp\/v2\/media?parent=745"}],"curies":[{"name":"wp","href":"https:\/\/api.w.org\/{rel}","templated":true}]}}

<p>Im Laufe eines Schuljahres finden zahlreiche Veranstaltungen, Sitzungen und Aktionen statt. Einige sind langfristig terminierbar, andere ergeben sich kurzfristig. Daher erhebt diese Auflistung keinen Anspruch auf Vollständigkeit und Richtigkeit, da manche Termine kurzfristig verschoben werden müssen. Sie erhalten aber einen ersten Überblick. Die Termine werden ständig ergänzt und aktualisiert.</p>



<p> Zu Elternabenden, Sitzungen, Elternsprechtagen erhalten Sie von den Klassenleitungen Einladungen, zu allen anderen Aktionen erhalten Sie zeitnah zu den Veranstaltungen Informationen.</p>



<p>14.08.25 Schulbeginn nach den Ferien</p>



<p>16.08.25 Einschulungsfeier: 9 Uhr in Utarp, 10 Uhr in Ochtersum</p>



<p>17.08.25 Einschulungsgottesdienst um 10 Uhr in der St. Materniani-Kirche Ochtersum</p>



<p>01.09.25 Schulfotograf Ochtersum</p>



<p>02.09.25 Schulfotograf Utarp</p>



<p>            Schulelternrat / GK / Schulvorstand   </p>



<p>12.09.25 Theater (für alle Klassen, in der Schule)  </p>



<p>26.09.25 Einsteigerbus (für alle Klassen)</p>



<p>02.10.25 Schulinterne Lehrerfortbildung</p>



<p>03.10.25 Tag der Deutschen Einheit &#8211; frei</p>



<p> 11.11.25 Laternelaufen ab Schulstandort Utarp</p>



<p>30.11.25 Weihnachtsmarkt Schweindorf</p>



<p>04.12.25 Zahnärztliche Untersuchung Ochtersum</p>



<p>05.12.25 Zahnärztliche Untersuchung Utarp</p>



<p>20.01.26  Zeugniskonferenzen Utarp</p>



<p>21.01.26 Zeugniskonferenzen Ochtersum</p>



<p>31.01.26 Zeugnisausgabe (Schulschluss nach 3. Stunde)</p>



<p>13.02.26 Karnevalsfeier</p>



<p>02.-13.03.26 Elternsprechtag</p>



<p>24.04.26 Verkehrssicherheitszirkel für die Klassen 3 in Ochtersum</p>



<p>18.-22.05.26 Projektwoche für alle in Ochtersum</p>



<p>23.06.26 Zeugniskonferenzen Utarp</p>



<p>24.06.26 Zeugniskonferenzen Ochtersum </p>



<p>01.07.26 Zeugnisausgabe (Schulschluss nach 3. Stunde)</p>



<p></p>



<p></p>



<p><strong>Ferienplaner</strong></p>



<p>&nbsp;&nbsp;Sommerferien</p>



<p>13.10.-25.10.25   Herbstferien</p>



<p>31.10.25 Reformationstag</p>



<p>22.12.25-05.01.26 Weihnachtsferien</p>



<p>02.02.+03.02.26 Zeugnisferien</p>



<p>23.03.-07.04.26 Osterferien</p>



<p>30.04.-02.05.25 (Maifeiertag)</p>



<p>&nbsp;14.+15.05.26 Himmelfahrt</p>



<p>25.+26.06.26 Pfingsten</p>



<p>02.07.-12.08.26 Sommerferien</p>



<p></p>



<p></p>



<p></p>

<p>Im Laufe eines Schuljahres finden zahlreiche Veranstaltungen, Sitzungen und Aktionen statt. Einige sind langfristig terminierbar, andere ergeben sich kurzfristig. Daher erhebt diese Auflistung keinen Anspruch auf Vollständigkeit und Richtigkeit, da manche Termine kurzfristig verschoben werden müssen. Sie erhalten aber einen ersten Überblick. Die Termine werden ständig ergänzt und aktualisiert. Zu Elternabenden, Sitzungen, Elternsprechtagen erhalten Sie [&hellip;]</p>
