{"id":937,"date":"2023-12-03T19:32:32","date_gmt":"2023-12-03T18:32:32","guid":{"rendered":"https:\/\/wordpress.nibis.de\/gsuo\/?page_id=937"},"modified":"2025-12-17T19:53:27","modified_gmt":"2025-12-17T18:53:27","slug":"aktivitaeten-des-foerdervereins","status":"publish","type":"page","link":"https:\/\/wordpress.nibis.de\/gsuo\/aktivitaeten-des-foerdervereins\/","title":{"rendered":"Aktivit\u00e4ten des F\u00f6rdervereins"},"content":{"rendered":"\n<h2 class=\"wp-block-heading\">30.11.25 Weihnachtsmarkt in Schweindorf<\/h2>\n\n\n\n<figure class=\"wp-block-image size-full\"><img loading=\"lazy\" decoding=\"async\" width=\"1322\" height=\"1242\" src=\"https:\/\/wordpress.nibis.de\/gsuo\/files\/2025\/12\/Weihnachtstombola-1.jpg\" alt=\"\" class=\"wp-image-1647\" srcset=\"https:\/\/wordpress.nibis.de\/gsuo\/files\/2025\/12\/Weihnachtstombola-1.jpg 1322w, https:\/\/wordpress.nibis.de\/gsuo\/files\/2025\/12\/Weihnachtstombola-1-150x141.jpg 150w, https:\/\/wordpress.nibis.de\/gsuo\/files\/2025\/12\/Weihnachtstombola-1-768x722.jpg 768w\" sizes=\"auto, (max-width: 1322px) 100vw, 1322px\" \/><\/figure>\n\n\n\n<p>Auch in diesem Jahr hatte der F\u00f6rderverein einen Stand auf dem Schweindorfer Weihnachtsmarkt. Dazu hatten die Eltern des Schulelternrates Betriebe, Vereine und Gesch\u00e4fte um Preise f\u00fcr die Tombola gebeten. <\/p>\n\n\n\n<p>An dieser Stelle m\u00f6chten wir uns herzlich f\u00fcr den Einsatz und die Unterst\u00fctzung des Schulelternrates bedanken! Der Erl\u00f6s der Tombola flie\u00dft vollst\u00e4ndig in die Finanzierung der Projektwoche im Mai ein.<\/p>\n\n\n\n<p><strong><u>Vielen herzlichen Dank an die gro\u00dfz\u00fcgigen Sponsoren<\/u><\/strong><\/p>\n\n\n\n<p><strong>Abegg<\/strong>, <strong>Abken Bau<\/strong>, <strong>Apollo Esens<\/strong>, <strong>Apotheke Holtriem<\/strong>, <strong>Arno\u00b4s Autocenter<\/strong>, <strong>Autohaus Ernst Peters<\/strong>, <strong>B\u00e4ckerei Tido Gerdes<\/strong>, <strong>Bauen &amp; Leben GmbH<\/strong>, <strong>Bauunternehmen Marco Bents<\/strong>, <strong>Buchhandlung Flessner<\/strong>, <strong>Buchhandlung Helene Janzen<\/strong>, <strong>B\u00fccherArche Esens<\/strong>, <strong>BZN Hagebaumarkt Esens<\/strong>, <strong>Combi Esens<\/strong>, <strong>Edeka Franz Pfaff<\/strong>, <strong>Edeka Maltzahn<\/strong>, <strong>Edzards Reisen<\/strong>, <strong>EEZ Aurich<\/strong>, <strong>EWE<\/strong>, <strong>Familie Fle\u00dfner<\/strong>, <strong>Fielmann Esens<\/strong>, <strong>Fleischerei Bruns<\/strong>, <strong>Friseur Kopfsache A. Windt-Manott<\/strong>, <strong>Gartencenter Hedden<\/strong>, <strong>Gasthof \u201eHoltriemer Hof\u201c<\/strong> <strong>Getr\u00e4nkecenter Esens<\/strong>, <strong>H&amp;M Fahrr\u00e4der<\/strong>, <strong>Heimat-u. Verkehrsverein Werdum<\/strong>, <strong>Janssen Automobile<\/strong>, <strong>Ju-com Esens<\/strong>, <strong>Kino Aurich<\/strong>, <strong>Klabautermann Indoor-Spielpark<\/strong>, <strong>KEEKEE Bricks<\/strong>, <strong>Koch &amp; Willms<\/strong>, <strong>K\u00f6hlke Tankstelle<\/strong>, <strong>Kurmittelhaus Otten<\/strong>, <strong>Landgasthof \u201eZur Post\u201c<\/strong>, <strong>Landhandel Schuirmann<\/strong>, <strong>Landwarenhandel Karl Tute<\/strong>, <strong>L\u00f6wenapotheke<\/strong>, <strong>Lohnunternehmen B. Rabenstein<\/strong>, <strong>Maklerkreisel Esens<\/strong>, <strong>NV Versicherung<\/strong>, <strong>Ochtersumer Weiderind<\/strong>, <strong>Picobello Waschstra\u00dfe<\/strong>, <strong>Pizzeria Roma<\/strong>, <strong>Raiffeisen<\/strong>, <strong>Reifenhandel Mennenga<\/strong>, <strong>Reiseb\u00fcro Karin Tobias<\/strong>, <strong>Remmers Bau<\/strong>, <strong>Sanit\u00e4tshaus de Buhr<\/strong>, <strong>Sonnenstudio Sonnenland<\/strong>, <strong>Sport Wunder<\/strong>, <strong>Sportpark Tannhausen<\/strong>, <strong>Stefans Fahrradshop<\/strong>, <strong>Stra\u00dfenbau Erwin Rabenstein<\/strong>, <strong>SV Ochtersum<\/strong>, <strong>Timo Gerdes<\/strong>, <strong>Tischlerei Schuster<\/strong>, <strong>Tischlerei Sparenborg<\/strong>, <strong>Trend Hair Family Esens<\/strong>, <strong>Ute Tjards Massagepraxis<\/strong>, <strong>Volksbank<\/strong>, <strong>W&amp;M, Weinkontor Esens<\/strong><\/p>\n\n\n\n<h2 class=\"wp-block-heading\">1.12.24 Weihnachtsmarkt in Schweindorf<\/h2>\n\n\n\n<figure class=\"wp-block-image size-full is-style-default\"><img loading=\"lazy\" decoding=\"async\" width=\"2380\" height=\"1848\" src=\"https:\/\/wordpress.nibis.de\/gsuo\/files\/2024\/12\/Weihnachtsmarkt-1.jpg\" alt=\"\" class=\"wp-image-1253\" srcset=\"https:\/\/wordpress.nibis.de\/gsuo\/files\/2024\/12\/Weihnachtsmarkt-1.jpg 2380w, https:\/\/wordpress.nibis.de\/gsuo\/files\/2024\/12\/Weihnachtsmarkt-1-182x141.jpg 182w, https:\/\/wordpress.nibis.de\/gsuo\/files\/2024\/12\/Weihnachtsmarkt-1-768x596.jpg 768w, https:\/\/wordpress.nibis.de\/gsuo\/files\/2024\/12\/Weihnachtsmarkt-1-1536x1193.jpg 1536w, https:\/\/wordpress.nibis.de\/gsuo\/files\/2024\/12\/Weihnachtsmarkt-1-2048x1590.jpg 2048w\" sizes=\"auto, (max-width: 2380px) 100vw, 2380px\" \/><\/figure>\n\n\n\n<p>Auch in diesem Jahr hat unser F\u00f6rderverein in Zusammenarbeit mit dem Schule eine Tombola auf dem Schweindorfer Weihnachtsmarkt organisiert. Dazu haben die Eltern des Schulelternrates Firmen um Spenden gebeten. Sch\u00fclerinnen und Sch\u00fcler der Klassen 3 und 4 haben auf dem Weihnachtsmarkt Lose verkauft und das Kollegium hat anschlie\u00dfend die Preise ausgegeben.<\/p>\n\n\n\n<p>Wir bedanken uns ganz herzlich bei den flei\u00dfigen Eltern sowie bei den gro\u00dfz\u00fcgigen Sponsoren:<\/p>\n\n\n\n<p><strong>Abegg<\/strong>, <strong>Abken Bau<\/strong>, <strong>Apollo Esens<\/strong>, <strong>Apotheke Holtriem<\/strong>, <strong>Arno\u00b4s Autocenter<\/strong>, <strong>B\u00e4ckerei Tido Gerdes<\/strong>, <strong>Bauen &amp; Leben GmbH<\/strong>, <strong>Bauunternehmen Marco Bents<\/strong>, <strong>Buchhandlung Flessner<\/strong>, <strong>B\u00fccherArche Esens<\/strong>, <strong>BZN Hagebaumarkt Esens<\/strong>, <strong>Combi Esens<\/strong>, <strong>Edeka Franz Pfaff<\/strong>, <strong>Edeka Maltzahn<\/strong>, <strong>Edzards Reisen<\/strong>, <strong>EEZ Aurich<\/strong>, <strong>EWE<\/strong>, <strong>Fielmann Esens<\/strong>, <strong>Fleischerei Bruns<\/strong>, <strong>Friseur Kopfsache A. Windt-Manott<\/strong>, <strong>Gartencenter Hedden<\/strong>, <strong>Gasthof \u201eHoltriemer Hof\u201c<\/strong>, <strong>Getr\u00e4nkecenter Esens<\/strong>, <strong>H&amp;M Fahrr\u00e4der<\/strong>, <strong>Heimat-u. Verkehrsverein Werdum<\/strong>, <strong>Janssen Automobile<\/strong>, <strong>Ju-Com Esens<\/strong>, <strong>Kino Aurich<\/strong>, <strong>Klabautermann Indoor-Spielpark<\/strong>, <strong>KEEKEE Bricks<\/strong>, <strong>&nbsp;Koch &amp; Willms, K\u00f6hlke Tankstelle<\/strong>, <strong>Kurmittelhaus Otten<\/strong>, <strong>Landgasthof \u201eZur Post\u201c<\/strong>, <strong>Landhandel Schuirmann<\/strong>, <strong>L\u00f6wenapotheke<\/strong>, <strong>Lohnunternehmen B. Rabenstein<\/strong>, <strong>Maklerkreisel Esens<\/strong>, <strong>NV Versicherung<\/strong>, <strong>Ochtersumer Weiderind<\/strong>, <strong>Picobello Waschstra\u00dfe<\/strong>, <strong>Pizzeria Roma<\/strong>, <strong>Raiffeisen<\/strong>, <strong>Reifenhandel Mennenga<\/strong>, <strong>Reiseb\u00fcro Karin Tobias<\/strong>, <strong>Remmers B<\/strong>au, Remmers Pflege, <strong>Sanit\u00e4tshaus de Buhr<\/strong>, <strong>Sonnenstudio Sonnenland<\/strong>, <strong>Sport Wunder,<\/strong> <strong>Sportpark Tannhausen<\/strong>, <strong>Stefans Fahrradshop<\/strong>, <strong>Stra\u00dfenbau Erwin Rabenstein<\/strong>, <strong>Timo Gerdes<\/strong>, <strong>Tischlerei Schuster<\/strong>, <strong>Tischlerei Sparenborg<\/strong>, <strong>Trommelb\u00e4r<\/strong>, <strong>Ute Tjards Massagepraxis<\/strong>, <strong>Volksbank<\/strong>, <strong>W&amp;M, Weinkontor Esens<\/strong> <\/p>\n\n\n\n<p><\/p>\n\n\n\n<h2 class=\"wp-block-heading\">7.11.24 Theaterbesuch &#8222;Die Sch\u00f6ne und das Biest&#8220;<\/h2>\n\n\n\n<figure class=\"wp-block-image size-large is-style-default\"><img loading=\"lazy\" decoding=\"async\" width=\"1200\" height=\"675\" src=\"https:\/\/wordpress.nibis.de\/gsuo\/files\/2024\/11\/2-1-1200x675.jpg\" alt=\"\" class=\"wp-image-1203\" srcset=\"https:\/\/wordpress.nibis.de\/gsuo\/files\/2024\/11\/2-1-1200x675.jpg 1200w, https:\/\/wordpress.nibis.de\/gsuo\/files\/2024\/11\/2-1-850x478.jpg 850w\" sizes=\"auto, (max-width: 1200px) 100vw, 1200px\" \/><\/figure>\n\n\n\n<p>Der F\u00f6rderverein bezuschusst die Theaterfahrt nach Aurich mit 300 Euro, somit bleibt der Unkostenbeitrag f\u00fcr die Kinder gering. Vielen herzlichen Dank f\u00fcr die Unterst\u00fctzung!!!<\/p>\n\n\n\n<h2 class=\"wp-block-heading\">13.08.24 Eis f\u00fcr alle \ud83d\ude09<\/h2>\n\n\n\n<p>Die Wettervorhersage meldete 32 Grad. Daher beschloss der F\u00f6rderverein kurzfristig, den Sch\u00fclerinnen und Sch\u00fclern eine Eis-Erfrischung in die Schule zu bringen. Diese wurde begeistert entgegengenommen und genossen. Alle Kinder m\u00f6chten sich an dieser Stelle beim F\u00f6rderverein f\u00fcr das Eis herzlich bedanken!<\/p>\n\n\n\n<h2 class=\"wp-block-heading\">4.4.24 Unterst\u00fctzung der Projektwoche<\/h2>\n\n\n\n<p>Im Rahmen der Projektwoche &#8222;Sterne und Planeten&#8220; hat die Schule, nach R\u00fccksprache mit dem F\u00f6rderverein, ein Mobiles Planetarium gebucht, das in der Turnhalle aufgebaut wurde. Durch die gro\u00dfz\u00fcgige finanzielle Spende des F\u00f6rdervereins von \u00fcber 300\u20ac konnten alle Kinder kosteng\u00fcnstig an der Vorf\u00fchrung des Mobilen Planetariums teilnehmen. Das war wirklich ein tolles Erlebnis!<\/p>\n\n\n\n<figure class=\"wp-block-image size-full is-style-default\"><img loading=\"lazy\" decoding=\"async\" width=\"777\" height=\"962\" src=\"https:\/\/wordpress.nibis.de\/gsuo\/files\/2024\/04\/Planetarium-1.jpg\" alt=\"\" class=\"wp-image-1009\" srcset=\"https:\/\/wordpress.nibis.de\/gsuo\/files\/2024\/04\/Planetarium-1.jpg 777w, https:\/\/wordpress.nibis.de\/gsuo\/files\/2024\/04\/Planetarium-1-114x141.jpg 114w, https:\/\/wordpress.nibis.de\/gsuo\/files\/2024\/04\/Planetarium-1-768x951.jpg 768w\" sizes=\"auto, (max-width: 777px) 100vw, 777px\" \/><\/figure>\n\n\n\n<h2 class=\"wp-block-heading\">03.12.23 Weihnachtstombola <\/h2>\n\n\n\n<figure class=\"wp-block-image size-full is-style-default\"><img loading=\"lazy\" decoding=\"async\" width=\"2560\" height=\"1920\" src=\"https:\/\/wordpress.nibis.de\/gsuo\/files\/2023\/12\/Weihnachtstombola-1-scaled.jpg\" alt=\"\" class=\"wp-image-938\" srcset=\"https:\/\/wordpress.nibis.de\/gsuo\/files\/2023\/12\/Weihnachtstombola-1-scaled.jpg 2560w, https:\/\/wordpress.nibis.de\/gsuo\/files\/2023\/12\/Weihnachtstombola-1-188x141.jpg 188w, https:\/\/wordpress.nibis.de\/gsuo\/files\/2023\/12\/Weihnachtstombola-1-768x576.jpg 768w, https:\/\/wordpress.nibis.de\/gsuo\/files\/2023\/12\/Weihnachtstombola-1-1536x1152.jpg 1536w, https:\/\/wordpress.nibis.de\/gsuo\/files\/2023\/12\/Weihnachtstombola-1-2048x1536.jpg 2048w\" sizes=\"auto, (max-width: 2560px) 100vw, 2560px\" \/><\/figure>\n\n\n\n<p>Der F\u00f6rderverein der Grundschule Utarp-Ochtersum hat auf dem Schweindorfer Weihnachtsmarkt wieder eine Tombola ausgerichtet. Nur durch die flei\u00dfigen Elternratsvorsitzenden, die die Spenden von den Firmen organisiert haben, und das Kollegium, die die Preise ausgegeben haben, war die Tombola auch in diesem Jahr wieder m\u00f6glich! Daf\u00fcr m\u00f6chten wir uns an dieser Stelle herzlich bedanken! <\/p>\n\n\n\n<p><strong><u>Vielen herzlichen Dank auch an die gro\u00dfz\u00fcgigen Sponsoren<\/u><\/strong>:<\/p>\n\n\n\n<p><strong>Abegg<\/strong>, <strong>Abken Bau<\/strong>, <strong>Apotheke Holtriem<\/strong>, <strong>Arche (Buchladen),<\/strong> <strong>Arno\u00b4s Autocenter<\/strong>, <strong>Autohaus Ernst Peters<\/strong>, <strong>B\u00e4ckerei Tido Gerdes, B\u00e4ckerei Lorenz, B\u00e4renapotheke Esens<\/strong>, <strong>Baustoffe Goldhammer<\/strong>, <strong>Bauunternehmen Marco Bents<\/strong>, <strong>Buchhandlung Flessner<\/strong>, <strong>BZN Hagebaumarkt Esens<\/strong>, <strong>Combi Esens<\/strong>, <strong>Edeka Franz Pfaff<\/strong>, <strong>Edzards Reisen<\/strong>, <strong>EEZ Aurich<\/strong>, <strong>EWE<\/strong>, <strong>Fleischerei Bruns<\/strong>, <strong>Friseur Kopfsache A. Windt-Manott<\/strong>, <strong>Gartencenter Hedden<\/strong>, <strong>Gasthof \u201eHoltriemer Hof\u201c<\/strong>, <strong>H&amp;M Fahrr\u00e4der, Herfurth Elektronik,<\/strong> <strong>Heimat-u. Verkehrsverein Werdum<\/strong>, <strong>Janssen Automobile<\/strong>, <strong>Ju-com Esens<\/strong>, <strong>Kino Aurich<\/strong>, <strong>Klabautermann Indoor-Spielpark<\/strong>, <strong>Koch &amp; Willms<\/strong>, <strong>Landgasthof \u201eZur Post\u201c<\/strong>, <strong>Landhandel Schuirmann<\/strong>, <strong>Lohnunternehmen B. Rabenstein<\/strong>, <strong>L\u00f6wenapotheke Esens,<\/strong> <strong>Maklerkreisel Esens<\/strong>, <strong><strong>Nationalparkhaus Dornumersi<\/strong>el<\/strong>,<strong> Ochtersumer Weiderind<\/strong>, <strong>OLB,<\/strong> <strong>Pizzeria Roma<\/strong>, <strong>Plietsch Restaurant<\/strong>, <strong>Raiffeisen<\/strong>, <strong>Reifenhandel Mennenga<\/strong>, <strong>Remmers Bau<\/strong>, <strong>Reparaturwerkstatt K\u00f6hlke<\/strong>, <strong>Sanit\u00e4tshaus de Buhr<\/strong>, <strong>Sonnenstudio Sonnenland<\/strong>, <strong>Sparkasse Westerholt,<\/strong> <strong>Sport Wunder<\/strong>, <strong>Sportpark Tannhausen<\/strong>, <strong>Stra\u00dfenbau Erwin Rabenstein<\/strong>, <strong>Timo Gerdes<\/strong>, <strong>Tischlerei Schuster<\/strong>, <strong>Tischlerei Sparenborg<\/strong>, <strong>Ute Tjards Massagepraxis<\/strong>, <strong>Volksbank<\/strong>, <strong>W&amp;M, W\u00fcstenrot Holger Ubben &#8230;<\/strong><\/p>\n","protected":false},"excerpt":{"rendered":"<p>30.11.25 Weihnachtsmarkt in Schweindorf Auch in diesem Jahr hatte der F\u00f6rderverein einen Stand auf dem Schweindorfer Weihnachtsmarkt. Dazu hatten die Eltern des Schulelternrates Betriebe, Vereine und Gesch\u00e4fte um Preise f\u00fcr die Tombola gebeten. An dieser Stelle m\u00f6chten wir uns herzlich f\u00fcr den Einsatz und die Unterst\u00fctzung des Schulelternrates bedanken! Der Erl\u00f6s der Tombola flie\u00dft vollst\u00e4ndig [&hellip;]<\/p>\n","protected":false},"author":9193308,"featured_media":0,"parent":0,"menu_order":0,"comment_status":"closed","ping_status":"closed","template":"","meta":{"footnotes":""},"class_list":["post-937","page","type-page","status-publish","hentry"],"_links":{"self":[{"href":"https:\/\/wordpress.nibis.de\/gsuo\/wp-json\/wp\/v2\/pages\/937","targetHints":{"allow":["GET"]}}],"collection":[{"href":"https:\/\/wordpress.nibis.de\/gsuo\/wp-json\/wp\/v2\/pages"}],"about":[{"href":"https:\/\/wordpress.nibis.de\/gsuo\/wp-json\/wp\/v2\/types\/page"}],"author":[{"embeddable":true,"href":"https:\/\/wordpress.nibis.de\/gsuo\/wp-json\/wp\/v2\/users\/9193308"}],"replies":[{"embeddable":true,"href":"https:\/\/wordpress.nibis.de\/gsuo\/wp-json\/wp\/v2\/comments?post=937"}],"version-history":[{"count":14,"href":"https:\/\/wordpress.nibis.de\/gsuo\/wp-json\/wp\/v2\/pages\/937\/revisions"}],"predecessor-version":[{"id":1650,"href":"https:\/\/wordpress.nibis.de\/gsuo\/wp-json\/wp\/v2\/pages\/937\/revisions\/1650"}],"wp:attachment":[{"href":"https:\/\/wordpress.nibis.de\/gsuo\/wp-json\/wp\/v2\/media?parent=937"}],"curies":[{"name":"wp","href":"https:\/\/api.w.org\/{rel}","templated":true}]}}