{"id":97,"date":"2020-12-20T09:14:53","date_gmt":"2020-12-20T08:14:53","guid":{"rendered":"https:\/\/wordpress.nibis.de\/gsuo\/?page_id=97"},"modified":"2026-03-04T10:39:39","modified_gmt":"2026-03-04T09:39:39","slug":"ganztag","status":"publish","type":"page","link":"https:\/\/wordpress.nibis.de\/gsuo\/ganztag\/","title":{"rendered":"Ganztag"},"content":{"rendered":"\n<p>Wir bieten f\u00fcr alle Sch\u00fclerinnen und Sch\u00fcler an vier Tagen (montags bis einschl. donnerstags) ein offenes Ganztagsangebot an. Das Ganztagsangebot wechselt halbj\u00e4hrlich. Durch die zus\u00e4tzliche Unterst\u00fctzung von Kooperationspartnern und p\u00e4dagogischen Mitarbeitern k\u00f6nnen wir so ein breitgef\u00e4chertes Programm anbieten. Der Ganztag findet am Schulstandort Utarp statt.\u00a0 Ochtersumer Sch\u00fcler werden kostenfrei mit dem Bus nach Utarp und zur\u00fcck gefahren. Der Ganztag endet jeweils um 15.15 Uhr<\/p>\n<p>Sie haben die M\u00f6glichkeit ihr Kind auch um 14 Uhr abzuholen. Zu dieser Zeit findet jedoch kein Lotsendienst und kein Bustransfer nach Ochtersum statt!<\/p>\n<p><img loading=\"lazy\" decoding=\"async\" class=\"size-medium wp-image-1312 aligncenter\" src=\"https:\/\/wordpress.nibis.de\/gsuo\/files\/2025\/02\/Mensa-850x478.jpg\" alt=\"\" width=\"850\" height=\"478\" srcset=\"https:\/\/wordpress.nibis.de\/gsuo\/files\/2025\/02\/Mensa-850x478.jpg 850w, https:\/\/wordpress.nibis.de\/gsuo\/files\/2025\/02\/Mensa-1200x675.jpg 1200w\" sizes=\"auto, (max-width: 850px) 100vw, 850px\" \/><\/p>\n<p>In unserer Mensa wird t\u00e4glich ein gemeinsames Mittagessen angeboten. Frau Janssen und Frau Rosenberg bereiten das Essen zu und servieren es f\u00fcr die jeweilige Tischgruppe in Schalen.<\/p>\n<p><img decoding=\"async\" src=\"https:\/\/wordpress.nibis.de\/gsuo\/files\/2025\/02\/Mensa-Damen-2.jpg\" alt=\"Dieses Bild hat ein leeres Alt-Attribut. Der Dateiname ist Mensa-Damen-2.jpg\" \/><\/p>\n<p>\u00a0<\/p>\n<p><img loading=\"lazy\" decoding=\"async\" class=\"size-medium wp-image-1318 aligncenter\" src=\"https:\/\/wordpress.nibis.de\/gsuo\/files\/2025\/02\/Mnesaessen-850x478.jpg\" alt=\"\" width=\"850\" height=\"478\" srcset=\"https:\/\/wordpress.nibis.de\/gsuo\/files\/2025\/02\/Mnesaessen-850x478.jpg 850w, https:\/\/wordpress.nibis.de\/gsuo\/files\/2025\/02\/Mnesaessen-1200x675.jpg 1200w\" sizes=\"auto, (max-width: 850px) 100vw, 850px\" \/><\/p>\n<p>\u00a0<\/p>\n<p><img loading=\"lazy\" decoding=\"async\" class=\"alignnone size-medium wp-image-1324\" src=\"https:\/\/wordpress.nibis.de\/gsuo\/files\/2025\/02\/Essen2-850x478.jpg\" alt=\"\" width=\"850\" height=\"478\" srcset=\"https:\/\/wordpress.nibis.de\/gsuo\/files\/2025\/02\/Essen2-850x478.jpg 850w, https:\/\/wordpress.nibis.de\/gsuo\/files\/2025\/02\/Essen2-1200x675.jpg 1200w\" sizes=\"auto, (max-width: 850px) 100vw, 850px\" \/><\/p>\n<p>Das Essen kostet 3,50\u20ac. Die Kosten werden direkt mit der Samtgemeinde Holtriem abgerechnet. Nutzen Sie hierzu das SEPA-Lastschriftverfahren. Den Vordruck dazu k\u00f6nnen Sie hier downloaden:\u00a0<\/p>\n\n\n\n<div class=\"wp-block-file alignleft\"><a id=\"wp-block-file--media-949424cc-9238-4da5-8f3a-6afb7c8b11f5\" href=\"https:\/\/wordpress.nibis.de\/gsuo\/files\/2020\/12\/sepa-lastschriftenmandat_sg-holtriem.pdf\">sepa-lastschriftenmandat_sg-holtriem<\/a><a href=\"https:\/\/wordpress.nibis.de\/gsuo\/files\/2020\/12\/sepa-lastschriftenmandat_sg-holtriem.pdf\" class=\"wp-block-file__button wp-element-button\" download aria-describedby=\"wp-block-file--media-949424cc-9238-4da5-8f3a-6afb7c8b11f5\">Herunterladen<\/a><\/div>\n\n\n\n<p>&nbsp;<\/p>\n<p>Sollte Ihr Kind mal erkrankt sein, melden Sie es bitte <strong>bis 11 Uhr per Email an <\/strong><\/p>\n<p><strong>&#109;&#x65;n&#115;&#x61;&#64;&#103;&#x72;u&#x6e;&#x64;&#115;&#x63;h&#117;&#x6c;e&#45;&#x75;t&#x61;&#x72;&#112;&#x2d;&#x6f;&#99;&#x68;t&#101;&#x72;s&#117;&#x6d;&#46;&#x64;&#x65; <\/strong>vom Ganztag ab, sonst m\u00fcssen Sie die Kosten f\u00fcr das Mittagessen tragen. Etwaige Allergien und Lebensmittelunvertr\u00e4glichkeiten sind bitte der Schule mitzuteilen.<\/p>\n<p>&nbsp;<\/p>\n<p>&nbsp;<\/p>\n\n\n\n\n\n<p><\/p>\n","protected":false},"excerpt":{"rendered":"<p>Wir bieten f\u00fcr alle Sch\u00fclerinnen und Sch\u00fcler an vier Tagen (montags bis einschl. donnerstags) ein offenes Ganztagsangebot an. Das Ganztagsangebot wechselt halbj\u00e4hrlich. Durch die zus\u00e4tzliche Unterst\u00fctzung von Kooperationspartnern und p\u00e4dagogischen Mitarbeitern k\u00f6nnen wir so ein breitgef\u00e4chertes Programm anbieten. Der Ganztag findet am Schulstandort Utarp statt.\u00a0 Ochtersumer Sch\u00fcler werden kostenfrei mit dem Bus nach Utarp und [&hellip;]<\/p>\n","protected":false},"author":9193308,"featured_media":0,"parent":0,"menu_order":0,"comment_status":"closed","ping_status":"closed","template":"","meta":{"footnotes":""},"class_list":["post-97","page","type-page","status-publish","hentry"],"_links":{"self":[{"href":"https:\/\/wordpress.nibis.de\/gsuo\/wp-json\/wp\/v2\/pages\/97","targetHints":{"allow":["GET"]}}],"collection":[{"href":"https:\/\/wordpress.nibis.de\/gsuo\/wp-json\/wp\/v2\/pages"}],"about":[{"href":"https:\/\/wordpress.nibis.de\/gsuo\/wp-json\/wp\/v2\/types\/page"}],"author":[{"embeddable":true,"href":"https:\/\/wordpress.nibis.de\/gsuo\/wp-json\/wp\/v2\/users\/9193308"}],"replies":[{"embeddable":true,"href":"https:\/\/wordpress.nibis.de\/gsuo\/wp-json\/wp\/v2\/comments?post=97"}],"version-history":[{"count":29,"href":"https:\/\/wordpress.nibis.de\/gsuo\/wp-json\/wp\/v2\/pages\/97\/revisions"}],"predecessor-version":[{"id":1718,"href":"https:\/\/wordpress.nibis.de\/gsuo\/wp-json\/wp\/v2\/pages\/97\/revisions\/1718"}],"wp:attachment":[{"href":"https:\/\/wordpress.nibis.de\/gsuo\/wp-json\/wp\/v2\/media?parent=97"}],"curies":[{"name":"wp","href":"https:\/\/api.w.org\/{rel}","templated":true}]}}