{"id":1668,"date":"2019-03-20T10:24:22","date_gmt":"2019-03-20T09:24:22","guid":{"rendered":"https:\/\/wordpress.nibis.de\/gsvienen\/?page_id=1668"},"modified":"2019-03-20T10:38:01","modified_gmt":"2019-03-20T09:38:01","slug":"download-dsgv","status":"publish","type":"page","link":"https:\/\/wordpress.nibis.de\/gsvienen\/download-dsgv\/","title":{"rendered":"Download DSGV"},"content":{"rendered":"\n<h3 class=\"wp-block-heading\">Hier finden Sie das <a aria-label=\"Informationsblatt gem\u00e4\u00df Art. 13 ff. Datenschutzgrundverordnung (\u00f6ffnet in neuem Tab)\" rel=\"noreferrer noopener\" href=\"https:\/\/wordpress.nibis.de\/gsvienen\/files\/2019\/03\/Informationsblatt-DSGV-Artikel-13.pdf\" target=\"_blank\">Informationsblatt gem\u00e4\u00df Art. 13 ff. Datenschutzgrundverordnung<\/a> und die <a aria-label=\"\u00dcbersicht personenbezogene Daten (\u00f6ffnet in neuem Tab)\" rel=\"noreferrer noopener\" href=\"https:\/\/wordpress.nibis.de\/gsvienen\/files\/2019\/03\/uebersicht-verarbeitung-personenbezogener-daten-schule.pdf\" target=\"_blank\">\u00dcbersicht personenbezogener Daten<\/a>, die an der Schule verarbeitet werden. <\/h3>\n\n\n\n<p><\/p>\n","protected":false},"excerpt":{"rendered":"<p>Hier finden Sie das Informationsblatt gem\u00e4\u00df Art. 13 ff. Datenschutzgrundverordnung und die \u00dcbersicht personenbezogener Daten, die an der Schule verarbeitet werden.<\/p>\n","protected":false},"author":1286,"featured_media":0,"parent":0,"menu_order":0,"comment_status":"closed","ping_status":"closed","template":"","meta":{"footnotes":""},"class_list":["post-1668","page","type-page","status-publish","hentry","without-featured-image"],"_links":{"self":[{"href":"https:\/\/wordpress.nibis.de\/gsvienen\/wp-json\/wp\/v2\/pages\/1668","targetHints":{"allow":["GET"]}}],"collection":[{"href":"https:\/\/wordpress.nibis.de\/gsvienen\/wp-json\/wp\/v2\/pages"}],"about":[{"href":"https:\/\/wordpress.nibis.de\/gsvienen\/wp-json\/wp\/v2\/types\/page"}],"author":[{"embeddable":true,"href":"https:\/\/wordpress.nibis.de\/gsvienen\/wp-json\/wp\/v2\/users\/1286"}],"replies":[{"embeddable":true,"href":"https:\/\/wordpress.nibis.de\/gsvienen\/wp-json\/wp\/v2\/comments?post=1668"}],"version-history":[{"count":5,"href":"https:\/\/wordpress.nibis.de\/gsvienen\/wp-json\/wp\/v2\/pages\/1668\/revisions"}],"predecessor-version":[{"id":1676,"href":"https:\/\/wordpress.nibis.de\/gsvienen\/wp-json\/wp\/v2\/pages\/1668\/revisions\/1676"}],"wp:attachment":[{"href":"https:\/\/wordpress.nibis.de\/gsvienen\/wp-json\/wp\/v2\/media?parent=1668"}],"curies":[{"name":"wp","href":"https:\/\/api.w.org\/{rel}","templated":true}]}}