{"id":2228,"date":"2021-04-09T11:33:32","date_gmt":"2021-04-09T11:33:32","guid":{"rendered":"https:\/\/wordpress.nibis.de\/gsvienen\/?page_id=2228"},"modified":"2022-08-15T13:48:49","modified_gmt":"2022-08-15T11:48:49","slug":"religion","status":"publish","type":"page","link":"https:\/\/wordpress.nibis.de\/gsvienen\/religion\/","title":{"rendered":"Religion"},"content":{"rendered":"<p><span style=\"font-family: 'comic sans ms', sans-serif\">F\u00fcr das Fach Religion sind die Schuleigenen Arbeitspl\u00e4ne f\u00fcr die Klassen 1 bis 4 in einem Dokument zusammengefasst. Die Fachkonferenz steht aktuell in der Erarbeitung aktualisierter Pl\u00e4ne. Grundlage ist das Kerncurriculum &#8222;Evangelische Religion Grundschule &#8211; 01.08.2020&#8220;.\u00a0<\/span><\/p>\n<p><span style=\"font-family: 'comic sans ms', sans-serif\">Auf der Fachkonferenz am 23.03.2022 wurde der Arbeitsplan beschlossen. Den Plan k\u00f6nnen Sie sich hier ansehen\u00a0 <a href=\"https:\/\/wordpress.nibis.de\/gsvienen\/files\/2022\/03\/SAP-Religion-mit-Bewertungsmassstaeben.pdf\" target=\"_blank\" rel=\"noopener noreferrer\"><img loading=\"lazy\" decoding=\"async\" class=\"alignnone wp-image-1055 size-full\" src=\"https:\/\/wordpress.nibis.de\/gsvienen\/files\/2017\/08\/doorin2.gif\" alt=\"\" width=\"34\" height=\"33\" \/><\/a>.\u00a0<\/span><\/p>\n<p><span style=\"font-family: 'comic sans ms', sans-serif\">Die Bewertungsma\u00dfst\u00e4be sind hier einsehbar <a href=\"https:\/\/wordpress.nibis.de\/gsvienen\/files\/2021\/04\/Bewertungsma\u00dfst\u00e4be-Evangelische-Religion-Stand-24.3.21.pdf\" target=\"_blank\" rel=\"noopener noreferrer\"><img loading=\"lazy\" decoding=\"async\" class=\"alignnone size-full wp-image-1055\" src=\"https:\/\/wordpress.nibis.de\/gsvienen\/files\/2017\/08\/doorin2.gif\" alt=\"\" width=\"34\" height=\"33\" \/><\/a>&#8230;<\/span><\/p>\n\n","protected":false},"excerpt":{"rendered":"<p>F\u00fcr das Fach Religion sind die Schuleigenen Arbeitspl\u00e4ne f\u00fcr die Klassen 1 bis 4 in einem Dokument zusammengefasst. Die Fachkonferenz steht aktuell in der Erarbeitung aktualisierter Pl\u00e4ne. Grundlage ist das Kerncurriculum &#8222;Evangelische Religion Grundschule &#8211; 01.08.2020&#8220;.\u00a0 Auf der Fachkonferenz am 23.03.2022 wurde der Arbeitsplan beschlossen. Den Plan k\u00f6nnen Sie sich hier ansehen\u00a0 .\u00a0 Die Bewertungsma\u00dfst\u00e4be &hellip; <a href=\"https:\/\/wordpress.nibis.de\/gsvienen\/religion\/\" class=\"more-link\">Weiterlesen <span class=\"screen-reader-text\">Religion<\/span><\/a><\/p>\n","protected":false},"author":1286,"featured_media":0,"parent":0,"menu_order":0,"comment_status":"closed","ping_status":"closed","template":"","meta":{"footnotes":""},"class_list":["post-2228","page","type-page","status-publish","hentry","without-featured-image"],"_links":{"self":[{"href":"https:\/\/wordpress.nibis.de\/gsvienen\/wp-json\/wp\/v2\/pages\/2228","targetHints":{"allow":["GET"]}}],"collection":[{"href":"https:\/\/wordpress.nibis.de\/gsvienen\/wp-json\/wp\/v2\/pages"}],"about":[{"href":"https:\/\/wordpress.nibis.de\/gsvienen\/wp-json\/wp\/v2\/types\/page"}],"author":[{"embeddable":true,"href":"https:\/\/wordpress.nibis.de\/gsvienen\/wp-json\/wp\/v2\/users\/1286"}],"replies":[{"embeddable":true,"href":"https:\/\/wordpress.nibis.de\/gsvienen\/wp-json\/wp\/v2\/comments?post=2228"}],"version-history":[{"count":8,"href":"https:\/\/wordpress.nibis.de\/gsvienen\/wp-json\/wp\/v2\/pages\/2228\/revisions"}],"predecessor-version":[{"id":2544,"href":"https:\/\/wordpress.nibis.de\/gsvienen\/wp-json\/wp\/v2\/pages\/2228\/revisions\/2544"}],"wp:attachment":[{"href":"https:\/\/wordpress.nibis.de\/gsvienen\/wp-json\/wp\/v2\/media?parent=2228"}],"curies":[{"name":"wp","href":"https:\/\/api.w.org\/{rel}","templated":true}]}}