{"id":2893,"date":"2025-05-05T14:09:34","date_gmt":"2025-05-05T12:09:34","guid":{"rendered":"https:\/\/wordpress.nibis.de\/gsvienen\/?page_id=2893"},"modified":"2025-05-06T13:34:06","modified_gmt":"2025-05-06T11:34:06","slug":"lesepause","status":"publish","type":"page","link":"https:\/\/wordpress.nibis.de\/gsvienen\/lesepause\/","title":{"rendered":"Lesepause"},"content":{"rendered":"\n<p class=\"has-text-align-center\"><strong>Wann?<\/strong> dienstags und donnerstags in der 1. gro\u00dfen Pause<\/p>\n\n\n\n<p class=\"has-text-align-center\"><strong>Wo?<\/strong> im Teppichraum oben im Neubau<\/p>\n\n\n\n<p class=\"has-text-align-center\">B\u00dcCHERSPENDEN SIND HERZLICH WILLKOMMEN!<\/p>\n\n\n\n<p><img loading=\"lazy\" decoding=\"async\" class=\"alignnone size-medium wp-image-2902 aligncenter\" src=\"https:\/\/wordpress.nibis.de\/gsvienen\/files\/2025\/05\/PXL_20250429_080022086-300x225.jpg\" alt=\"\" width=\"300\" height=\"225\" srcset=\"https:\/\/wordpress.nibis.de\/gsvienen\/files\/2025\/05\/PXL_20250429_080022086-300x225.jpg 300w, https:\/\/wordpress.nibis.de\/gsvienen\/files\/2025\/05\/PXL_20250429_080022086-800x600.jpg 800w, https:\/\/wordpress.nibis.de\/gsvienen\/files\/2025\/05\/PXL_20250429_080022086-768x576.jpg 768w, https:\/\/wordpress.nibis.de\/gsvienen\/files\/2025\/05\/PXL_20250429_080022086-1536x1152.jpg 1536w, https:\/\/wordpress.nibis.de\/gsvienen\/files\/2025\/05\/PXL_20250429_080022086-2048x1536.jpg 2048w, https:\/\/wordpress.nibis.de\/gsvienen\/files\/2025\/05\/PXL_20250429_080022086-507x380.jpg 507w\" sizes=\"auto, (max-width: 300px) 100vw, 300px\" \/><\/p>\n\n\n\n<p class=\"has-text-align-center\"><span style=\"font-family: tahoma, arial, helvetica, sans-serif\"><b>Warum kommt ihr in die Lesepause? <\/b><\/span><\/p>\n\n\n\n<p class=\"has-small-font-size\">&#8222;<span style=\"font-family: tahoma, arial, helvetica, sans-serif\">Weil das sehr viel Spa\u00df macht und man sich runterfahren kann. Es ist ziemlich sch\u00f6n hier und ruhig zum Lesen. Ich lese einfach sehr gerne.<\/span> <span style=\"font-family: tahoma, arial, helvetica, sans-serif\">Das ist f\u00fcr Gro\u00dfe und Kleine und die B\u00fccher sind ganz verschieden. Es gibt zum Beispiel Witzeb\u00fccher und Geschichten, das ist sehr abwechslungsreich<\/span>.&#8220; <span style=\"font-family: tahoma, arial, helvetica, sans-serif\"><em>(Annika, Kl. 4)<\/em><\/span><\/p>\n\n\n\n<p class=\"has-text-align-right has-small-font-size\" style=\"text-align: left\"><span style=\"font-family: tahoma, arial, helvetica, sans-serif\">&#8222;Hier gibt es so viele B\u00fccher. Oft bringe ich aber auch ein eigenes Buch mit, das kann ich dann in der Pause weiterlesen.&#8220; <em>(Lea, Kl. 4)<\/em><\/span><\/p>\n\n\n\n<p class=\"has-small-font-size\"><span style=\"font-family: tahoma, arial, helvetica, sans-serif\">&#8222;Ich finde, dass es in der Lesepause cool ist. Dann muss man nicht drau\u00dfen sein, sondern kann hier drinnen sein und es sich im Sitzsack gem\u00fctlich machen und lesen.&#8220; <em>(Nila, Kl. 3)<\/em><\/span><\/p>\n\n\n\n<p class=\"has-text-align-left has-small-font-size\"><span style=\"font-family: tahoma, arial, helvetica, sans-serif\">&#8222;Ich finde die B\u00fccher spannend, die es hier gibt, deshalb finde ich das sch\u00f6n und komme oft hierher. Ich lese gerne und interessiere mich besonders f\u00fcr die Titanic oder auch f\u00fcr andere B\u00fccher \u00fcber Schiffe. Auf jeden Fall gibt es hier richtig viele tolle B\u00fccher. Die Lesepause findet im Teppichraum ganz oben im Neubau statt. Da ist ein blauer Teppich, dann gibt es da auch noch so eine S\u00e4ule, wo Pixib\u00fccher dran sind f\u00fcr die, die eher kleinere B\u00fccher lesen oder angucken wollen. Dann gibt es noch ganz gro\u00dfe und dicke B\u00fccher und es gibt mittelgro\u00dfe, es gibt Minecraft-B\u00fccher, Titanic-B\u00fccher, Abenteuergeschichten oder auch Tiergeschichten. Wenn man bei den Ersten in der Lesepause ist, kann man sich in einen der Sitzs\u00e4cke legen f\u00fcr 10 Minuten, dann klingelt der Timer und dann ist Sitzsackwechsel.&#8220; <em>(Finn, Kl. 4)<\/em><\/span><\/p>\n\n\n","protected":false},"excerpt":{"rendered":"<p>Wann? dienstags und donnerstags in der 1. gro\u00dfen Pause Wo? im Teppichraum oben im Neubau B\u00dcCHERSPENDEN SIND HERZLICH WILLKOMMEN! Warum kommt ihr in die Lesepause? &#8222;Weil das sehr viel Spa\u00df macht und man sich runterfahren kann. Es ist ziemlich sch\u00f6n hier und ruhig zum Lesen. Ich lese einfach sehr gerne. Das ist f\u00fcr Gro\u00dfe und &hellip; <a href=\"https:\/\/wordpress.nibis.de\/gsvienen\/lesepause\/\" class=\"more-link\">Weiterlesen <span class=\"screen-reader-text\">Lesepause<\/span><\/a><\/p>\n","protected":false},"author":9194412,"featured_media":0,"parent":0,"menu_order":0,"comment_status":"closed","ping_status":"closed","template":"","meta":{"footnotes":""},"class_list":["post-2893","page","type-page","status-publish","hentry","without-featured-image"],"_links":{"self":[{"href":"https:\/\/wordpress.nibis.de\/gsvienen\/wp-json\/wp\/v2\/pages\/2893","targetHints":{"allow":["GET"]}}],"collection":[{"href":"https:\/\/wordpress.nibis.de\/gsvienen\/wp-json\/wp\/v2\/pages"}],"about":[{"href":"https:\/\/wordpress.nibis.de\/gsvienen\/wp-json\/wp\/v2\/types\/page"}],"author":[{"embeddable":true,"href":"https:\/\/wordpress.nibis.de\/gsvienen\/wp-json\/wp\/v2\/users\/9194412"}],"replies":[{"embeddable":true,"href":"https:\/\/wordpress.nibis.de\/gsvienen\/wp-json\/wp\/v2\/comments?post=2893"}],"version-history":[{"count":5,"href":"https:\/\/wordpress.nibis.de\/gsvienen\/wp-json\/wp\/v2\/pages\/2893\/revisions"}],"predecessor-version":[{"id":2939,"href":"https:\/\/wordpress.nibis.de\/gsvienen\/wp-json\/wp\/v2\/pages\/2893\/revisions\/2939"}],"wp:attachment":[{"href":"https:\/\/wordpress.nibis.de\/gsvienen\/wp-json\/wp\/v2\/media?parent=2893"}],"curies":[{"name":"wp","href":"https:\/\/api.w.org\/{rel}","templated":true}]}}