{"id":3265,"date":"2026-02-04T22:10:03","date_gmt":"2026-02-04T21:10:03","guid":{"rendered":"https:\/\/wordpress.nibis.de\/gsvienen\/?page_id=3265"},"modified":"2026-03-15T11:44:58","modified_gmt":"2026-03-15T10:44:58","slug":"luchspatenschaft-mit-dem-nationalpark-harz","status":"publish","type":"page","link":"https:\/\/wordpress.nibis.de\/gsvienen\/luchspatenschaft-mit-dem-nationalpark-harz\/","title":{"rendered":"Luchspatenschaft mit dem Nationalpark Harz"},"content":{"rendered":"\n\n\n<p>Dezember 2025 <\/p>\n\n\n\n<p><strong>Luchspatenschaft der Luchsklasse<\/strong><\/p>\n\n\n\n<p>Passender k\u00f6nnte es kaum sein: Die Luchsklasse unserer Schule hat eine Luchspatenschaft in Zusammenarbeit mit dem Nationalpark Harz \u00fcbernommen! Unser Patenluchs hei\u00dft <strong>Rikki<\/strong> und lebt, gemeinsam mit dem Luchs Reto, im Luchsgehege an den Rabenklippen in Bad Harzburg. F\u00fcr unser erstes offizielles Kennenlernen hat sich die Luchsklasse nat\u00fcrlich vorbereitet: Wir haben Luchsttirnb\u00e4nder gebastelt und einen gro\u00dfen Banner mit unseren Handabdr\u00fccken erstellt. Wir freuen uns darauf, Rikki auf ihrem Weg zu begleiten und noch viel \u00fcber den Lebensraum der Luchse zu lernen. <\/p>\n\n\n\n\n\n<figure class=\"wp-block-gallery has-nested-images columns-default is-cropped wp-block-gallery-1 is-layout-flex wp-block-gallery-is-layout-flex\">\n<figure class=\"wp-block-image size-large\"><img loading=\"lazy\" decoding=\"async\" width=\"657\" height=\"495\" data-id=\"3281\" src=\"https:\/\/wordpress.nibis.de\/gsvienen\/files\/2026\/02\/Luchsklasse.png\" alt=\"\" class=\"wp-image-3281\" srcset=\"https:\/\/wordpress.nibis.de\/gsvienen\/files\/2026\/02\/Luchsklasse.png 657w, https:\/\/wordpress.nibis.de\/gsvienen\/files\/2026\/02\/Luchsklasse-300x226.png 300w, https:\/\/wordpress.nibis.de\/gsvienen\/files\/2026\/02\/Luchsklasse-100x75.png 100w, https:\/\/wordpress.nibis.de\/gsvienen\/files\/2026\/02\/Luchsklasse-504x380.png 504w\" sizes=\"auto, (max-width: 657px) 100vw, 657px\" \/><\/figure>\n<\/figure>\n\n\n\n<p>&nbsp;<\/p>\n<p>17.Dezember 2025<\/p>\n<p class=\"cvGsUA direction-ltr align-start para-style-body\"><span class=\"a_GcMg font-feature-liga-off font-feature-clig-off font-feature-calt-off text-decoration-none text-strikethrough-none\"><strong>Wir treffen Rikki<\/strong><\/span><\/p>\n<p class=\"cvGsUA direction-ltr align-start para-style-body\"><span class=\"a_GcMg font-feature-liga-off font-feature-clig-off font-feature-calt-off text-decoration-none text-strikethrough-none\">Endlich war es soweit &#8211; unsere Vorfreude war riesig. Nach dem Fr\u00fchst\u00fcck in der Schule holten uns drei Transporter des Nationalparks ab und brachten uns zum Luchsgehege an den Rabenklippen in Bad Harzburg. Schon die Fahrt dorthin war ein echtes Highlight. Nach unserer Ankunft hatten wir zun\u00e4chst Zeit zum Spielen, bevor wir offiziell von Dr. Pietsch begr\u00fc\u00dft wurden. Anschlie\u00dfend sollte Rikki gemeinsam mit ihrem Luchspartner gef\u00fcttert werden. Leider waren beide an diesem Tag noch sehr sch\u00fcchtern und zeigten sich nur kurz zu Beginn. Nachdem unsere Luchspatenschaft feierlich mit der Luchspfote besiegelt worden war, wurde auch der Name des zweiten Luchses bekannt gegeben. Jede Klasse erhielt au\u00dferdem ein Bild ihres Luchses als Geschenk.&nbsp;<\/span><span class=\"a_GcMg font-feature-liga-off font-feature-clig-off font-feature-calt-off text-decoration-none text-strikethrough-none\">Nach einer weiteren kurzen Spielpause traten wir schlie\u00dflich die R\u00fcckfahrt nach Vienenburg an \u2013 mit vielen neuen Eindr\u00fccken und sch\u00f6nen Erinnerungen im Gep\u00e4ck.<\/span><\/p>\n\n\n<div class=\"wp-block-image\">\n<figure class=\"aligncenter size-large is-resized\"><img loading=\"lazy\" decoding=\"async\" width=\"800\" height=\"600\" src=\"https:\/\/wordpress.nibis.de\/gsvienen\/files\/2026\/02\/IMG_8547-800x600.jpeg\" alt=\"\" class=\"wp-image-3282\" style=\"width:570px;height:auto\" srcset=\"https:\/\/wordpress.nibis.de\/gsvienen\/files\/2026\/02\/IMG_8547-800x600.jpeg 800w, https:\/\/wordpress.nibis.de\/gsvienen\/files\/2026\/02\/IMG_8547-300x225.jpeg 300w, https:\/\/wordpress.nibis.de\/gsvienen\/files\/2026\/02\/IMG_8547-768x576.jpeg 768w, https:\/\/wordpress.nibis.de\/gsvienen\/files\/2026\/02\/IMG_8547-100x75.jpeg 100w, https:\/\/wordpress.nibis.de\/gsvienen\/files\/2026\/02\/IMG_8547-1536x1152.jpeg 1536w, https:\/\/wordpress.nibis.de\/gsvienen\/files\/2026\/02\/IMG_8547-2048x1536.jpeg 2048w, https:\/\/wordpress.nibis.de\/gsvienen\/files\/2026\/02\/IMG_8547-507x380.jpeg 507w\" sizes=\"auto, (max-width: 800px) 100vw, 800px\" \/><\/figure>\n<\/div>\n\n\n\n\n<div class=\"wp-block-buttons is-layout-flex wp-block-buttons-is-layout-flex\">\n<div class=\"wp-block-button is-style-outline is-style-outline--2\"><a class=\"wp-block-button__link has-small-font-size has-custom-font-size wp-element-button\" href=\"https:\/\/www.nationalpark-harz.de\/de\/aktuelles\/2026\/2026_01_02_Luchspatenschaft\/\">Artikel des Nationalparks<\/a><\/div>\n<\/div>\n\n\n\n<p>\u00a0<\/p>\n<p><strong>Sie m\u00f6chten mehr \u00fcber den Luchs und den Nationlapark erfahren?<\/strong><\/p>\n\n\n\n<div class=\"wp-block-buttons is-layout-flex wp-block-buttons-is-layout-flex\">\n<div class=\"wp-block-button is-style-outline is-style-outline--3\"><a class=\"wp-block-button__link has-small-font-size has-custom-font-size wp-element-button\" href=\"https:\/\/www.nationalpark-harz.de\/de\/startseite\/\">Nationalpark Harz<\/a><\/div>\n\n\n\n<div class=\"wp-block-button is-style-outline is-style-outline--4\"><a class=\"wp-block-button__link has-small-font-size has-custom-font-size wp-element-button\" href=\"https:\/\/www.luchsprojekt-harz.de\/\">Luchsprojekt Harz<\/a><\/div>\n\n\n\n<div class=\"wp-block-button has-custom-width wp-block-button__width-25 is-style-outline is-style-outline--5\"><a class=\"wp-block-button__link has-small-font-size has-custom-font-size wp-element-button\" href=\"https:\/\/www.nationalparkhaus-sanktandreasberg.de\/luchsprojekt\/de\/luchse-erleben\/luchsgehege-cam\/?show=false?settings=show&amp;page-style=schwarz\">Luchs -Cam<\/a><\/div>\n<\/div>\n\n\n\n\n\n<p>\u00a0<\/p>\n<div class=\"wp-block-buttons\"><\/div>\n<p><!-- \/wp:post-content --><\/p>\n<!-- \/wp:tadv\/classic-paragraph -->\n\n<!-- wp:group {\"layout\":{\"type\":\"constrained\"}} -->\n<div class=\"wp-block-group\"><\/div>\n<!-- \/wp:group -->\n\n<!-- wp:tadv\/classic-paragraph \/-->\n\n<!-- wp:tadv\/classic-paragraph \/-->\n\n<!-- wp:tadv\/classic-paragraph \/-->\n\n<!-- wp:tadv\/classic-paragraph \/-->","protected":false},"excerpt":{"rendered":"<p>Dezember 2025 Luchspatenschaft der Luchsklasse Passender k\u00f6nnte es kaum sein: Die Luchsklasse unserer Schule hat eine Luchspatenschaft in Zusammenarbeit mit dem Nationalpark Harz \u00fcbernommen! Unser Patenluchs hei\u00dft Rikki und lebt, gemeinsam mit dem Luchs Reto, im Luchsgehege an den Rabenklippen in Bad Harzburg. F\u00fcr unser erstes offizielles Kennenlernen hat sich die Luchsklasse nat\u00fcrlich vorbereitet: Wir &hellip; <a href=\"https:\/\/wordpress.nibis.de\/gsvienen\/luchspatenschaft-mit-dem-nationalpark-harz\/\" class=\"more-link\">Weiterlesen <span class=\"screen-reader-text\">Luchspatenschaft mit dem Nationalpark Harz<\/span><\/a><\/p>\n","protected":false},"author":9194413,"featured_media":0,"parent":0,"menu_order":0,"comment_status":"closed","ping_status":"closed","template":"","meta":{"footnotes":""},"class_list":["post-3265","page","type-page","status-publish","hentry","without-featured-image"],"_links":{"self":[{"href":"https:\/\/wordpress.nibis.de\/gsvienen\/wp-json\/wp\/v2\/pages\/3265","targetHints":{"allow":["GET"]}}],"collection":[{"href":"https:\/\/wordpress.nibis.de\/gsvienen\/wp-json\/wp\/v2\/pages"}],"about":[{"href":"https:\/\/wordpress.nibis.de\/gsvienen\/wp-json\/wp\/v2\/types\/page"}],"author":[{"embeddable":true,"href":"https:\/\/wordpress.nibis.de\/gsvienen\/wp-json\/wp\/v2\/users\/9194413"}],"replies":[{"embeddable":true,"href":"https:\/\/wordpress.nibis.de\/gsvienen\/wp-json\/wp\/v2\/comments?post=3265"}],"version-history":[{"count":10,"href":"https:\/\/wordpress.nibis.de\/gsvienen\/wp-json\/wp\/v2\/pages\/3265\/revisions"}],"predecessor-version":[{"id":3390,"href":"https:\/\/wordpress.nibis.de\/gsvienen\/wp-json\/wp\/v2\/pages\/3265\/revisions\/3390"}],"wp:attachment":[{"href":"https:\/\/wordpress.nibis.de\/gsvienen\/wp-json\/wp\/v2\/media?parent=3265"}],"curies":[{"name":"wp","href":"https:\/\/api.w.org\/{rel}","templated":true}]}}