{"id":81,"date":"2019-06-28T07:47:25","date_gmt":"2019-06-28T05:47:25","guid":{"rendered":"https:\/\/wordpress.nibis.de\/gsvisbek\/?page_id=81"},"modified":"2025-12-05T09:49:06","modified_gmt":"2025-12-05T08:49:06","slug":"schulvorstand","status":"publish","type":"page","link":"https:\/\/wordpress.nibis.de\/gsvisbek\/schulvorstand\/","title":{"rendered":"Schulvorstand"},"content":{"rendered":"\n<p>Schulvorstand der Gerbertschule<\/p>\n<p>Mit Inkrafttreten des Gesetzes zur Einf\u00fchrung der Eigenverantwortlichen Schule am 01.08.2007 gibt es den Schulvorstand als Gremium. Er setzt sich je zur H\u00e4lfte aus Vertretern der Lehrkr\u00e4fte oder der p\u00e4dagogischen Mitarbeiter und der Erziehungsberechtigten sowie dem Schulleiter zusammen. Ein Vertreter des Schultr\u00e4gers wird zu den Sitzungen eingeladen.<\/p>\n<p>Der Schulvorstand \u00fcberpr\u00fcft und entscheidet u.a. \u00fcber<\/p>\n<ul>\n<li>den Etat der Schule<\/li>\n<li>die Ausgestaltung der Stundentafel<\/li>\n<li>den Einsatz p\u00e4dagogischer Mitarbeiter<\/li>\n<li>das Schulprogramm<\/li>\n<\/ul>\n<p>Die Vertreter der Erziehungsberechtigten werden vom Schulelternrat gew\u00e4hlt. Der Schulvorstand kann weitere Personen als beratende Mitglieder berufen. Den Vorsitz des Vorstandes f\u00fchrt der Schulleiter, der die Mitglieder auch \u00fcber alle wesentlichen Angelegenheiten der Schule unterrichtet.<\/p>\n<p>\u00a0<\/p>\n<p>Im aktuellen Schulvorstand beteiligen sich:\u00a0<\/p>\n<table style=\"height: 816px;border-color: #030303\">\n<tbody>\n<tr style=\"height: 60px\">\n<td style=\"width: 263.890625px;height: 240px;border-style: solid;border-color: #050505\" rowspan=\"4\">\n<p>Lehrkr\u00e4fte<\/p>\n<p>\u00a0<\/p>\n<p>\u00a0<\/p>\n<p>\u00a0<\/p>\n<p>\u00a0<\/p>\n<\/td>\n<td style=\"width: 296.125px;height: 60px;border-style: solid;border-color: #050505\">Kristin L\u00fcbberding<\/td>\n<\/tr>\n<tr style=\"height: 60px\">\n<td style=\"width: 296.125px;height: 60px;border-style: solid;border-color: #050505\">Anke Tepe<\/td>\n<\/tr>\n<tr style=\"height: 60px\">\n<td style=\"width: 296.125px;height: 60px;border-style: solid;border-color: #050505\">Steffen Molde<\/td>\n<\/tr>\n<tr style=\"height: 60px\">\n<td style=\"width: 296.125px;height: 60px;border-style: solid;border-color: #050505\">Thomas M\u00f6ller<\/td>\n<\/tr>\n<tr style=\"height: 88px\">\n<td style=\"width: 263.890625px;height: 148px;border-style: solid;border-color: #050505\" rowspan=\"2\">\n<p>stv. Lehrkr\u00e4fte\u00a0<\/p>\n<p>\u00a0<\/p>\n<\/td>\n<td style=\"width: 296.125px;height: 88px;border-style: solid;border-color: #050505\">Dorthe Ahrens-Warnke<\/td>\n<\/tr>\n<tr style=\"height: 60px\">\n<td style=\"width: 296.125px;height: 60px;border-style: solid;border-color: #050505\">Rebecca Meurer<\/td>\n<\/tr>\n<tr style=\"height: 60px\">\n<td style=\"width: 263.890625px;height: 268px;border-style: solid;border-color: #050505\" rowspan=\"4\">\n<p>Erziehungsberechtigte<\/p>\n<p>\u00a0<\/p>\n<p>\u00a0<\/p>\n<p>\u00a0<\/p>\n<p>\u00a0<\/p>\n<\/td>\n<td style=\"width: 296.125px;height: 60px;border-style: solid;border-color: #050505\">Angelika Becker-Peters<\/td>\n<\/tr>\n<tr style=\"height: 60px\">\n<td style=\"width: 296.125px;height: 60px;border-style: solid;border-color: #050505\">Hedy Emke<\/td>\n<\/tr>\n<tr style=\"height: 60px\">\n<td style=\"width: 296.125px;height: 60px;border-style: solid;border-color: #050505\">Hilke Kubisch<\/td>\n<\/tr>\n<tr style=\"height: 88px\">\n<td style=\"width: 296.125px;height: 88px;border-style: solid;border-color: #050505\">\n<p>Jana Nordmann<\/p>\n<\/td>\n<\/tr>\n<tr style=\"height: 64px\">\n<td style=\"width: 263.890625px;height: 96px;border-style: solid;border-color: #050505\" rowspan=\"2\">\n<p>stv. Erziehungsberechtigte\u00a0<\/p>\n<p>\u00a0<\/p>\n<\/td>\n<td style=\"width: 296.125px;height: 64px;border-style: solid;border-color: #050505\">\n<p>Lisa Hake<\/p>\n<\/td>\n<\/tr>\n<tr style=\"height: 32px\">\n<td style=\"width: 296.125px;height: 32px;border-style: solid;border-color: #050505\">\n<p>Stephanie Quatmann<\/p>\n<\/td>\n<\/tr>\n<\/tbody>\n<\/table>\n","protected":false},"excerpt":{"rendered":"<p>Schulvorstand der Gerbertschule Mit Inkrafttreten des Gesetzes zur Einf\u00fchrung der Eigenverantwortlichen Schule am 01.08.2007 gibt es den Schulvorstand als Gremium. Er setzt sich je zur H\u00e4lfte aus Vertretern der Lehrkr\u00e4fte oder der p\u00e4dagogischen Mitarbeiter und der Erziehungsberechtigten sowie dem Schulleiter zusammen. Ein Vertreter des Schultr\u00e4gers wird zu den Sitzungen eingeladen. Der Schulvorstand \u00fcberpr\u00fcft und entscheidet u.a. \u00fcber den Etat der Schule die Ausgestaltung der Stundentafel den Einsatz p\u00e4dagogischer Mitarbeiter das Schulprogramm Die Vertreter der Erziehungsberechtigten werden vom Schulelternrat gew\u00e4hlt. Der&#8230;<\/p>\n<p class=\"read-more\"><a class=\"btn btn-default\" href=\"https:\/\/wordpress.nibis.de\/gsvisbek\/schulvorstand\/\">Weiterlesen<span class=\"screen-reader-text\"> Weiterlesen<\/span><\/a><\/p>\n","protected":false},"author":9193181,"featured_media":0,"parent":0,"menu_order":0,"comment_status":"closed","ping_status":"closed","template":"","meta":{"footnotes":""},"class_list":["post-81","page","type-page","status-publish","hentry"],"_links":{"self":[{"href":"https:\/\/wordpress.nibis.de\/gsvisbek\/wp-json\/wp\/v2\/pages\/81","targetHints":{"allow":["GET"]}}],"collection":[{"href":"https:\/\/wordpress.nibis.de\/gsvisbek\/wp-json\/wp\/v2\/pages"}],"about":[{"href":"https:\/\/wordpress.nibis.de\/gsvisbek\/wp-json\/wp\/v2\/types\/page"}],"author":[{"embeddable":true,"href":"https:\/\/wordpress.nibis.de\/gsvisbek\/wp-json\/wp\/v2\/users\/9193181"}],"replies":[{"embeddable":true,"href":"https:\/\/wordpress.nibis.de\/gsvisbek\/wp-json\/wp\/v2\/comments?post=81"}],"version-history":[{"count":13,"href":"https:\/\/wordpress.nibis.de\/gsvisbek\/wp-json\/wp\/v2\/pages\/81\/revisions"}],"predecessor-version":[{"id":3277,"href":"https:\/\/wordpress.nibis.de\/gsvisbek\/wp-json\/wp\/v2\/pages\/81\/revisions\/3277"}],"wp:attachment":[{"href":"https:\/\/wordpress.nibis.de\/gsvisbek\/wp-json\/wp\/v2\/media?parent=81"}],"curies":[{"name":"wp","href":"https:\/\/api.w.org\/{rel}","templated":true}]}}