{"id":193,"date":"2018-09-22T18:09:44","date_gmt":"2018-09-22T16:09:44","guid":{"rendered":"http:\/\/wordpress.nibis.de\/gsvolkmarode\/?page_id=193"},"modified":"2026-03-19T12:56:42","modified_gmt":"2026-03-19T11:56:42","slug":"schul-abc","status":"publish","type":"page","link":"https:\/\/wordpress.nibis.de\/gsvolkmarode\/schule\/schul-abc\/","title":{"rendered":"Schul &#8211; ABC"},"content":{"rendered":"<p style=\"font-weight: 400\"><strong>A<\/strong><\/p>\n<p style=\"font-weight: 400\">Aktivit\u00e4ten:<\/p>\n<p style=\"font-weight: 400\">Die Schule bietet f\u00fcr Sch\u00fcler, Eltern und Lehrerinnen jede Menge M\u00f6glichkeiten aktiv zu werden: Ausfl\u00fcge, Feste, Arbeitsgemeinschaften, Bundesjugendspiele, musizieren, Klassenfahrten, Projekte, Theaterbesuche, Besichtigungen, Vorf\u00fchrungen, Konzerte, Lesungen und vieles mehr.<\/p>\n<p style=\"font-weight: 400\"><strong>B<\/strong><\/p>\n<p style=\"font-weight: 400\">B\u00fccherei:<\/p>\n<p style=\"font-weight: 400\">Seit dem Schuljahr 2009\/2010 befindet sich\u00a0 die Volkmaroder Filiale der st\u00e4dtischen B\u00fccherei im Gemeindehaus.\u00a0\u00a0Wir wollen nach M\u00f6glichkeit alle vier Wochen den Weg durch das Dorf starten um in der Ortsb\u00fccherei flei\u00dfig B\u00fccher auszuleihen.<\/p>\n<p style=\"font-weight: 400\">Bibliothek:<\/p>\n<p style=\"font-weight: 400\">Seit 2007 besitzen wir eine schuleigene Bibliothek, die mit Hilfe der B\u00fcrgerstiftung entstanden ist und auch weiter durch diese gef\u00f6rdert wird.<\/p>\n<p style=\"font-weight: 400\"><strong>C<\/strong><\/p>\n<p style=\"font-weight: 400\">Chorklasse:<\/p>\n<p style=\"font-weight: 400\">Unsere ersten Chorklassen bringen mit viel Schwung und Spa\u00df \u2013 ein Ohrenschmaus!<\/p>\n<p style=\"font-weight: 400\">Computer:<\/p>\n<p style=\"font-weight: 400\">Zurzeit besitzt die Schule 23 Computer, an denen sich unsere Kinder mit dieser immer wichtiger werdenden neuen Technologie vertraut machen k\u00f6nnen. Die Schule verf\u00fcgt \u00fcber sogenannte PC-Inseln in den Klassenr\u00e4umen und \u00fcber einen Computerraum mit 20 Sch\u00fclerpl\u00e4tzen an 11 PC\u2019s. Ab 2009 werden alle Klassenr\u00e4ume \u00fcber PC-Inseln verf\u00fcgen und IServ-vernetzt sein.<\/p>\n<p style=\"font-weight: 400\"><strong>D<\/strong><\/p>\n<p style=\"font-weight: 400\">Deutsch:<\/p>\n<p style=\"font-weight: 400\">ist eine schwere Sprache\u2026 Deutsch kann man lernen und erleben in der Sprachfr\u00fchf\u00f6rderung, im Unterricht, im Theater, bei Lesungen, bei der Herstellung der Schulzeitung.<\/p>\n<p style=\"font-weight: 400\"><strong>E<\/strong><\/p>\n<p style=\"font-weight: 400\">Eltern:<\/p>\n<p style=\"font-weight: 400\">Die Eltern sind f\u00fcr das Schulleben unserer Schule eine tragende S\u00e4ule: In den Klassen, im Schulelternrat, im Schulverein und im Schulvorstand.<\/p>\n<p style=\"font-weight: 400\">Elternsprechtag:<\/p>\n<p style=\"font-weight: 400\">Der Elternsprechtag bietet die M\u00f6glichkeit eines ausgiebigen Gespr\u00e4chs mit den Lehrerinnen, den die Eltern nicht auslassen sollten. Wir bieten 1 x im Schuljahr einen Elternsprechtag an.<\/p>\n<p><span style=\"font-weight: 400\">\u00a0<\/span><\/p>\n<p style=\"font-weight: 400\">Englisch:<\/p>\n<p style=\"font-weight: 400\">Ab der dritten Klasse erhalten die Kinder w\u00f6chentlich 2 Stunden Englischunterricht.<\/p>\n<p style=\"font-weight: 400\"><strong>F<\/strong><\/p>\n<p style=\"font-weight: 400\">F\u00f6rdern und Fordern:<\/p>\n<p style=\"font-weight: 400\">steht an unserer Schule gleichberechtigt nebeneinander. Sowohl die schw\u00e4cheren (Integrationsklasse, Lernen unter einem Dach \u2026) als auch die st\u00e4rkeren Sch\u00fcler (z. B. f\u00fcr Projekte f\u00fcr hochleistungsf\u00e4hige Sch\u00fcler) werden nicht vernachl\u00e4ssigt.<\/p>\n<p style=\"font-weight: 400\">Fahrr\u00e4der:<\/p>\n<p style=\"font-weight: 400\">Schulkinder d\u00fcrfen erst nach bestandener Fahrradpr\u00fcfung mit dem eigenen Fahrrad in die Schule kommen. Die Pr\u00fcfung findet am Anfang des 4. Schuljahres statt. Die Schulfahrr\u00e4der stehen zum \u00dcben auf dem Verkehrsschulhof zur Verf\u00fcgung. Sie werden von Eltern instand gehalten.<\/p>\n<p style=\"font-weight: 400\"><strong>G<\/strong><\/p>\n<p style=\"font-weight: 400\">Gartenarbeit:<\/p>\n<p style=\"font-weight: 400\">In der Randstunde wird (meist ab Klasse 2) mit Liebe der Schulgarten gepflegt. Die Ernte wird dann gemeinsam in einem Festmahl verspeist.<\/p>\n<p style=\"font-weight: 400\">Gartenhaus:<\/p>\n<p style=\"font-weight: 400\">Seit einiger Zeit steht neben dem Schulgarten ein Gartenhaus f\u00fcr die Gartenger\u00e4te. Es wurde durch eine Elternspende finanziert und von Sch\u00fclern der Berufsbildenden Schule III aufgebaut.<\/p>\n<p style=\"font-weight: 400\"><strong>H<\/strong><\/p>\n<p style=\"font-weight: 400\">Hausaufgaben:<\/p>\n<p style=\"font-weight: 400\">Hausaufgaben m\u00fcssen sein \u2013 nicht zu viel und nicht zu wenig; in den Klassenstufen 1, 2 bis zu 30 Minuten und in den Klassenstufen 3, 4 bis zu 45 Minuten insgesamt.<\/p>\n<p style=\"font-weight: 400\">Hausmeister:<\/p>\n<p style=\"font-weight: 400\">Ersthelfer, Sicherheitsbeauftragter, regelt Sorgen und N\u00f6te<\/p>\n<p style=\"font-weight: 400\"><strong>I<\/strong><\/p>\n<p style=\"font-weight: 400\">Integration:<\/p>\n<p style=\"font-weight: 400\">Zieldifferente F\u00f6rderung f\u00fcr Kinder mit sonderp\u00e4dagogischem F\u00f6rderbedarf innerhalb des Klassenverbandes. Die Schule ist RIK-Schule, d. h. sie nimmt teil am Regionalen Integrationskonzept Braunschweiger Grundschulen.<\/p>\n<p style=\"font-weight: 400\"><strong>J<\/strong><\/p>\n<p style=\"font-weight: 400\">Jugendbuchwoche:<\/p>\n<p style=\"font-weight: 400\">Eine Woche Aktionen rund um das Buch: Kinder lesen f\u00fcr Kinder, B\u00fccher aus eigener Herstellung, B\u00fcchertausch, Autorenlesungen.<\/p>\n<p style=\"font-weight: 400\"><strong>K<\/strong><\/p>\n<p style=\"font-weight: 400\">Kinder:<\/p>\n<p style=\"font-weight: 400\">Die Kinder spielen nat\u00fcrlich die Hauptrolle an der Schule.<\/p>\n<p style=\"font-weight: 400\">Klassenfahrten:<\/p>\n<p style=\"font-weight: 400\">Die Klassenfahrten der 3. oder 4. Klassen sind immer wieder ein tolles Erlebnis f\u00fcr die Sch\u00fcler. Beliebte Ziele sind z. B. Hohegei\u00df und Altenhausen, M\u00fcden\/Oertze.<\/p>\n<p style=\"font-weight: 400\">Kollegium:<\/p>\n<p style=\"font-weight: 400\">Unter dem Unterpunkt Team k\u00f6nnt ihr unsere Lehrkr\u00e4fte,\u00a0 Vertretungskr\u00e4fte und Betreuungskr\u00e4fte bewundern.<\/p>\n<p style=\"font-weight: 400\">Kooperationen:<\/p>\n<p style=\"font-weight: 400\">mit Kinderg\u00e4rten in Volkmarode und Schapen und mit der Oswald-Berkhan-Schule, mit Schulen und Kitas im Hochbegabtenverbund BS II, mit dem DRK, der B\u00fcrgerstiftung, mit Eintracht Braunschweig.<\/p>\n<p style=\"font-weight: 400\"><strong>L<\/strong><\/p>\n<p style=\"font-weight: 400\">Lernen unter einem Dach:<\/p>\n<p style=\"font-weight: 400\">hei\u00dft das Konzept zur Integration von Kindern mit sonderp\u00e4dagogischem F\u00f6rderbedarf im Lernen, in der Sprache und im sozial-emotionalen Verhalten. Unsere Schule hat bei der Ausgestaltung des Braunschweiger Integrationskonzeptes aktiv mitgewirkt.<\/p>\n<p style=\"font-weight: 400\"><strong>M<\/strong><\/p>\n<p style=\"font-weight: 400\">Musik:<\/p>\n<p style=\"font-weight: 400\">Die Musik spielt im Unterricht eine wichtige Rolle. Wir haben tolle Instrumente, kompetente Musiklehrerinnen, Super-Aktionen, Opernauff\u00fchrungen, Konzerte, Chor. Dar\u00fcber hinaus gibt es in Zusammenarbeit mit der St\u00e4dt. Musikschule zus\u00e4tzliche musikalische Angebote.<\/p>\n<p style=\"font-weight: 400\"><strong>N<\/strong><\/p>\n<p style=\"font-weight: 400\">Nachtlauf:<\/p>\n<p style=\"font-weight: 400\">Rege Teilnahme von Kindern, Eltern und Lehrern am Braunschweiger Nachtlauf. Es macht Riesenspa\u00df, dabei zu sein (auch als Zuschauer!).<\/p>\n<p style=\"font-weight: 400\"><strong>O<\/strong><\/p>\n<p style=\"font-weight: 400\">Online:<\/p>\n<p style=\"font-weight: 400\"><a href=\"http:\/\/www.gs-volkmarode.de\/\">www.gs-volkmarode.de<\/a><\/p>\n<p style=\"font-weight: 400\"><a href=\"&#109;&#x61;&#x69;&#108;&#x74;&#x6f;:&#x67;&#x73;&#46;&#118;&#x6f;l&#107;&#x6d;a&#114;&#x6f;d&#101;&#x40;b&#114;&#x61;&#x75;&#110;&#x73;&#x63;&#104;&#x77;&#x65;i&#x67;&#x2e;d&#101;\">gs&#46;&#118;&#111;&#108;&#107;&#x6d;&#x61;&#x72;&#x6f;&#x64;&#x65;&#x40;bra&#117;&#110;&#115;&#99;&#104;&#x77;&#x65;&#x69;&#x67;&#x2e;&#x64;e<\/a><\/p>\n<p style=\"font-weight: 400\"><strong>P<\/strong><\/p>\n<p style=\"font-weight: 400\">Pausen:<\/p>\n<p style=\"font-weight: 400\">In den Pausen k\u00f6nnen die Kinder Tischtennis, Basketball und Fu\u00dfball spielen, klettern, Gummitwisten\u00a0\u00a0\u00a0und vieles mehr.<\/p>\n<p style=\"font-weight: 400\">Projektwoche:<\/p>\n<p style=\"font-weight: 400\">In jedem Schuljahr wird eine Projektwoche veranstaltet, in der \u00fcber Klassen- und Fachgrenzen hinaus ein Thema erarbeitet und pr\u00e4sentiert wird. Das Thema dieses Schuljahres : Leben im Mittelalter<\/p>\n<p style=\"font-weight: 400\"><strong>Q<\/strong><\/p>\n<p style=\"font-weight: 400\">Qual, Quatsch, Qualit\u00e4t und Querdenker:<\/p>\n<p style=\"font-weight: 400\">Wer zum Buchstaben \u201eQ\u201c etwas Tolles findet, m\u00f6ge sich bei der Redaktion melden.<\/p>\n<p style=\"font-weight: 400\"><strong>R<\/strong><\/p>\n<p style=\"font-weight: 400\">Randstundenbetreuung:<\/p>\n<p style=\"font-weight: 400\">Zurzeit sind fast 100 Kinder in der Betreuungsstunde. Sie k\u00f6nnen sich aufteilen zum Hausaufgaben machen, Spielen im Freien oder zum Spielen und Basteln im Gruppenraum. Das Betreuungsteam: Frau Bleeke, Frau Herrmann, Frau Lamprecht, Frau Lages, Frau Pawlik und Frau Hagerodt.<\/p>\n<p style=\"font-weight: 400\"><strong>S<\/strong><\/p>\n<p style=\"font-weight: 400\">Schulreform:<\/p>\n<p style=\"font-weight: 400\">Vieles hat sich ge\u00e4ndert. Mit den Beratungsgespr\u00e4chen\u00a0 am Ende der 4. Klasse ist auch das Ende der Grundschulzeit in Sicht.\u00a0\u00a0Wir haben einen Schulvorstand, dem das Wohl der Kinder an unserer Schule am Herzen liegt.<\/p>\n<p style=\"font-weight: 400\">Spa\u00df:<\/p>\n<p style=\"font-weight: 400\">Schule kann Spa\u00df bringen, Schule soll Spa\u00df bringen, Schule bringt Spa\u00df in Volkmarode!<\/p>\n<p style=\"font-weight: 400\">Soziales Lernen:<\/p>\n<p>Pr\u00e4ventionscurriculum zur sozial-emotionalen Steuerung und zur Vermeidung von Aggressionen in Klasse 1 bis 4.<\/p>\n<p style=\"font-weight: 400\">Schulelternrat, Schulverein und Schulvorstand:<\/p>\n<p style=\"font-weight: 400\">In diesen Gremien k\u00f6nnen die Eltern aktiv das Schulleben beeinflussen. Schulelternrat, Schulvorstand und Schulverein bestehen auf unterschiedlicher Rechtsgrundlage, arbeiten aber gemeinsam mit dem Kollegium an der Qualit\u00e4tsentwicklung und der Bereicherung des Schullebens. Unterst\u00fctzungsbeispiele sind die Planung und Finanzierung des Wetterganges, der Aufbau des Bibliothekbestands, Medien- und Materialerweiterung, Sch\u00fclerunterst\u00fctzung, Schulhofgestaltung.<\/p>\n<p style=\"font-weight: 400\"><strong>T<\/strong><\/p>\n<p style=\"font-weight: 400\">Theater:<\/p>\n<p style=\"font-weight: 400\">Auff\u00fchrungen\u00a0\u00a0zur Verabschiedung der 4. Klassen und zur Einschulung der Schulanf\u00e4nger durch die Klassen 1 \/ 2,\u00a0\u00a0Weihnachtsauff\u00fchrung zum Weihnachtsgottesdienst durch die Theater-AG. In allen Klassenstufen regelm\u00e4\u00dfige Theaterbesuche.<\/p>\n<p style=\"font-weight: 400\"><strong>U<\/strong><\/p>\n<p style=\"font-weight: 400\">\u00dcbrigens:<\/p>\n<p style=\"font-weight: 400\">Nebenbei lernen die Kinder auch lesen, schreiben und rechnen!<\/p>\n<p style=\"font-weight: 400\"><strong>V<\/strong><\/p>\n<p style=\"font-weight: 400\">Verl\u00e4ssliche Grundschule:<\/p>\n<p style=\"font-weight: 400\">Seit dem Schuljahr 2002\/03 ist die verl\u00e4ssliche Grundschule eingef\u00fchrt, d. h. eine verl\u00e4ssliche Unterrichts- und Betreuungszeit der Schulkinder von 7:50 bis 12:50\u00a0Uhr ist garantiert.<\/p>\n<p style=\"font-weight: 400\">Verkehrserziehung:<\/p>\n<p style=\"font-weight: 400\">GRO\u00df geschrieben \u2013 enge Zusammenarbeit mit der Polizei.<\/p>\n<p style=\"font-weight: 400\"><strong>W<\/strong><\/p>\n<p style=\"font-weight: 400\">Weihnachten:<\/p>\n<p style=\"font-weight: 400\">Adventssingen, Weihnachtsgeschichten, Weihnachtsfeiern, Basteln, Backen, Musizieren.<\/p>\n<p style=\"font-weight: 400\"><strong>X<\/strong><\/p>\n<p style=\"font-weight: 400\">Xylophon:<\/p>\n<p style=\"font-weight: 400\">eine neue klangvolle Spende eines Sponsors zur Erweiterung unseres \u201eInstrumentenparks\u201c.<\/p>\n<p style=\"font-weight: 400\"><strong>Y<\/strong><\/p>\n<p style=\"font-weight: 400\">Ein Buchstabe, der in der Grundschule noch keine gro\u00dfe Rolle spielt.<\/p>\n<p style=\"font-weight: 400\"><strong>Z<\/strong><\/p>\n<p style=\"font-weight: 400\">Zeugnisse:<\/p>\n<p style=\"font-weight: 400\">Nat\u00fcrlich gibt es auch an unserer Schule Zeugnisse \u2013 und eigentlich braucht sich niemand davor zu f\u00fcrchten.<\/p>\n\n\n<div class=\"wp-block-buttons is-horizontal is-content-justification-center is-layout-flex wp-container-core-buttons-is-layout-499968f5 wp-block-buttons-is-layout-flex\">\n<div class=\"wp-block-button\"><a class=\"wp-block-button__link has-black-color has-pale-cyan-blue-background-color has-text-color has-background has-link-color wp-element-button\" href=\"https:\/\/wordpress.nibis.de\/gsvolkmarode\/schule\/information\/\">weiter zur &#8222;Lesenden Schule&#8220;<\/a><\/div>\n<\/div>\n","protected":false},"excerpt":{"rendered":"<p>A Aktivit\u00e4ten: Die Schule bietet f\u00fcr Sch\u00fcler, Eltern und Lehrerinnen jede Menge &hellip; <\/p>\n","protected":false},"author":9192484,"featured_media":0,"parent":5,"menu_order":4,"comment_status":"closed","ping_status":"closed","template":"","meta":{"footnotes":""},"class_list":["post-193","page","type-page","status-publish","hentry"],"_links":{"self":[{"href":"https:\/\/wordpress.nibis.de\/gsvolkmarode\/wp-json\/wp\/v2\/pages\/193","targetHints":{"allow":["GET"]}}],"collection":[{"href":"https:\/\/wordpress.nibis.de\/gsvolkmarode\/wp-json\/wp\/v2\/pages"}],"about":[{"href":"https:\/\/wordpress.nibis.de\/gsvolkmarode\/wp-json\/wp\/v2\/types\/page"}],"author":[{"embeddable":true,"href":"https:\/\/wordpress.nibis.de\/gsvolkmarode\/wp-json\/wp\/v2\/users\/9192484"}],"replies":[{"embeddable":true,"href":"https:\/\/wordpress.nibis.de\/gsvolkmarode\/wp-json\/wp\/v2\/comments?post=193"}],"version-history":[{"count":4,"href":"https:\/\/wordpress.nibis.de\/gsvolkmarode\/wp-json\/wp\/v2\/pages\/193\/revisions"}],"predecessor-version":[{"id":2712,"href":"https:\/\/wordpress.nibis.de\/gsvolkmarode\/wp-json\/wp\/v2\/pages\/193\/revisions\/2712"}],"up":[{"embeddable":true,"href":"https:\/\/wordpress.nibis.de\/gsvolkmarode\/wp-json\/wp\/v2\/pages\/5"}],"wp:attachment":[{"href":"https:\/\/wordpress.nibis.de\/gsvolkmarode\/wp-json\/wp\/v2\/media?parent=193"}],"curies":[{"name":"wp","href":"https:\/\/api.w.org\/{rel}","templated":true}]}}