{"id":120,"date":"2020-09-27T18:36:01","date_gmt":"2020-09-27T16:36:01","guid":{"rendered":"https:\/\/wordpress.nibis.de\/gswaggum\/?page_id=120"},"modified":"2026-02-16T15:35:01","modified_gmt":"2026-02-16T14:35:01","slug":"schulbus","status":"publish","type":"page","link":"https:\/\/wordpress.nibis.de\/gswaggum\/schulbus\/","title":{"rendered":"Schulbus"},"content":{"rendered":"<p><strong>Euer Schulbus<\/strong><\/p>\n<div class=\"ce_text article-right block\">\n<p>An alle Fahrsch\u00fclerInnen aus Waggum und Bevenrode !!<\/p>\n<p>Es ist ein gro\u00dfes Gl\u00fcck, dass ihr mit einem eigenen Schulbus zur Schule fahren d\u00fcrft. Ihr werdet von einem netten Busfahrer bis auf das Schulgel\u00e4nde gefahren und m\u00fcsst gar nicht mehr so weit laufen, wie zum Beispiel die Kinder aus Bienrode. So kommt ihr sicher zur Schule und wieder nach Hause.<\/p>\n<p>Wichtig ist aber, dass ihr euch an die Regeln haltet, damit die Fahrt auch sicher sein kann: Die Kleinen d\u00fcrfen sitzen, nicht schupsen, nicht schreien und vor allen Dingen auf den Busfahrer h\u00f6ren! Der Busfahrer muss auf den Verkehr achten und kann sich nicht um eure Streitereien k\u00fcmmern. Nehmt R\u00fccksicht aufeinander!<\/p>\n<p><strong>Regelung der Busabfahrten<\/strong><br \/><span style=\"text-decoration: underline\">Montag-Freitag:<\/span><\/p>\n<p>Abfahrt ca. um 12:45 Uhr (Bus nach Waggum):<\/p>\n<div class=\"ce_text article-left block\">\n<ul>\n<li>Nach Unterrichtsschluss gehen die Sch\u00fclerInnen selbstst\u00e4ndig zum Bus. Die aufsichtsf\u00fchrende Lehrkraft vergewissert sich, dass alle Sch\u00fclerInnen, die zu diesem Zeitpunkt Schulschluss haben, eingestiegen sind und gibt dem Busfahrer das Zeichen zur Abfahrt.<\/li>\n<\/ul>\n<p>Abfahrt gegen 13:05 Uhr (Bus nach Bevenrode):<\/p>\n<ul>\n<li>Alle Bevenroder Sch\u00fclerInnen stellen nach Unterrichtsschluss ihre Schultaschen auf dem Anstellplatz ihrer Klasse ab. Bis zur Busabfahrt spielen sie in Sichtweite der aufsichtsf\u00fchrenden Lehrkraft. Ab 12:55 Uhr h\u00e4lt ein Kind in der N\u00e4he des Eingangstores zum Sportplatz Ausschau nach dem Bus. Es meldet die Ankunft des Busses und stellt sich dann wie alle anderen zusammengerufenen Sch\u00fclerInnen auf dem Anstellplatz der jeweiligen Klasse auf. Die Lehrkraft verabschiedet die Sch\u00fclerInnen klassenweise, schickt sie zum Bus und gibt das Zeichen zur Abfahrt.<\/li>\n<\/ul>\n<p style=\"font-weight: 400\">Abfahrt f\u00fcr die 15-Uhr-Gruppen:<\/p>\n<ul style=\"font-weight: 400\">\n<li>Nach Betreuungsschluss um 15 Uhr werden ebenfalls zun\u00e4chst die Haltestellen in Waggum angefahren, bevor der Schulbus die Kinder, die nach Bevenrode fahren, an der Schule abholt (ca. 20 Minuten sp\u00e4ter).<\/li>\n<\/ul>\n<p style=\"font-weight: 400\">Abfahrt f\u00fcr die 16-Uhr-Gruppen:<\/p>\n<ul style=\"font-weight: 400\">\n<li>Nach Betreuungsschluss um 16 Uhr fahren die Kinder, die nach Waggum und die Kinder, die nach Bevenrode m\u00fcssen, zusammen in einem Schulbus.<\/li>\n<\/ul>\n<p>Die Busfahrzeiten k\u00f6nnen Sie <a href=\"https:\/\/wordpress.nibis.de\/gswaggum\/files\/2026\/01\/Busfahrzeiten_Grundschule-Waggum-1.pdf\">hier<\/a> herunterladen.\u00a0<\/p>\n<p><span style=\"text-decoration: underline\">F\u00fcr alle Tage gilt:<\/span><\/p>\n<p>Bei Regenwetter wird in der Pausenhalle auf die Ankunft des Busses gewartet.<\/p>\n<p>Kinder, die (von den Eltern) abgeholt werden, warten auf dem Schulhof!<\/p>\n<\/div>\n<\/div>\n\n\n<p><\/p>\n","protected":false},"excerpt":{"rendered":"<p>Euer Schulbus An alle Fahrsch\u00fclerInnen aus Waggum und Bevenrode !! Es ist ein gro\u00dfes Gl\u00fcck, dass ihr mit einem eigenen Schulbus zur Schule fahren d\u00fcrft. Ihr werdet von einem netten Busfahrer bis auf das Schulgel\u00e4nde gefahren und m\u00fcsst gar nicht mehr so weit laufen, wie zum Beispiel die Kinder aus Bienrode. So kommt ihr sicher [&hellip;]<\/p>\n","protected":false},"author":9193479,"featured_media":0,"parent":0,"menu_order":0,"comment_status":"closed","ping_status":"closed","template":"","meta":{"footnotes":""},"class_list":["post-120","page","type-page","status-publish","hentry"],"_links":{"self":[{"href":"https:\/\/wordpress.nibis.de\/gswaggum\/wp-json\/wp\/v2\/pages\/120","targetHints":{"allow":["GET"]}}],"collection":[{"href":"https:\/\/wordpress.nibis.de\/gswaggum\/wp-json\/wp\/v2\/pages"}],"about":[{"href":"https:\/\/wordpress.nibis.de\/gswaggum\/wp-json\/wp\/v2\/types\/page"}],"author":[{"embeddable":true,"href":"https:\/\/wordpress.nibis.de\/gswaggum\/wp-json\/wp\/v2\/users\/9193479"}],"replies":[{"embeddable":true,"href":"https:\/\/wordpress.nibis.de\/gswaggum\/wp-json\/wp\/v2\/comments?post=120"}],"version-history":[{"count":6,"href":"https:\/\/wordpress.nibis.de\/gswaggum\/wp-json\/wp\/v2\/pages\/120\/revisions"}],"predecessor-version":[{"id":853,"href":"https:\/\/wordpress.nibis.de\/gswaggum\/wp-json\/wp\/v2\/pages\/120\/revisions\/853"}],"wp:attachment":[{"href":"https:\/\/wordpress.nibis.de\/gswaggum\/wp-json\/wp\/v2\/media?parent=120"}],"curies":[{"name":"wp","href":"https:\/\/api.w.org\/{rel}","templated":true}]}}