{"id":106,"date":"2017-05-02T13:09:44","date_gmt":"2017-05-02T11:09:44","guid":{"rendered":"http:\/\/wordpress.nibis.de\/gswaldschulebb\/?page_id=106"},"modified":"2025-10-10T16:23:09","modified_gmt":"2025-10-10T14:23:09","slug":"foerderverein","status":"publish","type":"page","link":"https:\/\/wordpress.nibis.de\/gswaldschulebb\/?page_id=106","title":{"rendered":"F\u00f6rderverein"},"content":{"rendered":"\n<figure class=\"wp-block-pullquote is-style-default\"><blockquote><p>Kinder ben\u00f6tigen ein vielf\u00e4ltiges Angebot, um zu entdecken und mit Freude und Neugier zu lernen. Daf\u00fcr sind wir da!<\/p><\/blockquote><\/figure>\n\n\n<p><img loading=\"lazy\" decoding=\"async\" class=\"alignnone size-full wp-image-1165\" src=\"https:\/\/wordpress.nibis.de\/gswaldschulebb\/files\/2025\/01\/Bildschirmfoto-2025-01-02-um-15.13.08.png\" alt=\"\" width=\"1258\" height=\"1610\" srcset=\"https:\/\/wordpress.nibis.de\/gswaldschulebb\/files\/2025\/01\/Bildschirmfoto-2025-01-02-um-15.13.08.png 1258w, https:\/\/wordpress.nibis.de\/gswaldschulebb\/files\/2025\/01\/Bildschirmfoto-2025-01-02-um-15.13.08-768x983.png 768w, https:\/\/wordpress.nibis.de\/gswaldschulebb\/files\/2025\/01\/Bildschirmfoto-2025-01-02-um-15.13.08-1200x1536.png 1200w\" sizes=\"auto, (max-width: 1258px) 100vw, 1258px\" \/><\/p>\n<p><strong>F\u00fcr Spenden zu unserem Pr\u00e4ventionsprogramm &#8222;Mut Nein zu sagen&#8220; nutzen Sie bitte folgendes Konto:&nbsp; <\/strong><\/p>\n<p>F\u00f6rderverein Waldschule Bad Bevensen<br>IBAN: DE25 2586 2292 0005 8467 00<br>Volksbank Uelzen-Salzwedel<\/p>\n<p><strong>Eine Auswahl unserer bisherigen Projekte:<\/strong><\/p>\n<ul>\n<li>Anschaffung von B\u00fcchern und anderen Medien f\u00fcr die Schulbibliothek<\/li>\n<li>Zubeh\u00f6r f\u00fcr die Schulk\u00fcche: Kocht\u00f6pfe, Pfannen etc.<\/li>\n<li>Anschaffung von Fahrzeugen f\u00fcr die Pause zur Unterst\u00fctzung der Sch\u00fcler, Verbesserung der Motorik und des Gleichgewichtssinnes<\/li>\n<li>Einrichtung eines Snoezel-Raumes zur Entspannungsf\u00f6rderung.<\/li>\n<li>Lego-Technik-Bauk\u00e4sten f\u00fcr die Schule (AG-Angebot)<\/li>\n<li>Unterst\u00fctzung der Pr\u00e4ventionsarbeit (Medienpr\u00e4vention &#8211; Infoelternabend mit Smiley e.V., Mein K\u00f6rper geh\u00f6rt mir)<\/li>\n<\/ul>\n\n\n<div class=\"wp-block-media-text alignwide has-media-on-the-right is-stacked-on-mobile is-vertically-aligned-center is-style-default has-accent-background-color has-background\"><figure class=\"wp-block-media-text__media\"><img loading=\"lazy\" decoding=\"async\" width=\"1200\" height=\"675\" src=\"https:\/\/wordpress.nibis.de\/gswaldschulebb\/files\/2025\/09\/IMG_9765-1200x675.jpeg\" alt=\"\" class=\"wp-image-1362 size-full\" srcset=\"https:\/\/wordpress.nibis.de\/gswaldschulebb\/files\/2025\/09\/IMG_9765-1200x675.jpeg 1200w, https:\/\/wordpress.nibis.de\/gswaldschulebb\/files\/2025\/09\/IMG_9765-850x478.jpeg 850w, https:\/\/wordpress.nibis.de\/gswaldschulebb\/files\/2025\/09\/IMG_9765-250x141.jpeg 250w\" sizes=\"auto, (max-width: 1200px) 100vw, 1200px\" \/><\/figure><div class=\"wp-block-media-text__content\">\n<div class=\"wp-block-group\" style=\"padding-top:2em;padding-right:2em;padding-bottom:2em;padding-left:2em\"><div class=\"wp-block-group__inner-container is-layout-flow wp-block-group-is-layout-flow\">\n<p style=\"font-size:36px;line-height:1.2\"><strong>Der Vorstand des F\u00f6rdervereins<\/strong><\/p>\n\n\n\n<p class=\"has-extra-small-font-size\">V.l.n.r.: Ralph Kirsche (Beisitzer), Moritz Tielmann (1. Vorsitzender), Melanie Schwabe (Schriftf\u00fchrerin), Tamara Giannis (2. Vorsitzende), Dennis Graf (Kassenf\u00fchrer),     Steffen Wiedemann (Beisitzer)<\/p>\n<\/div><\/div>\n<\/div><\/div>\n\n\n\n<hr class=\"wp-block-separator\" \/>\n\n\n\n<p><strong>Kontakt:<\/strong><\/p>\n\n\n\n<p><strong>Moritz Tielmann<\/strong><\/p>\n\n\n\n<p>Am Fliegenberg 3<br>29549 Bad Bevensen<\/p>\n\n\n\n<p>Tel: 0176-49412858<\/p>\n\n\n\n<p>E-Mail: <a href=\"&#x46;&#x6f;&#x65;&#x72;&#x64;&#x65;&#x72;&#x76;&#101;&#114;&#101;&#105;&#110;&#64;&#103;s-wa&#x6c;&#x64;&#x73;&#x63;&#x68;&#x75;&#x6c;&#x65;&#x2e;&#100;&#101;\">&#x46;&#111;&#101;r&#x64;&#x65;&#114;v&#x65;&#x72;&#101;i&#x6e;&#x40;&#103;s&#x2d;&#x77;&#97;l&#x64;&#x73;&#99;h&#x75;&#x6c;&#101;&#46;d&#x65;<\/a><\/p>\n\n\n\n<p><\/p>\n\n\n\n<div class=\"wp-block-file\"><a id=\"wp-block-file--media-f1960da0-699b-4763-a3a9-34a20d3cf031\" href=\"https:\/\/wordpress.nibis.de\/gswaldschulebb\/files\/2025\/09\/Satzung-2024.docx\">Satzung 2024<\/a><a href=\"https:\/\/wordpress.nibis.de\/gswaldschulebb\/files\/2025\/09\/Satzung-2024.docx\" class=\"wp-block-file__button\" download aria-describedby=\"wp-block-file--media-f1960da0-699b-4763-a3a9-34a20d3cf031\">Herunterladen<\/a><\/div>\n\n\n\n\n","protected":false},"excerpt":{"rendered":"<p>Kinder ben\u00f6tigen ein vielf\u00e4ltiges Angebot, um zu entdecken und mit Freude und Neugier zu lernen. Daf\u00fcr sind wir da! F\u00fcr Spenden zu unserem Pr\u00e4ventionsprogramm &#8222;Mut Nein zu sagen&#8220; nutzen Sie bitte folgendes Konto:&nbsp; F\u00f6rderverein Waldschule Bad BevensenIBAN: DE25 2586 2292 0005 8467 00Volksbank Uelzen-Salzwedel Eine Auswahl unserer bisherigen Projekte: Anschaffung von B\u00fcchern und anderen Medien&hellip;<\/p>\n","protected":false},"author":1363,"featured_media":0,"parent":0,"menu_order":0,"comment_status":"closed","ping_status":"closed","template":"","meta":{"footnotes":""},"class_list":["post-106","page","type-page","status-publish","hentry"],"_links":{"self":[{"href":"https:\/\/wordpress.nibis.de\/gswaldschulebb\/index.php?rest_route=\/wp\/v2\/pages\/106","targetHints":{"allow":["GET"]}}],"collection":[{"href":"https:\/\/wordpress.nibis.de\/gswaldschulebb\/index.php?rest_route=\/wp\/v2\/pages"}],"about":[{"href":"https:\/\/wordpress.nibis.de\/gswaldschulebb\/index.php?rest_route=\/wp\/v2\/types\/page"}],"author":[{"embeddable":true,"href":"https:\/\/wordpress.nibis.de\/gswaldschulebb\/index.php?rest_route=\/wp\/v2\/users\/1363"}],"replies":[{"embeddable":true,"href":"https:\/\/wordpress.nibis.de\/gswaldschulebb\/index.php?rest_route=%2Fwp%2Fv2%2Fcomments&post=106"}],"version-history":[{"count":24,"href":"https:\/\/wordpress.nibis.de\/gswaldschulebb\/index.php?rest_route=\/wp\/v2\/pages\/106\/revisions"}],"predecessor-version":[{"id":1381,"href":"https:\/\/wordpress.nibis.de\/gswaldschulebb\/index.php?rest_route=\/wp\/v2\/pages\/106\/revisions\/1381"}],"wp:attachment":[{"href":"https:\/\/wordpress.nibis.de\/gswaldschulebb\/index.php?rest_route=%2Fwp%2Fv2%2Fmedia&parent=106"}],"curies":[{"name":"wp","href":"https:\/\/api.w.org\/{rel}","templated":true}]}}