{"id":523,"date":"2020-04-20T21:04:32","date_gmt":"2020-04-20T19:04:32","guid":{"rendered":"https:\/\/wordpress.nibis.de\/gswaldschulebb\/?page_id=523"},"modified":"2025-03-02T19:05:12","modified_gmt":"2025-03-02T18:05:12","slug":"tipps-fuer-digitales-lernen-zu-hause","status":"publish","type":"page","link":"https:\/\/wordpress.nibis.de\/gswaldschulebb\/?page_id=523","title":{"rendered":"Aus der Schule"},"content":{"rendered":"\n<p>Auf dieser Seite geben wir euch und Ihnen einige kleine Einblicke in unser Schulleben. <\/p>\n\n\n\n<p><img decoding=\"async\" class=\"wp-image-1314\" style=\"width: 150px\" src=\"https:\/\/wordpress.nibis.de\/gswaldschulebb\/files\/2025\/03\/Lesescouts-1.mp4\" alt=\"\"><\/p>\n\n\n\n<div class=\"wp-block-group\"><div class=\"wp-block-group__inner-container is-layout-flow wp-block-group-is-layout-flow\">\n<h2 class=\"wp-block-heading\"><strong>Vielfaltsb\u00fccherscouts zu Besuch an unserer Schule<\/strong><\/h2>\n<\/div><\/div>\n\n\n\n<p>Am 21. Februar bekamen die Klassen 3a, 3b und 4b besonderen Besuch: Die Vielfaltsb\u00fccherscouts von Diversu e.V. kamen in der 3. und 4. Stunde in unsere Schule, um mit den Kindern \u00fcber Vielfalt und Ausgrenzung zu sprechen.<\/p>\n<p>Mit spannenden Bilderb\u00fcchern regten die ehrenamtlichen Vorleser*innen zum Nachdenken und Diskutieren an. Ihr Ziel: Vorurteile abbauen, Toleranz st\u00e4rken und ein respektvolles Miteinander f\u00f6rdern. Die Scouts haben selbst Migrationsgeschichten und bringen vielf\u00e4ltige Perspektiven mit.<\/p>\n<p>Begleitend wurde in der Aula ein B\u00fcchertisch aufgebaut, an dem sich Kinder und Lehrkr\u00e4fte \u00fcber weitere passende B\u00fccher informieren k\u00f6nnen.<\/p>\n<p>Das Projekt \u201eVielfaltsb\u00fccherscouts\u201c setzt sich daf\u00fcr ein, dass Vielfalt als Bereicherung erlebt wird \u2013 ein wertvoller Impuls f\u00fcr unsere Schulgemeinschaft!<\/p>\n<div style=\"width: 580px;\" class=\"wp-video\"><video class=\"wp-video-shortcode\" id=\"video-523-1\" width=\"580\" height=\"326\" preload=\"metadata\" controls=\"controls\"><source type=\"video\/mp4\" src=\"https:\/\/wordpress.nibis.de\/gswaldschulebb\/files\/2025\/03\/Lesescouts-1.mp4?_=1\" \/><a href=\"https:\/\/wordpress.nibis.de\/gswaldschulebb\/files\/2025\/03\/Lesescouts-1.mp4\">https:\/\/wordpress.nibis.de\/gswaldschulebb\/files\/2025\/03\/Lesescouts-1.mp4<\/a><\/video><\/div>\n","protected":false},"excerpt":{"rendered":"<p>Auf dieser Seite geben wir euch und Ihnen einige kleine Einblicke in unser Schulleben. Vielfaltsb\u00fccherscouts zu Besuch an unserer Schule Am 21. Februar bekamen die Klassen 3a, 3b und 4b besonderen Besuch: Die Vielfaltsb\u00fccherscouts von Diversu e.V. kamen in der 3. und 4. Stunde in unsere Schule, um mit den Kindern \u00fcber Vielfalt und Ausgrenzung&hellip;<\/p>\n","protected":false},"author":1363,"featured_media":0,"parent":0,"menu_order":0,"comment_status":"closed","ping_status":"closed","template":"","meta":{"footnotes":""},"class_list":["post-523","page","type-page","status-publish","hentry"],"_links":{"self":[{"href":"https:\/\/wordpress.nibis.de\/gswaldschulebb\/index.php?rest_route=\/wp\/v2\/pages\/523","targetHints":{"allow":["GET"]}}],"collection":[{"href":"https:\/\/wordpress.nibis.de\/gswaldschulebb\/index.php?rest_route=\/wp\/v2\/pages"}],"about":[{"href":"https:\/\/wordpress.nibis.de\/gswaldschulebb\/index.php?rest_route=\/wp\/v2\/types\/page"}],"author":[{"embeddable":true,"href":"https:\/\/wordpress.nibis.de\/gswaldschulebb\/index.php?rest_route=\/wp\/v2\/users\/1363"}],"replies":[{"embeddable":true,"href":"https:\/\/wordpress.nibis.de\/gswaldschulebb\/index.php?rest_route=%2Fwp%2Fv2%2Fcomments&post=523"}],"version-history":[{"count":20,"href":"https:\/\/wordpress.nibis.de\/gswaldschulebb\/index.php?rest_route=\/wp\/v2\/pages\/523\/revisions"}],"predecessor-version":[{"id":1317,"href":"https:\/\/wordpress.nibis.de\/gswaldschulebb\/index.php?rest_route=\/wp\/v2\/pages\/523\/revisions\/1317"}],"wp:attachment":[{"href":"https:\/\/wordpress.nibis.de\/gswaldschulebb\/index.php?rest_route=%2Fwp%2Fv2%2Fmedia&parent=523"}],"curies":[{"name":"wp","href":"https:\/\/api.w.org\/{rel}","templated":true}]}}