{"id":56,"date":"2017-05-02T12:54:03","date_gmt":"2017-05-02T10:54:03","guid":{"rendered":"http:\/\/wordpress.nibis.de\/gswaldschulebb\/?page_id=56"},"modified":"2018-10-30T13:34:39","modified_gmt":"2018-10-30T12:34:39","slug":"buecherei","status":"publish","type":"page","link":"https:\/\/wordpress.nibis.de\/gswaldschulebb\/?page_id=56","title":{"rendered":"B\u00fccherei"},"content":{"rendered":"<p class=\"textbox\" dir=\"ltr\"><strong><span style=\"font-family: arial, helvetica, sans-serif\">Lesen in der Schule braucht Raum.<\/span><\/strong><\/p>\n<p class=\"textbox\" dir=\"ltr\"><span style=\"font-family: arial, helvetica, sans-serif\">Dieser Raum wurde den Kindern der Waldschule 2008 durch die Er\u00f6ffnu<\/span><span style=\"font-family: arial, helvetica, sans-serif\">ng der <\/span><span style=\"font-family: arial, helvetica, sans-serif\">Schulbibliothek geschaffen.<\/span><\/p>\n<p class=\"textbox\" dir=\"ltr\"><span style=\"font-family: arial, helvetica, sans-serif\">Auf rund 73 Quadratmetern stehen den Leserinnen und Lesern zurzeit <\/span><span style=\"font-family: arial, helvetica, sans-serif\">2600 <\/span><span style=\"font-family: arial, helvetica, sans-serif\">Medien wie Sachb\u00fccher, Kinderbelletristik, M\u00e4rchen, Bilderb\u00fcch<\/span><span style=\"font-family: arial, helvetica, sans-serif\">er, Comics <\/span><span style=\"font-family: arial, helvetica, sans-serif\">sowie H\u00f6<\/span><span style=\"font-family: arial, helvetica, sans-serif\">rb<\/span><span style=\"font-family: arial, helvetica, sans-serif\">\u00fccher zur Verf\u00fcgung.<\/span><\/p>\n<p class=\"textbox\" dir=\"ltr\"><span style=\"font-family: arial, helvetica, sans-serif\">Es gibt zwei Computer-Arbeitspl\u00e4tze aber auch gem\u00fctliche Leseec<\/span><span style=\"font-family: arial, helvetica, sans-serif\">ken.<\/span><\/p>\n<p class=\"textbox\" dir=\"ltr\"><span style=\"font-family: arial, helvetica, sans-serif\">Der regelm\u00e4\u00dfige Besuch der Schulbibliothek ist fester Bestandteil <\/span><span style=\"font-family: arial, helvetica, sans-serif\">des <\/span><span style=\"font-family: arial, helvetica, sans-serif\">Unterrichts um die Lesefreude, das Leseinteresse und die Leseko<\/span><span style=\"font-family: arial, helvetica, sans-serif\">mpetenz der <\/span><span style=\"font-family: arial, helvetica, sans-serif\">Kinder zu f\u00f6rdern. <\/span><span style=\"font-family: arial, helvetica, sans-serif\">Durch die enge Zusammenarbeit zwischen der Schulbibliotheksleitung <\/span><span style=\"font-family: arial, helvetica, sans-serif\">und dem <\/span><span style=\"font-family: arial, helvetica, sans-serif\">Lehrerkollegium wird der Sachbuchbestand an die Themen des Unter<\/span><span style=\"font-family: arial, helvetica, sans-serif\">richts <\/span><span style=\"font-family: arial, helvetica, sans-serif\">angepasst.<\/span><\/p>\n<p class=\"textbox\" dir=\"ltr\"><span style=\"font-family: arial, helvetica, sans-serif\">Au<\/span><span style=\"font-family: arial, helvetica, sans-serif\">\u00dferhalb der Ferien hat die Schulbibliothek jeden Vormittag ge\u00f6ffnet un<\/span><span style=\"font-family: arial, helvetica, sans-serif\">d ist <\/span><span style=\"font-family: arial, helvetica, sans-serif\">ein sehr beliebter Treffpunk und R\u00fcckzugsort f\u00fcr die Sch\u00fclerinnen und Sch\u00fcler <\/span><span style=\"font-family: arial, helvetica, sans-serif\">der Waldschule Bad Bevensen geworden.<\/span><\/p>\n<p class=\"textbox\" dir=\"ltr\"><span style=\"font-family: arial, helvetica, sans-serif\">Das gro\u00dfe Interesse der Kinder an der Bibliothek und an den B\u00fcche<\/span><span style=\"font-family: arial, helvetica, sans-serif\">rn spiegelt <\/span><span style=\"font-family: arial, helvetica, sans-serif\">sich auch in den stetig steigenden Ausleihzahlen der Schulbibliothek <\/span><span style=\"font-family: arial, helvetica, sans-serif\">wieder <\/span><span style=\"font-family: arial, helvetica, sans-serif\">(2017 = 5488 Ausleihen).<\/span><\/p>\n<p dir=\"ltr\"><span style=\"font-family: arial, helvetica, sans-serif\">Mit ihrer B\u00fcchereikarte haben die Sch\u00fclerinnen und Sch\u00fcler automatisch die M\u00f6glichkeit im Griepe-Haus (Stadtbibliothek Bad Bevensen) B\u00fccher auszuleihen, sodass ihnen auch in den Ferien die Welt der B\u00fccher offen steht.<\/span><\/p>\n","protected":false},"excerpt":{"rendered":"<p>Lesen in der Schule braucht Raum. Dieser Raum wurde den Kindern der Waldschule 2008 durch die Er\u00f6ffnung der Schulbibliothek geschaffen. Auf rund 73 Quadratmetern stehen den Leserinnen und Lesern zurzeit 2600 Medien wie Sachb\u00fccher, Kinderbelletristik, M\u00e4rchen, Bilderb\u00fccher, Comics sowie H\u00f6rb\u00fccher zur Verf\u00fcgung. Es gibt zwei Computer-Arbeitspl\u00e4tze aber auch gem\u00fctliche Leseecken. Der regelm\u00e4\u00dfige Besuch der Schulbibliothek&hellip;<\/p>\n","protected":false},"author":1363,"featured_media":0,"parent":0,"menu_order":0,"comment_status":"closed","ping_status":"closed","template":"","meta":{"footnotes":""},"class_list":["post-56","page","type-page","status-publish","hentry"],"_links":{"self":[{"href":"https:\/\/wordpress.nibis.de\/gswaldschulebb\/index.php?rest_route=\/wp\/v2\/pages\/56","targetHints":{"allow":["GET"]}}],"collection":[{"href":"https:\/\/wordpress.nibis.de\/gswaldschulebb\/index.php?rest_route=\/wp\/v2\/pages"}],"about":[{"href":"https:\/\/wordpress.nibis.de\/gswaldschulebb\/index.php?rest_route=\/wp\/v2\/types\/page"}],"author":[{"embeddable":true,"href":"https:\/\/wordpress.nibis.de\/gswaldschulebb\/index.php?rest_route=\/wp\/v2\/users\/1363"}],"replies":[{"embeddable":true,"href":"https:\/\/wordpress.nibis.de\/gswaldschulebb\/index.php?rest_route=%2Fwp%2Fv2%2Fcomments&post=56"}],"version-history":[{"count":8,"href":"https:\/\/wordpress.nibis.de\/gswaldschulebb\/index.php?rest_route=\/wp\/v2\/pages\/56\/revisions"}],"predecessor-version":[{"id":358,"href":"https:\/\/wordpress.nibis.de\/gswaldschulebb\/index.php?rest_route=\/wp\/v2\/pages\/56\/revisions\/358"}],"wp:attachment":[{"href":"https:\/\/wordpress.nibis.de\/gswaldschulebb\/index.php?rest_route=%2Fwp%2Fv2%2Fmedia&parent=56"}],"curies":[{"name":"wp","href":"https:\/\/api.w.org\/{rel}","templated":true}]}}