{"id":666,"date":"2020-09-07T10:19:48","date_gmt":"2020-09-07T08:19:48","guid":{"rendered":"https:\/\/wordpress.nibis.de\/gswaldschulebb\/?page_id=666"},"modified":"2025-01-03T05:25:17","modified_gmt":"2025-01-03T04:25:17","slug":"schulsozialarbeit-in-der-waldschule","status":"publish","type":"page","link":"https:\/\/wordpress.nibis.de\/gswaldschulebb\/?page_id=666","title":{"rendered":"Schulsozialarbeit in der Waldschule"},"content":{"rendered":"\n<p><\/p>\n\n\n\n<div class=\"wp-block-media-text alignwide is-stacked-on-mobile is-vertically-aligned-top\"><figure class=\"wp-block-media-text__media\"><img loading=\"lazy\" decoding=\"async\" width=\"872\" height=\"654\" src=\"https:\/\/wordpress.nibis.de\/gswaldschulebb\/files\/2020\/09\/eileen.jpg\" alt=\"\" class=\"wp-image-667 size-full\" srcset=\"https:\/\/wordpress.nibis.de\/gswaldschulebb\/files\/2020\/09\/eileen.jpg 872w, https:\/\/wordpress.nibis.de\/gswaldschulebb\/files\/2020\/09\/eileen-768x576.jpg 768w\" sizes=\"auto, (max-width: 872px) 100vw, 872px\" \/><\/figure><div class=\"wp-block-media-text__content\">\n<p><strong>Eileen Possenau, Sozialarbeiterin B.A<\/strong><\/p>\n\n\n\n<p>Ich bin f\u00fcr Sch\u00fcler, Eltern und Lehrer Ansprechpartner und biete bei Fragen, Sorgen oder Problemen in schulischen und weiteren Angelegenheiten, die Auswirkung auf das Schulgeschehen haben, Unterst\u00fctzung an.<\/p>\n\n\n\n<p>Sie erreichen mich<\/p>\n\n\n\n<ul class=\"wp-block-list\"><li>Pers\u00f6nlich im B\u00fcro (w\u00e4hrend der Schul\u00f6ffnungszeiten)<\/li><li>Telefonisch unter: 05821 &#8211; 9675086<\/li><li>Per E-Mail: <a href=\"&#109;&#x61;&#x69;l&#116;&#x6f;&#x3a;s&#99;&#x68;u&#108;&#x73;&#x6f;z&#105;&#x61;l&#97;&#x72;&#x62;e&#105;&#x74;&#x40;&#103;&#x73;&#x2d;w&#97;&#x6c;&#x64;s&#99;&#x68;u&#108;&#x65;&#x2e;d&#101;\">&#x73;c&#x68;u&#x6c;&#115;&#x6f;&#122;i&#x61;l&#x61;&#114;&#x62;&#101;&#x69;&#116;&#64;&#x67;s&#x2d;&#119;&#x61;&#108;&#x64;&#x73;c&#x68;u&#x6c;&#101;&#x2e;&#100;e<\/a><\/li><\/ul>\n\n\n\n<p style=\"font-size:14px\"><\/p>\n<\/div><\/div>\n\n\n\n<figure class=\"wp-block-pullquote\"><blockquote><p>Die Schulsozialarbeit ist in das System Schule integriert. Beratungsgespr\u00e4che unterliegen den Grundprinzipien der <strong>Freiwilligkeit<\/strong> und der <strong>Vertraulichkeit<\/strong>.<\/p><\/blockquote><\/figure>\n\n\n\n<p><\/p>\n\n\n\n<p><\/p>\n\n\n\n<div class=\"wp-block-group alignfull\"><div class=\"wp-block-group__inner-container is-layout-flow wp-block-group-is-layout-flow\">\n<h2 class=\"has-text-align-center wp-block-heading\">Meine Angebote<\/h2>\n\n\n\n<div class=\"wp-block-columns alignwide tw-cols-card tw-cols-card-shadow is-layout-flex wp-container-core-columns-is-layout-d0b3c9c8 wp-block-columns-is-layout-flex\">\n<div class=\"wp-block-column is-layout-flow wp-block-column-is-layout-flow\">\n<figure class=\"wp-block-image is-resized\"><img loading=\"lazy\" decoding=\"async\" src=\"https:\/\/s.w.org\/images\/core\/emoji\/12.0.0-1\/svg\/1f4a1.svg\" alt=\"\" width=\"40\" height=\"40\" \/><\/figure>\n\n\n\n<h3 class=\"has-h-5-font-size wp-block-heading\">F\u00fcr Sch\u00fclerinnen und Sch\u00fcler<\/h3>\n\n\n\n<ul class=\"wp-block-list\"><li>Ein offenes Ohr zum Reden<\/li><li>Individuelle Beratung und Unterst\u00fctzung bei Fragen, Sorgen, \u00c4ngsten oder Streit<\/li><li>Individuelle F\u00f6rderung sozialer F\u00e4higkeiten, St\u00e4rkung des Selbstbewusstseins, F\u00f6rderung der Konzentration<\/li><li>Planung und Durchf\u00fchrung von sozialen Kompetenztrainings mit einzelnen Klassen zur Verbesserung des Klassenklimas und des Klassenzusammenhalts<\/li><li>Leitung des Sch\u00fclerrats<\/li><\/ul>\n<\/div>\n\n\n\n<div class=\"wp-block-column is-layout-flow wp-block-column-is-layout-flow\">\n<figure class=\"wp-block-image is-resized\"><img loading=\"lazy\" decoding=\"async\" src=\"https:\/\/s.w.org\/images\/core\/emoji\/12.0.0-1\/svg\/1f4ac.svg\" alt=\"\" width=\"40\" height=\"40\" \/><\/figure>\n\n\n\n<h3 class=\"has-h-5-font-size wp-block-heading\">F\u00fcr Eltern<\/h3>\n\n\n\n<ul class=\"wp-block-list\"><li>Aufbau und Vermittlung von Kontakten zu anderen unterst\u00fctzenden Einrichtungen<\/li><li>Beratungsgespr\u00e4che in der Schule<\/li><\/ul>\n<\/div>\n\n\n\n<div class=\"wp-block-column is-layout-flow wp-block-column-is-layout-flow\">\n<figure class=\"wp-block-image is-resized\"><img loading=\"lazy\" decoding=\"async\" src=\"https:\/\/s.w.org\/images\/core\/emoji\/12.0.0-1\/svg\/1f389.svg\" alt=\"\" width=\"40\" height=\"40\" \/><\/figure>\n\n\n\n<h3 class=\"has-h-5-font-size wp-block-heading\">Zusammenarbeit mit Lehrkr\u00e4ften<\/h3>\n\n\n\n<ul class=\"wp-block-list\"><li>Beratung und Unterst\u00fctzung bei Problemen in der Klasse<\/li><li>Klassenbesuche f\u00fcr gezielte Beobachtungen<\/li><li>Angebot der Teilnahme an Lehrerkonferenzen oder Elternabenden<\/li><\/ul>\n<\/div>\n<\/div>\n<\/div><\/div>\n\n\n\n<p><\/p>\n\n\n\n<h2 class=\"wp-block-heading\">Infomaterial<\/h2>\n\n\n\n<div class=\"wp-block-file\"><a id=\"wp-block-file--media-f1186ff9-7032-4d56-a157-c2898ceda933\" href=\"https:\/\/wordpress.nibis.de\/gswaldschulebb\/files\/2021\/07\/Schulunlust-Elternratgeber.pdf\">Elternratgeber Schulunlust<\/a><a href=\"https:\/\/wordpress.nibis.de\/gswaldschulebb\/files\/2021\/07\/Schulunlust-Elternratgeber.pdf\" class=\"wp-block-file__button\" download aria-describedby=\"wp-block-file--media-f1186ff9-7032-4d56-a157-c2898ceda933\">Herunterladen<\/a><\/div>\n\n\n\n<p><\/p>\n","protected":false},"excerpt":{"rendered":"<p>Eileen Possenau, Sozialarbeiterin B.A Ich bin f\u00fcr Sch\u00fcler, Eltern und Lehrer Ansprechpartner und biete bei Fragen, Sorgen oder Problemen in schulischen und weiteren Angelegenheiten, die Auswirkung auf das Schulgeschehen haben, Unterst\u00fctzung an. Sie erreichen mich Pers\u00f6nlich im B\u00fcro (w\u00e4hrend der Schul\u00f6ffnungszeiten) Telefonisch unter: 05821 &#8211; 9675086 Per E-Mail: &#x73;&#99;h&#x75;&#x6c;&#115;o&#x7a;&#x69;&#97;l&#x61;&#x72;&#98;e&#x69;&#x74;&#64;g&#x73;&#45;&#119;a&#x6c;&#100;s&#x63;&#x68;&#117;l&#x65;&#x2e;&#100;e Die Schulsozialarbeit ist in das System&hellip;<\/p>\n","protected":false},"author":1363,"featured_media":0,"parent":0,"menu_order":0,"comment_status":"closed","ping_status":"closed","template":"","meta":{"footnotes":""},"class_list":["post-666","page","type-page","status-publish","hentry"],"_links":{"self":[{"href":"https:\/\/wordpress.nibis.de\/gswaldschulebb\/index.php?rest_route=\/wp\/v2\/pages\/666","targetHints":{"allow":["GET"]}}],"collection":[{"href":"https:\/\/wordpress.nibis.de\/gswaldschulebb\/index.php?rest_route=\/wp\/v2\/pages"}],"about":[{"href":"https:\/\/wordpress.nibis.de\/gswaldschulebb\/index.php?rest_route=\/wp\/v2\/types\/page"}],"author":[{"embeddable":true,"href":"https:\/\/wordpress.nibis.de\/gswaldschulebb\/index.php?rest_route=\/wp\/v2\/users\/1363"}],"replies":[{"embeddable":true,"href":"https:\/\/wordpress.nibis.de\/gswaldschulebb\/index.php?rest_route=%2Fwp%2Fv2%2Fcomments&post=666"}],"version-history":[{"count":13,"href":"https:\/\/wordpress.nibis.de\/gswaldschulebb\/index.php?rest_route=\/wp\/v2\/pages\/666\/revisions"}],"predecessor-version":[{"id":1236,"href":"https:\/\/wordpress.nibis.de\/gswaldschulebb\/index.php?rest_route=\/wp\/v2\/pages\/666\/revisions\/1236"}],"wp:attachment":[{"href":"https:\/\/wordpress.nibis.de\/gswaldschulebb\/index.php?rest_route=%2Fwp%2Fv2%2Fmedia&parent=666"}],"curies":[{"name":"wp","href":"https:\/\/api.w.org\/{rel}","templated":true}]}}

<p></p>



<div class="wp-block-media-text alignwide is-stacked-on-mobile is-vertically-aligned-top"><figure class="wp-block-media-text__media"><img loading="lazy" decoding="async" width="872" height="654" src="https://wordpress.nibis.de/gswaldschulebb/files/2020/09/eileen.jpg" alt="" class="wp-image-667 size-full" srcset="https://wordpress.nibis.de/gswaldschulebb/files/2020/09/eileen.jpg 872w, https://wordpress.nibis.de/gswaldschulebb/files/2020/09/eileen-768x576.jpg 768w" sizes="auto, (max-width: 872px) 100vw, 872px" /></figure><div class="wp-block-media-text__content">
<p><strong>Eileen Possenau, Sozialarbeiterin B.A</strong></p>



<p>Ich bin für Schüler, Eltern und Lehrer Ansprechpartner und biete bei Fragen, Sorgen oder Problemen in schulischen und weiteren Angelegenheiten, die Auswirkung auf das Schulgeschehen haben, Unterstützung an.</p>



<p>Sie erreichen mich</p>



<ul class="wp-block-list"><li>Persönlich im Büro (während der Schulöffnungszeiten)</li><li>Telefonisch unter: 05821 &#8211; 9675086</li><li>Per E-Mail: <a href="&#109;&#x61;&#x69;l&#116;&#x6f;&#x3a;s&#99;&#x68;u&#108;&#x73;&#x6f;z&#105;&#x61;l&#97;&#x72;&#x62;e&#105;&#x74;&#x40;&#103;&#x73;&#x2d;w&#97;&#x6c;&#x64;s&#99;&#x68;u&#108;&#x65;&#x2e;d&#101;">&#x73;c&#x68;u&#x6c;&#115;&#x6f;&#122;i&#x61;l&#x61;&#114;&#x62;&#101;&#x69;&#116;&#64;&#x67;s&#x2d;&#119;&#x61;&#108;&#x64;&#x73;c&#x68;u&#x6c;&#101;&#x2e;&#100;e</a></li></ul>



<p style="font-size:14px"></p>
</div></div>



<figure class="wp-block-pullquote"><blockquote><p>Die Schulsozialarbeit ist in das System Schule integriert. Beratungsgespräche unterliegen den Grundprinzipien der <strong>Freiwilligkeit</strong> und der <strong>Vertraulichkeit</strong>.</p></blockquote></figure>



<p></p>



<p></p>



<div class="wp-block-group alignfull"><div class="wp-block-group__inner-container is-layout-flow wp-block-group-is-layout-flow">
<h2 class="has-text-align-center wp-block-heading">Meine Angebote</h2>



<div class="wp-block-columns alignwide tw-cols-card tw-cols-card-shadow is-layout-flex wp-container-core-columns-is-layout-d0b3c9c8 wp-block-columns-is-layout-flex">
<div class="wp-block-column is-layout-flow wp-block-column-is-layout-flow">
<figure class="wp-block-image is-resized"><img loading="lazy" decoding="async" src="https://s.w.org/images/core/emoji/12.0.0-1/svg/1f4a1.svg" alt="" width="40" height="40" /></figure>



<h3 class="has-h-5-font-size wp-block-heading">Für Schülerinnen und Schüler</h3>



<ul class="wp-block-list"><li>Ein offenes Ohr zum Reden</li><li>Individuelle Beratung und Unterstützung bei Fragen, Sorgen, Ängsten oder Streit</li><li>Individuelle Förderung sozialer Fähigkeiten, Stärkung des Selbstbewusstseins, Förderung der Konzentration</li><li>Planung und Durchführung von sozialen Kompetenztrainings mit einzelnen Klassen zur Verbesserung des Klassenklimas und des Klassenzusammenhalts</li><li>Leitung des Schülerrats</li></ul>
</div>



<div class="wp-block-column is-layout-flow wp-block-column-is-layout-flow">
<figure class="wp-block-image is-resized"><img loading="lazy" decoding="async" src="https://s.w.org/images/core/emoji/12.0.0-1/svg/1f4ac.svg" alt="" width="40" height="40" /></figure>



<h3 class="has-h-5-font-size wp-block-heading">Für Eltern</h3>



<ul class="wp-block-list"><li>Aufbau und Vermittlung von Kontakten zu anderen unterstützenden Einrichtungen</li><li>Beratungsgespräche in der Schule</li></ul>
</div>



<div class="wp-block-column is-layout-flow wp-block-column-is-layout-flow">
<figure class="wp-block-image is-resized"><img loading="lazy" decoding="async" src="https://s.w.org/images/core/emoji/12.0.0-1/svg/1f389.svg" alt="" width="40" height="40" /></figure>



<h3 class="has-h-5-font-size wp-block-heading">Zusammenarbeit mit Lehrkräften</h3>



<ul class="wp-block-list"><li>Beratung und Unterstützung bei Problemen in der Klasse</li><li>Klassenbesuche für gezielte Beobachtungen</li><li>Angebot der Teilnahme an Lehrerkonferenzen oder Elternabenden</li></ul>
</div>
</div>
</div></div>



<p></p>



<h2 class="wp-block-heading">Infomaterial</h2>



<div class="wp-block-file"><a id="wp-block-file--media-f1186ff9-7032-4d56-a157-c2898ceda933" href="https://wordpress.nibis.de/gswaldschulebb/files/2021/07/Schulunlust-Elternratgeber.pdf">Elternratgeber Schulunlust</a><a href="https://wordpress.nibis.de/gswaldschulebb/files/2021/07/Schulunlust-Elternratgeber.pdf" class="wp-block-file__button" download aria-describedby="wp-block-file--media-f1186ff9-7032-4d56-a157-c2898ceda933">Herunterladen</a></div>



<p></p>

<p>Eileen Possenau, Sozialarbeiterin B.A Ich bin für Schüler, Eltern und Lehrer Ansprechpartner und biete bei Fragen, Sorgen oder Problemen in schulischen und weiteren Angelegenheiten, die Auswirkung auf das Schulgeschehen haben, Unterstützung an. Sie erreichen mich Persönlich im Büro (während der Schulöffnungszeiten) Telefonisch unter: 05821 &#8211; 9675086 Per E-Mail: &#x73;&#99;h&#x75;&#x6c;&#115;o&#x7a;&#x69;&#97;l&#x61;&#x72;&#98;e&#x69;&#x74;&#64;g&#x73;&#45;&#119;a&#x6c;&#100;s&#x63;&#x68;&#117;l&#x65;&#x2e;&#100;e Die Schulsozialarbeit ist in das System&hellip;</p>
