{"id":199,"date":"2024-07-29T15:40:51","date_gmt":"2024-07-29T13:40:51","guid":{"rendered":"http:\/\/wordpress.nibis.de\/gswarmsen\/?page_id=199"},"modified":"2026-04-08T18:00:23","modified_gmt":"2026-04-08T16:00:23","slug":"1-halbjahr","status":"publish","type":"page","link":"https:\/\/wordpress.nibis.de\/gswarmsen\/1-halbjahr\/","title":{"rendered":"1. Halbjahr"},"content":{"rendered":"\n<p>1. Halbjahr 2025 \/ 2026<\/p>\n\n\n\n<figure class=\"wp-block-table\"><table><tbody><tr><td>14.08. <br>erster Schultag f\u00fcr Klassen 2 bis 4<br>die Schulanf\u00e4ngerkinder haben noch frei<\/td><\/tr><tr><td>16.08.<br>Schulanf\u00e4ngerkinder 2025\/26 &nbsp; <br>  9:30 Uhr &#8211; Einschulungsgottesdienst<br>10:30 Uhr &#8211; Einschulungsfeier in der Schule<\/td><\/tr><tr><td>18.08. <br>erster Schultag f\u00fcr Schulanf\u00e4ngerkinder 2025\/26<\/td><\/tr><tr><td><\/td><\/tr><tr><td>26.08. <br>18:00 Uhr Elternabend Klasse 2a<br>19:00 Uhr Elternabend der Klassen 4a und 4b<\/td><\/tr><tr><td><\/td><\/tr><tr><td>27.08. <br>18:30 Uhr Elternabend der Klassen 1a und 1b<\/td><\/tr><tr><td><\/td><\/tr><tr><td>02.09. <br>18:30 Uhr Elternabend Klasse 3a<\/td><\/tr><tr><td><\/td><\/tr><tr><td>17.09. &#8211; vormittags<br>Die Kinder der Klassen 1a und 1b nehmen am Projekt Busschule teil<\/td><\/tr><tr><td><\/td><\/tr><tr><td>22.09.<br>18:00 Uhr in der Grundschule Warmsen<br>Eltern-Informationsabend f\u00fcr das Sozialtraining &#8222;Wir machen Kinder stark&#8220;<\/td><\/tr><tr><td><\/td><\/tr><tr><td>Termin noch offen<br>Der Schulelternrat trifft sich in der Mensa<\/td><\/tr><tr><td><\/td><\/tr><tr><td>03.10.<br>Tag der Deutschen Einheit<\/td><\/tr><tr><td><\/td><\/tr><tr><td>05.10.<br>Projekt der Klasse 3a <br>Backtag auf Gehannfors Hof<\/td><\/tr><tr><td><\/td><\/tr><tr><td>10.10. <br>letzter Schultag vor Feiertag und Ferien. <br>Unterricht nach Stundenplan. Betreuung und Ganztag wie angemeldet<\/td><\/tr><tr><td><\/td><\/tr><tr><td>13.10. bis 24.10.<br>Herbstferien<\/td><\/tr><tr><td><\/td><\/tr><tr><td>27.10.<br>erster Schultag nach Herbstferien<\/td><\/tr><tr><td><\/td><\/tr><tr><td>27.10. &#8211; ab 14:00 Uhr<br>Blutspenden in der Grundschule Warmsen<\/td><\/tr><tr><td><\/td><\/tr><tr><td>29.10. ab jetzt jeden Mittwoch bis einschlie\u00dflich 10.12.<br>&#8222;Stopp ich wehre mich&#8220; &#8211; Projekt zur Gewaltpr\u00e4vention<\/td><\/tr><tr><td><\/td><\/tr><tr><td>31.10.<br>Reformationstag<\/td><\/tr><tr><td><\/td><\/tr><tr><td>14.11. &#8211; vormittags<br>Grundschul-Aktionstag DHB &#8211; der SV Warmsen bietet den Kindern ein Handball-Projekt<\/td><\/tr><tr><td><\/td><\/tr><tr><td>19.11. &#8211; vormittags<br>Bu\u00df- und Bettag &#8211; Projekt mit Pastor Krause<\/td><\/tr><tr><td><\/td><\/tr><tr><td>28.11. &#8211; vormittags<br>Weihnachtsbasteln<\/td><\/tr><tr><td><\/td><\/tr><tr><td>19.12.<br>letzter Schultag vor Weihnachtsferien.<br>Unterricht nach Stundenplan. Betreuung und Ganztag wie angemeldet<\/td><\/tr><tr><td><\/td><\/tr><tr><td>22.12. bis 05.01.2025<br>Weihnachtsferien<\/td><\/tr><tr><td><\/td><\/tr><tr><td>06.01.<br>erster Schultag nach Weihnachtsferien<\/td><\/tr><tr><td><\/td><\/tr><tr><td>26.01. &#8211; nachmittags<br>Zeugniskonferenzen f\u00fcr Klassen 2 bis 4<\/td><\/tr><tr><td><\/td><\/tr><tr><td>30.01. &#8211; Ende 10:40 Uhr<br>Zeugnisausgabe Klassen 2 bis 4<br>Kinder der Klasse 1 ohne Zeugnisse<br>Keine Betreuung und kein Ganztag<\/td><\/tr><tr><td><\/td><\/tr><tr><td>02.02. und 03.02.<br>Zeugnisferien<\/td><\/tr><tr><td><\/td><\/tr><tr><td>04.02.<br>erster Schultag im 2. Halbjahr<\/td><\/tr><\/tbody><\/table><\/figure>\n\n\n\n<p>Aktuelle Termine &#8211; Stand 26.08.2025<\/p>\n\n\n\n\n","protected":false},"excerpt":{"rendered":"<p>1. Halbjahr 2025 \/ 2026 14.08. erster Schultag f\u00fcr Klassen 2 bis 4die Schulanf\u00e4ngerkinder haben noch frei 16.08.Schulanf\u00e4ngerkinder 2025\/26 &nbsp; 9:30 Uhr &#8211; Einschulungsgottesdienst10:30 Uhr &#8211; Einschulungsfeier in der Schule 18.08. erster Schultag f\u00fcr Schulanf\u00e4ngerkinder 2025\/26 26.08. 18:00 Uhr Elternabend Klasse 2a19:00 Uhr Elternabend der Klassen 4a und 4b 27.08. 18:30 Uhr Elternabend der Klassen [&hellip;]<\/p>\n","protected":false},"author":9192574,"featured_media":0,"parent":0,"menu_order":0,"comment_status":"closed","ping_status":"closed","template":"","meta":{"footnotes":""},"class_list":["post-199","page","type-page","status-publish","hentry"],"_links":{"self":[{"href":"https:\/\/wordpress.nibis.de\/gswarmsen\/wp-json\/wp\/v2\/pages\/199","targetHints":{"allow":["GET"]}}],"collection":[{"href":"https:\/\/wordpress.nibis.de\/gswarmsen\/wp-json\/wp\/v2\/pages"}],"about":[{"href":"https:\/\/wordpress.nibis.de\/gswarmsen\/wp-json\/wp\/v2\/types\/page"}],"author":[{"embeddable":true,"href":"https:\/\/wordpress.nibis.de\/gswarmsen\/wp-json\/wp\/v2\/users\/9192574"}],"replies":[{"embeddable":true,"href":"https:\/\/wordpress.nibis.de\/gswarmsen\/wp-json\/wp\/v2\/comments?post=199"}],"version-history":[{"count":80,"href":"https:\/\/wordpress.nibis.de\/gswarmsen\/wp-json\/wp\/v2\/pages\/199\/revisions"}],"predecessor-version":[{"id":2606,"href":"https:\/\/wordpress.nibis.de\/gswarmsen\/wp-json\/wp\/v2\/pages\/199\/revisions\/2606"}],"wp:attachment":[{"href":"https:\/\/wordpress.nibis.de\/gswarmsen\/wp-json\/wp\/v2\/media?parent=199"}],"curies":[{"name":"wp","href":"https:\/\/api.w.org\/{rel}","templated":true}]}}

<p>1. Halbjahr 2025 / 2026</p>



<figure class="wp-block-table"><table><tbody><tr><td>14.08. <br>erster Schultag für Klassen 2 bis 4<br>die Schulanfängerkinder haben noch frei</td></tr><tr><td>16.08.<br>Schulanfängerkinder 2025/26 &nbsp; <br>  9:30 Uhr &#8211; Einschulungsgottesdienst<br>10:30 Uhr &#8211; Einschulungsfeier in der Schule</td></tr><tr><td>18.08. <br>erster Schultag für Schulanfängerkinder 2025/26</td></tr><tr><td></td></tr><tr><td>26.08. <br>18:00 Uhr Elternabend Klasse 2a<br>19:00 Uhr Elternabend der Klassen 4a und 4b</td></tr><tr><td></td></tr><tr><td>27.08. <br>18:30 Uhr Elternabend der Klassen 1a und 1b</td></tr><tr><td></td></tr><tr><td>02.09. <br>18:30 Uhr Elternabend Klasse 3a</td></tr><tr><td></td></tr><tr><td>17.09. &#8211; vormittags<br>Die Kinder der Klassen 1a und 1b nehmen am Projekt Busschule teil</td></tr><tr><td></td></tr><tr><td>22.09.<br>18:00 Uhr in der Grundschule Warmsen<br>Eltern-Informationsabend für das Sozialtraining &#8222;Wir machen Kinder stark&#8220;</td></tr><tr><td></td></tr><tr><td>Termin noch offen<br>Der Schulelternrat trifft sich in der Mensa</td></tr><tr><td></td></tr><tr><td>03.10.<br>Tag der Deutschen Einheit</td></tr><tr><td></td></tr><tr><td>05.10.<br>Projekt der Klasse 3a <br>Backtag auf Gehannfors Hof</td></tr><tr><td></td></tr><tr><td>10.10. <br>letzter Schultag vor Feiertag und Ferien. <br>Unterricht nach Stundenplan. Betreuung und Ganztag wie angemeldet</td></tr><tr><td></td></tr><tr><td>13.10. bis 24.10.<br>Herbstferien</td></tr><tr><td></td></tr><tr><td>27.10.<br>erster Schultag nach Herbstferien</td></tr><tr><td></td></tr><tr><td>27.10. &#8211; ab 14:00 Uhr<br>Blutspenden in der Grundschule Warmsen</td></tr><tr><td></td></tr><tr><td>29.10. ab jetzt jeden Mittwoch bis einschließlich 10.12.<br>&#8222;Stopp ich wehre mich&#8220; &#8211; Projekt zur Gewaltprävention</td></tr><tr><td></td></tr><tr><td>31.10.<br>Reformationstag</td></tr><tr><td></td></tr><tr><td>14.11. &#8211; vormittags<br>Grundschul-Aktionstag DHB &#8211; der SV Warmsen bietet den Kindern ein Handball-Projekt</td></tr><tr><td></td></tr><tr><td>19.11. &#8211; vormittags<br>Buß- und Bettag &#8211; Projekt mit Pastor Krause</td></tr><tr><td></td></tr><tr><td>28.11. &#8211; vormittags<br>Weihnachtsbasteln</td></tr><tr><td></td></tr><tr><td>19.12.<br>letzter Schultag vor Weihnachtsferien.<br>Unterricht nach Stundenplan. Betreuung und Ganztag wie angemeldet</td></tr><tr><td></td></tr><tr><td>22.12. bis 05.01.2025<br>Weihnachtsferien</td></tr><tr><td></td></tr><tr><td>06.01.<br>erster Schultag nach Weihnachtsferien</td></tr><tr><td></td></tr><tr><td>26.01. &#8211; nachmittags<br>Zeugniskonferenzen für Klassen 2 bis 4</td></tr><tr><td></td></tr><tr><td>30.01. &#8211; Ende 10:40 Uhr<br>Zeugnisausgabe Klassen 2 bis 4<br>Kinder der Klasse 1 ohne Zeugnisse<br>Keine Betreuung und kein Ganztag</td></tr><tr><td></td></tr><tr><td>02.02. und 03.02.<br>Zeugnisferien</td></tr><tr><td></td></tr><tr><td>04.02.<br>erster Schultag im 2. Halbjahr</td></tr></tbody></table></figure>



<p>Aktuelle Termine &#8211; Stand 26.08.2025</p>

<p>1. Halbjahr 2025 / 2026 14.08. erster Schultag für Klassen 2 bis 4die Schulanfängerkinder haben noch frei 16.08.Schulanfängerkinder 2025/26 &nbsp; 9:30 Uhr &#8211; Einschulungsgottesdienst10:30 Uhr &#8211; Einschulungsfeier in der Schule 18.08. erster Schultag für Schulanfängerkinder 2025/26 26.08. 18:00 Uhr Elternabend Klasse 2a19:00 Uhr Elternabend der Klassen 4a und 4b 27.08. 18:30 Uhr Elternabend der Klassen [&hellip;]</p>
