{"id":358,"date":"2019-03-10T11:51:44","date_gmt":"2019-03-10T10:51:44","guid":{"rendered":"https:\/\/wordpress.nibis.de\/gswarmsen\/?page_id=358"},"modified":"2026-04-19T18:29:50","modified_gmt":"2026-04-19T16:29:50","slug":"praeventionsrat-der-samtgemeinde-uchte","status":"publish","type":"page","link":"https:\/\/wordpress.nibis.de\/gswarmsen\/praeventionsrat-der-samtgemeinde-uchte\/","title":{"rendered":"Pr\u00e4ventionsrat der Samtgemeinde Uchte"},"content":{"rendered":"\n<p>Wir arbeiten eng mit dem Pr\u00e4ventionsrat der Samtgemeinde Uchte zusammen.<br>Unterst\u00fctzung  erhalten wir f\u00fcr Projekte wie: &#8222;Mein K\u00f6rper geh\u00f6rt mir&#8220;, &#8222;Wir machen  Kinder stark&#8220;, &#8222;Medienscouts&#8220; und in allen Klassen &#8222;<a href=\"https:\/\/www.uchte-online.de\/portal\/meldungen\/lange-hat-der-praeventionsrat-der-samtgemeinde-uchte-nach-neuen-gesundheitsfoerderer-innen-gesucht--911002305-21590.html?rubrik=11000051\" target=\"_blank\" rel=\"noreferrer noopener\">Klasse2000<\/a>&#8222;.<\/p>\n\n\n\n<p> <br>Der Pr\u00e4ventionsrat in der Samtgemeinde  Uchte ist eine B\u00fcrgerinitiative unter der Schirmherrschaft des  Samtgemeindeb\u00fcrgermeisters Reinhard Schmale.<br><br>Er f\u00f6rdert die  Integration und arbeitet f\u00fcr die Vorbeugung und Bek\u00e4mpfung von Gewalt,  Sucht und Kriminalit\u00e4t.&nbsp; Damit spricht er alle Generationen und Kulturen  an.<br><br>Der Pr\u00e4ventionsrat ist samtgemeindeweit t\u00e4tig! <br><\/p>\n\n\n\n<figure class=\"wp-block-image\"><img loading=\"lazy\" decoding=\"async\" width=\"800\" height=\"380\" src=\"https:\/\/wordpress.nibis.de\/gswarmsen\/files\/2019\/03\/praeventionsrat_internet.jpg\" alt=\"\" class=\"wp-image-361\" srcset=\"https:\/\/wordpress.nibis.de\/gswarmsen\/files\/2019\/03\/praeventionsrat_internet.jpg 800w, https:\/\/wordpress.nibis.de\/gswarmsen\/files\/2019\/03\/praeventionsrat_internet-768x365.jpg 768w\" sizes=\"auto, (max-width: 800px) 100vw, 800px\" \/><\/figure>\n\n\n\n<p><strong>D<\/strong><strong>ie Lenkungsgruppe <\/strong><\/p>\n\n\n\n<p>&#8211; informiert sich \u00fcber Projekte in den Arbeitskreisen<a href=\"http:\/\/www.uchte-online.de\/portal\/seiten\/praeventionsrat-die-arbeitskreise-11000112-21590.html?rubrik=11000051\"><br>&#8211; <\/a>entscheidet \u00fcber Antr\u00e4ge<br>&#8211; verteilt die Gelder entsprechend der Ziele und<br>&#8211; Grunds\u00e4tze des Pr\u00e4ventionsrates<br>&#8211; h\u00e4lt den Kontakt zur Verwaltung <br>&#8211; berichtet 1x j\u00e4hrlich \u00f6ffentlich \u00fcber die T\u00e4tigkeit des Pr\u00e4ventionsrates<\/p>\n\n\n\n<p>AnsprechpartnerInnen sind \u00fcber die <a href=\"https:\/\/www.uchte-online.de\/portal\/seiten\/praeventionsrat-organisatorische-informationen-11000113-21590.html\" data-type=\"link\" data-id=\"https:\/\/www.uchte-online.de\/portal\/seiten\/praeventionsrat-organisatorische-informationen-11000113-21590.html\">Homepage der Samtgemeinde Uchte <\/a>aktuell<\/p>\n\n\n","protected":false},"excerpt":{"rendered":"<p>Wir arbeiten eng mit dem Pr\u00e4ventionsrat der Samtgemeinde Uchte zusammen.Unterst\u00fctzung erhalten wir f\u00fcr Projekte wie: &#8222;Mein K\u00f6rper geh\u00f6rt mir&#8220;, &#8222;Wir machen Kinder stark&#8220;, &#8222;Medienscouts&#8220; und in allen Klassen &#8222;Klasse2000&#8222;. Der Pr\u00e4ventionsrat in der Samtgemeinde Uchte ist eine B\u00fcrgerinitiative unter der Schirmherrschaft des Samtgemeindeb\u00fcrgermeisters Reinhard Schmale. Er f\u00f6rdert die Integration und arbeitet f\u00fcr die Vorbeugung und [&hellip;]<\/p>\n","protected":false},"author":9192574,"featured_media":0,"parent":0,"menu_order":0,"comment_status":"closed","ping_status":"closed","template":"","meta":{"footnotes":""},"class_list":["post-358","page","type-page","status-publish","hentry"],"_links":{"self":[{"href":"https:\/\/wordpress.nibis.de\/gswarmsen\/wp-json\/wp\/v2\/pages\/358","targetHints":{"allow":["GET"]}}],"collection":[{"href":"https:\/\/wordpress.nibis.de\/gswarmsen\/wp-json\/wp\/v2\/pages"}],"about":[{"href":"https:\/\/wordpress.nibis.de\/gswarmsen\/wp-json\/wp\/v2\/types\/page"}],"author":[{"embeddable":true,"href":"https:\/\/wordpress.nibis.de\/gswarmsen\/wp-json\/wp\/v2\/users\/9192574"}],"replies":[{"embeddable":true,"href":"https:\/\/wordpress.nibis.de\/gswarmsen\/wp-json\/wp\/v2\/comments?post=358"}],"version-history":[{"count":6,"href":"https:\/\/wordpress.nibis.de\/gswarmsen\/wp-json\/wp\/v2\/pages\/358\/revisions"}],"predecessor-version":[{"id":2782,"href":"https:\/\/wordpress.nibis.de\/gswarmsen\/wp-json\/wp\/v2\/pages\/358\/revisions\/2782"}],"wp:attachment":[{"href":"https:\/\/wordpress.nibis.de\/gswarmsen\/wp-json\/wp\/v2\/media?parent=358"}],"curies":[{"name":"wp","href":"https:\/\/api.w.org\/{rel}","templated":true}]}}

Präventionsrat der Samtgemeinde Uchte

<p>Wir arbeiten eng mit dem Präventionsrat der Samtgemeinde Uchte zusammen.<br>Unterstützung  erhalten wir für Projekte wie: &#8222;Mein Körper gehört mir&#8220;, &#8222;Wir machen  Kinder stark&#8220;, &#8222;Medienscouts&#8220; und in allen Klassen &#8222;<a href="https://www.uchte-online.de/portal/meldungen/lange-hat-der-praeventionsrat-der-samtgemeinde-uchte-nach-neuen-gesundheitsfoerderer-innen-gesucht--911002305-21590.html?rubrik=11000051" target="_blank" rel="noreferrer noopener">Klasse2000</a>&#8222;.</p>



<p> <br>Der Präventionsrat in der Samtgemeinde  Uchte ist eine Bürgerinitiative unter der Schirmherrschaft des  Samtgemeindebürgermeisters Reinhard Schmale.<br><br>Er fördert die  Integration und arbeitet für die Vorbeugung und Bekämpfung von Gewalt,  Sucht und Kriminalität.&nbsp; Damit spricht er alle Generationen und Kulturen  an.<br><br>Der Präventionsrat ist samtgemeindeweit tätig! <br></p>



<figure class="wp-block-image"><img loading="lazy" decoding="async" width="800" height="380" src="https://wordpress.nibis.de/gswarmsen/files/2019/03/praeventionsrat_internet.jpg" alt="" class="wp-image-361" srcset="https://wordpress.nibis.de/gswarmsen/files/2019/03/praeventionsrat_internet.jpg 800w, https://wordpress.nibis.de/gswarmsen/files/2019/03/praeventionsrat_internet-768x365.jpg 768w" sizes="auto, (max-width: 800px) 100vw, 800px" /></figure>



<p><strong>D</strong><strong>ie Lenkungsgruppe </strong></p>



<p>&#8211; informiert sich über Projekte in den Arbeitskreisen<a href="http://www.uchte-online.de/portal/seiten/praeventionsrat-die-arbeitskreise-11000112-21590.html?rubrik=11000051"><br>&#8211; </a>entscheidet über Anträge<br>&#8211; verteilt die Gelder entsprechend der Ziele und<br>&#8211; Grundsätze des Präventionsrates<br>&#8211; hält den Kontakt zur Verwaltung <br>&#8211; berichtet 1x jährlich öffentlich über die Tätigkeit des Präventionsrates</p>



<p>AnsprechpartnerInnen sind über die <a href="https://www.uchte-online.de/portal/seiten/praeventionsrat-organisatorische-informationen-11000113-21590.html" data-type="link" data-id="https://www.uchte-online.de/portal/seiten/praeventionsrat-organisatorische-informationen-11000113-21590.html">Homepage der Samtgemeinde Uchte </a>aktuell</p>

<p>Wir arbeiten eng mit dem Präventionsrat der Samtgemeinde Uchte zusammen.Unterstützung erhalten wir für Projekte wie: &#8222;Mein Körper gehört mir&#8220;, &#8222;Wir machen Kinder stark&#8220;, &#8222;Medienscouts&#8220; und in allen Klassen &#8222;Klasse2000&#8222;. Der Präventionsrat in der Samtgemeinde Uchte ist eine Bürgerinitiative unter der Schirmherrschaft des Samtgemeindebürgermeisters Reinhard Schmale. Er fördert die Integration und arbeitet für die Vorbeugung und [&hellip;]</p>
