{"id":417,"date":"2019-03-10T19:40:36","date_gmt":"2019-03-10T18:40:36","guid":{"rendered":"https:\/\/wordpress.nibis.de\/gswarmsen\/?page_id=417"},"modified":"2026-04-08T18:51:39","modified_gmt":"2026-04-08T16:51:39","slug":"ganztag","status":"publish","type":"page","link":"https:\/\/wordpress.nibis.de\/gswarmsen\/ganztag\/","title":{"rendered":"Ganztag"},"content":{"rendered":"\n<p><strong>Die Struktur des Ganztags an der GS Warmsen<\/strong><\/p>\n\n\n\n<p>13.25 Uhr<\/p>\n\n\n\n<p>Mit dem Klingeln zum Ende der 6. Stunde beginnt der Nachmittag im Ganztagsbetrieb der GS Warmsen.<\/p>\n\n\n\n<p>W\u00e4hrend des Ganztagsbetriebs werden die Kinder von den P\u00e4dagogischen Mitarbeiterinnen Frau Lampe, Frau Sievers und Frau Roders-Krause betreut. In dieser Zeit ist dar\u00fcber hinaus die Schulleitung oder eine Lehrkraft anwesend. Zus\u00e4tzlich k\u00f6nnen auch Praktikantinnen und Praktikanten, Personen des Bundesfreiwilligendienstes oder andere interessierte Menschen nach den rechtlichen Regelungen die  Ganztagsbetreuung unterst\u00fctzen.<br>Die P\u00e4dagogischen Mitarbeiterinnen informieren sich \u00fcber abgemeldete oder kranke Kinder. Manchmal sind auch spontane oder ungew\u00f6hnliche Abmeldungen unvermeidlich, wenn die Kinder z.B. einen Arzttermin haben. F\u00fcr die Kinder bietet gerade an dieser Stelle eine Regelm\u00e4\u00dfigkeit Sicherheit. Auch f\u00fcr die Aufsichten sorgt eine Regelm\u00e4\u00dfigkeit f\u00fcr die organisatorische Sicherheit.<\/p>\n\n\n\n<p>\u00dcbergang von Schul- zum Ganztagsbetrieb<\/p>\n\n\n\n<ul class=\"wp-block-list\"><li>Zu Beginn wird um 13:30 Uhr zum Mittagessen geklingelt.<\/li><li>Alle Kinder, die zur Ganztagsbetreuung und damit auch zum Essen angemeldet sind, treffen sich mit gewaschenen H\u00e4nden an der Eingangst\u00fcr zur Mensa.<\/li><li>Die Kinder werden anhand der aush\u00e4ngenden Liste aufgerufen. Ihnen wird mitgeteilt, welches Essen sie in der Vorwoche f\u00fcr diesen Tag gew\u00e4hlt haben.<\/li><li>Um eine reibungslose Essensausgabe zu gew\u00e4hrleisten, bekommen die Kinder mit z.B. \u201eEssen 2 &#8211; vegetarisch\u201c einen gr\u00fcnen Punkt ausgeh\u00e4ndigt. Dort stellen sich die Kinder je nach Menu an. Die Teller werden bereitgehalten und nach dem Wunsch des Kindes bef\u00fcllt.<\/li><li>Die Kinder setzen sich organisiert an die daf\u00fcr vorbereiteten Tische.<\/li><li>Tablett und Besteck werden von den K\u00fcchenkr\u00e4ften an den Tischen verteilt. <\/li><li>Die Essensausgabe erfolgt durch die festangestellte K\u00fcchenhilfe.<\/li><li>Bei Bedarf k\u00f6nnen die Kinder Essen nachholen, wenn nach dem Verteilen noch etwas \u00fcbrig ist..<\/li><li>Zum Nachtisch gibt es Joghurt, Quark, Pudding oder Obst. Das Obst  wird vorab von der K\u00fcchenhilfe  vorbereitet und zerteilt.<\/li><li>W\u00e4hrend des Essens wird die Unterhaltung in angemessener Lautst\u00e4rke gef\u00fchrt und es wird auf Tischsitten geachtet.<\/li><li>Die 4er-Gruppen r\u00e4umen ihre Tische vollst\u00e4ndig ab. Dann werden die Tische von den Gruppen mit einem feuchten Tuch abgewischt und mit einem  Trockentuch nachgewischt.<\/li><li>Alle bleiben am Tisch sitzen oder nutzen die Sitzgruppe f\u00fcr Gespr\u00e4che.<\/li><\/ul>\n\n\n\n<p><strong>Bis 14:55 Uhr: 7. Stunde<\/strong> <strong>&#8211; erste Abholzeit<\/strong><\/p>\n\n\n\n<p>Der Nachmittag beginnt in der 7. Stunde i.d.R. mit den betreuten Hausaufgaben in der nun aufger\u00e4umten Mensa. Gegebenenfalls wird die Gruppe auf verschiedene Klassen- oder Nebenr\u00e4ume aufgeteilt. Lehrerinnen, Lehrer oder P\u00e4dagogische Mitarbeiterinnen geben in Einzelf\u00e4llen Hilfestellung und sorgen f\u00fcr eine ruhige Arbeitsatmosph\u00e4re.<\/p>\n\n\n\n<p>Kinder, die fertig sind, melden sich bei der P\u00e4dagogischen Mitarbeiterin, geben an, dass sie fertig sind und besprechen die weiteren Aktivit\u00e4ten:<\/p>\n\n\n\n<ul class=\"wp-block-list\"><li>freies Spiel in den Betreuungsr\u00e4umen, der Mensa oder auf dem Schulhof<\/li><li>Basteln oben in den Betreuungsr\u00e4umen<\/li><li>Werken im Werkraum<\/li><\/ul>\n\n\n\n<p><strong>14.55 Uhr bis 15:40 Uhr: 8. Stunde<\/strong> <strong>&#8211; zweite Abholzeit<\/strong><\/p>\n\n\n\n<p>In der 8. Stunde k\u00f6nnen die Kinder in Absprachce mit den Aufsichten das Schulgel\u00e4nde nutzen bzw. teilen sich den aktuellen Angeboten zu. Welche es gibt, h\u00e4ngt von den vorhandenen Mitteln und vor allem von Organisationen oder Privatleuten ab, die den Ganztag unterst\u00fctzen. <\/p>\n\n\n\n<p>15.35 Uhr: Die Kinder werden aufgefordert aufzur\u00e4umen, die Spielger\u00e4te zur\u00fcckzubringen und ihre Sachen zusammenzupacken. Die betreuenden P\u00e4dagogischen Mitarbeiterinnen beaufsichtigen dieses, achten auf ordnungsgerechte Lagerung und verschlie\u00dfen anschlie\u00dfend den Schuppen.<\/p>\n\n\n\n<p>15.40 Uhr: Das Nachmittagsprogramm des Ganztags endet. Eine Aufsicht begleitet die Kinder zum Bus bis alle Kinder das Gel\u00e4nde verlassen haben.<\/p>\n\n\n\n<p>Aktuelle Angebote des Tages werden f\u00fcr die Kinder gut lesbar vor der Mensa ausgeh\u00e4ngt. Neben ggf. festgelegten und von den Kindern gew\u00e4hlten Angeboten werden auch spontane Projekte f\u00fcr die Kinder im Freispiel erm\u00f6glicht.<\/p>\n\n\n\n<p>Wenn Sie eine sch\u00f6ne Aktion f\u00fcr die Kinder anbieten m\u00f6chten, sprechen Sie uns bitte an.<br>Ein solches Angebot kann Ihren W\u00fcnschen und M\u00f6glichkeiten entsprechend durchgef\u00fchrt werden:<\/p>\n\n\n\n<p>&#8211; regelm\u00e4\u00dfig jede Woche<br>&#8211; regelm\u00e4\u00dfig 14-t\u00e4gig oder monatlich<br>&#8211; einmalig zu einer besonderen Zeit<br>&#8211; oder mehrt\u00e4gig<br>&#8211; oder, oder, oder &#8230;<\/p>\n","protected":false},"excerpt":{"rendered":"<p>Die Struktur des Ganztags an der GS Warmsen 13.25 Uhr Mit dem Klingeln zum Ende der 6. Stunde beginnt der Nachmittag im Ganztagsbetrieb der GS Warmsen. W\u00e4hrend des Ganztagsbetriebs werden die Kinder von den P\u00e4dagogischen Mitarbeiterinnen Frau Lampe, Frau Sievers und Frau Roders-Krause betreut. In dieser Zeit ist dar\u00fcber hinaus die Schulleitung oder eine Lehrkraft [&hellip;]<\/p>\n","protected":false},"author":9192574,"featured_media":0,"parent":0,"menu_order":0,"comment_status":"closed","ping_status":"closed","template":"","meta":{"footnotes":""},"class_list":["post-417","page","type-page","status-publish","hentry"],"_links":{"self":[{"href":"https:\/\/wordpress.nibis.de\/gswarmsen\/wp-json\/wp\/v2\/pages\/417","targetHints":{"allow":["GET"]}}],"collection":[{"href":"https:\/\/wordpress.nibis.de\/gswarmsen\/wp-json\/wp\/v2\/pages"}],"about":[{"href":"https:\/\/wordpress.nibis.de\/gswarmsen\/wp-json\/wp\/v2\/types\/page"}],"author":[{"embeddable":true,"href":"https:\/\/wordpress.nibis.de\/gswarmsen\/wp-json\/wp\/v2\/users\/9192574"}],"replies":[{"embeddable":true,"href":"https:\/\/wordpress.nibis.de\/gswarmsen\/wp-json\/wp\/v2\/comments?post=417"}],"version-history":[{"count":6,"href":"https:\/\/wordpress.nibis.de\/gswarmsen\/wp-json\/wp\/v2\/pages\/417\/revisions"}],"predecessor-version":[{"id":2441,"href":"https:\/\/wordpress.nibis.de\/gswarmsen\/wp-json\/wp\/v2\/pages\/417\/revisions\/2441"}],"wp:attachment":[{"href":"https:\/\/wordpress.nibis.de\/gswarmsen\/wp-json\/wp\/v2\/media?parent=417"}],"curies":[{"name":"wp","href":"https:\/\/api.w.org\/{rel}","templated":true}]}}