{"id":426,"date":"2019-03-10T19:42:40","date_gmt":"2019-03-10T18:42:40","guid":{"rendered":"https:\/\/wordpress.nibis.de\/gswarmsen\/?page_id=426"},"modified":"2023-05-19T13:40:31","modified_gmt":"2023-05-19T11:40:31","slug":"hausaufgaben","status":"publish","type":"page","link":"https:\/\/wordpress.nibis.de\/gswarmsen\/hausaufgaben\/","title":{"rendered":"Hausaufgaben"},"content":{"rendered":"\n<p>Hausaufgaben dienen dem eigenst\u00e4ndigen Vor- oder Nachbereiten des  Lernstoffes, d.h. sie m\u00fcssen in einem planvollen Zusammenhang zum Unterricht stehen. Die Prinzipien des Hausaufgabenerlasses werden ber\u00fccksichtigt und bleiben erhalten. <\/p>\n\n\n\n<p>Hausaufgaben sind notwendige \u00dcbungsphasen, f\u00fcr die innerhalb der Schulstunden zu wenig Raum bleibt und in denen die Kinder das Gelernte nach einer kurzen Zeit f\u00fcr sich allein wiederholen und damit festigen  sollen.<\/p>\n\n\n\n<p>Hausaufgaben sollten folgende Zeiten in der Regel nicht \u00fcberschreiten:<\/p>\n\n\n\n<p>Klassen 1 und 2:&nbsp;&nbsp;&nbsp; 30-45 Minuten<\/p>\n\n\n\n<p>Klassen 3 und 4:&nbsp;&nbsp;&nbsp; 45-60 Minute<\/p>\n\n\n\n<p>Damit Hausaufgaben den o.g. Sinn nicht verfehlen, m\u00fcssen Sch\u00fclerinnen\n und Sch\u00fcler, Lehrkr\u00e4fte und Eltern eng zusammenarbeiten. D.h.:<\/p>\n\n\n\n<ol class=\"wp-block-list\"><li>Lehrerinnen und Lehrer sollen gemeinsam darauf achten, dass die o.g. Zeiten seitens der Planung nicht \u00fcberschritten werden. Daf\u00fcr ist es unabdingbar, dass die Eltern und ggf. die Lehrkr\u00e4fte der Lernzeit den betreffenden Fachlehrern und Fachlehrerinnen ggf. R\u00fcckmeldung geben.<\/li><li>Lehrerinnen und Lehrer schreiben die t\u00e4glichen Hausaufgaben an die  Tafel. Die Kinder notieren sie lesbar in ihre Hausaufgabenhefte.<\/li><li>Die Eltern sollen sich die Hausaufgabenhefte der Kinder zeigen lassen und von Ihren Kindern die Eintragungen auch einfordern.<\/li><li>Die Kinder sollen den Eltern und ggf. den Lehrkr\u00e4ften der Lernzeit die Hausaufgaben kurz erkl\u00e4ren bzw. beschreiben und diese dann m\u00f6glichst eigenst\u00e4ndig erledigen.<\/li><\/ol>\n\n\n\n<p>Lehrkr\u00e4fte und Eltern w\u00fcrdigen die Arbeiten der Kinder durch regelm\u00e4\u00dfige Kontrolle und Anerkennung. Auch wenn die Kinder an der Lernzeit teilnehmen, kann es Aufgaben geben, die zu Hause beendet oder erledigt werden m\u00fcssen, wie zum Beispiel: Informationen und Materialien besorgen, Texte (Gedichte,  Regeln, 1&#215;1 &#8230;) auswendig lernen, Lesen \u00fcben und f\u00fcr Klassenarbeiten, Pr\u00e4sentationen o.\u00e4. \u00fcben.<\/p>\n\n\n\n<p>Im Krankheitsfall organisieren die Eltern den Lernstoff und werden von den Lehrkr\u00e4ften unterst\u00fctzt.<\/p>\n","protected":false},"excerpt":{"rendered":"<p>Hausaufgaben dienen dem eigenst\u00e4ndigen Vor- oder Nachbereiten des Lernstoffes, d.h. sie m\u00fcssen in einem planvollen Zusammenhang zum Unterricht stehen. Die Prinzipien des Hausaufgabenerlasses werden ber\u00fccksichtigt und bleiben erhalten. Hausaufgaben sind notwendige \u00dcbungsphasen, f\u00fcr die innerhalb der Schulstunden zu wenig Raum &hellip; <a href=\"https:\/\/wordpress.nibis.de\/gswarmsen\/hausaufgaben\/\">Weiterlesen <span class=\"meta-nav\">&rarr;<\/span><\/a><\/p>\n","protected":false},"author":9192574,"featured_media":0,"parent":0,"menu_order":0,"comment_status":"closed","ping_status":"closed","template":"","meta":{"footnotes":""},"class_list":["post-426","page","type-page","status-publish","hentry"],"_links":{"self":[{"href":"https:\/\/wordpress.nibis.de\/gswarmsen\/wp-json\/wp\/v2\/pages\/426","targetHints":{"allow":["GET"]}}],"collection":[{"href":"https:\/\/wordpress.nibis.de\/gswarmsen\/wp-json\/wp\/v2\/pages"}],"about":[{"href":"https:\/\/wordpress.nibis.de\/gswarmsen\/wp-json\/wp\/v2\/types\/page"}],"author":[{"embeddable":true,"href":"https:\/\/wordpress.nibis.de\/gswarmsen\/wp-json\/wp\/v2\/users\/9192574"}],"replies":[{"embeddable":true,"href":"https:\/\/wordpress.nibis.de\/gswarmsen\/wp-json\/wp\/v2\/comments?post=426"}],"version-history":[{"count":3,"href":"https:\/\/wordpress.nibis.de\/gswarmsen\/wp-json\/wp\/v2\/pages\/426\/revisions"}],"predecessor-version":[{"id":2201,"href":"https:\/\/wordpress.nibis.de\/gswarmsen\/wp-json\/wp\/v2\/pages\/426\/revisions\/2201"}],"wp:attachment":[{"href":"https:\/\/wordpress.nibis.de\/gswarmsen\/wp-json\/wp\/v2\/media?parent=426"}],"curies":[{"name":"wp","href":"https:\/\/api.w.org\/{rel}","templated":true}]}}