{"id":429,"date":"2019-03-10T19:45:43","date_gmt":"2019-03-10T18:45:43","guid":{"rendered":"https:\/\/wordpress.nibis.de\/gswarmsen\/?page_id=429"},"modified":"2025-08-27T08:35:36","modified_gmt":"2025-08-27T06:35:36","slug":"klasse-2000","status":"publish","type":"page","link":"https:\/\/wordpress.nibis.de\/gswarmsen\/klasse-2000\/","title":{"rendered":"Klasse 2000"},"content":{"rendered":"\n<p><strong>Klasse 2000 &#8211; Unser Ziel: Gesunde Kinder <\/strong><br> <br>Kinder sind voller Wissensdrang und haben Spa\u00df an einem aktiven und gesunden Leben.<br>Diese positive Haltung wollen wir fr\u00fchzeitig unterst\u00fctzen, um die Entwicklung zu einem gesunden Leben ohne Sucht und Gewalt zu f\u00f6rdern.<br>Die beste Vorbeugung ist die F\u00f6rderung der F\u00e4higkeiten und der Pers\u00f6nlichkeit der Kinder \u2013 das ist wissenschaftlich belegt und auf  dieser Erkenntnis baut das Konzept von Klasse2000 auf.<br> <br>\u00a0<strong>Die Ziele von Klasse2000<\/strong><\/p>\n\n\n\n<ul class=\"wp-block-list\"><li>Kinder kennen ihren K\u00f6rper und entwickeln eine positive Einstellung zur Gesundheit<\/li><li>Kinder kennen die Bedeutung von gesunder Ern\u00e4hrung und Bewegung und haben Freude an einem aktiven Leben.<\/li><li>Kinder entwickeln pers\u00f6nliche und soziale Kompetenzen<\/li><li>Kinder lernen den kritischen Umgang mit Tabak, Alkohol und Versprechen der Werbung<\/li><li>Das Umfeld der Kinder \u2013 Eltern, Schule, Gemeinde \u2013 unterst\u00fctzt sie beim gesunden Aufwachsen.<\/li><\/ul>\n\n\n\n<p><br><strong>Themenbl\u00f6cke der einzelnen Jahrgangsstufen<\/strong><\/p>\n\n\n\n<p>Klasse 1<br>&#8211; Luft und Atmung <br>&#8211; Bewegung &#8211; so funktioniert es!  <\/p>\n\n\n\n<p>Klasse 2<br>&#8211; Der Weg der Nahrung<br>&#8211; Entspannung<br>&#8211; KLARO der Gef\u00fchlsforscher  <\/p>\n\n\n\n<p>Klasse 3<br>&#8211; Herz und Kreislauf<br>&#8211; Gef\u00fchle? Alles KLARO!<br>&#8211; Zusammen sind wir stark (Gemeinschaftsgef\u00fchl st\u00e4rken)  <\/p>\n\n\n\n<p>Klasse 4<br>&#8211; Mein Gehirn \u2013 besser als jeder Computer<br>&#8211; Gl\u00fcck und Werbung (Nikotin und Alkohol? Nein danke!)<br>&#8211; Fit f\u00fcrs Leben \u2013 ich bleib dabei!  <\/p>\n\n\n\n<p>Ab dem Schuljahr 2015\/2016 \u00fcbernimmt der Landkreis Nienburg die Gesamtkosten, aufsteigend ab der Jahrgangsstufe 2. Mittlerweile werden die Kosten f\u00fcr alle Klassenstufen von der Samtgemeinde \u00fcbernommen &#8211; VIELEN DANK<\/p>\n\n\n\n<p>Die Finanzierung des Projektes erfolgt f\u00fcr alle Klassen zur H\u00e4lfte durch den Landkreis. Wenn es der F\u00f6rdertopf der AOK zul\u00e4sst, wird die H\u00e4lfte der Kosten \u00fcbernommen. <br>F\u00fcr ihre Unterst\u00fctzung bedankt sich die Grundschule Warmsen bei allen F\u00f6rderern ganz herzlich.<\/p>\n\n\n\n<p><\/p>\n","protected":false},"excerpt":{"rendered":"<p>Klasse 2000 &#8211; Unser Ziel: Gesunde Kinder Kinder sind voller Wissensdrang und haben Spa\u00df an einem aktiven und gesunden Leben.Diese positive Haltung wollen wir fr\u00fchzeitig unterst\u00fctzen, um die Entwicklung zu einem gesunden Leben ohne Sucht und Gewalt zu f\u00f6rdern.Die beste Vorbeugung ist die F\u00f6rderung der F\u00e4higkeiten und der Pers\u00f6nlichkeit der Kinder \u2013 das ist wissenschaftlich [&hellip;]<\/p>\n","protected":false},"author":9192574,"featured_media":0,"parent":0,"menu_order":0,"comment_status":"closed","ping_status":"closed","template":"","meta":{"footnotes":""},"class_list":["post-429","page","type-page","status-publish","hentry"],"_links":{"self":[{"href":"https:\/\/wordpress.nibis.de\/gswarmsen\/wp-json\/wp\/v2\/pages\/429","targetHints":{"allow":["GET"]}}],"collection":[{"href":"https:\/\/wordpress.nibis.de\/gswarmsen\/wp-json\/wp\/v2\/pages"}],"about":[{"href":"https:\/\/wordpress.nibis.de\/gswarmsen\/wp-json\/wp\/v2\/types\/page"}],"author":[{"embeddable":true,"href":"https:\/\/wordpress.nibis.de\/gswarmsen\/wp-json\/wp\/v2\/users\/9192574"}],"replies":[{"embeddable":true,"href":"https:\/\/wordpress.nibis.de\/gswarmsen\/wp-json\/wp\/v2\/comments?post=429"}],"version-history":[{"count":3,"href":"https:\/\/wordpress.nibis.de\/gswarmsen\/wp-json\/wp\/v2\/pages\/429\/revisions"}],"predecessor-version":[{"id":2453,"href":"https:\/\/wordpress.nibis.de\/gswarmsen\/wp-json\/wp\/v2\/pages\/429\/revisions\/2453"}],"wp:attachment":[{"href":"https:\/\/wordpress.nibis.de\/gswarmsen\/wp-json\/wp\/v2\/media?parent=429"}],"curies":[{"name":"wp","href":"https:\/\/api.w.org\/{rel}","templated":true}]}}