{"id":453,"date":"2019-03-10T19:54:29","date_gmt":"2019-03-10T18:54:29","guid":{"rendered":"https:\/\/wordpress.nibis.de\/gswarmsen\/?page_id=453"},"modified":"2019-04-12T19:09:08","modified_gmt":"2019-04-12T17:09:08","slug":"vertetungskonzept","status":"publish","type":"page","link":"https:\/\/wordpress.nibis.de\/gswarmsen\/vertetungskonzept\/","title":{"rendered":"Vertretungskonzept"},"content":{"rendered":"\n<p><strong>Das Vertretungskonzept der GS Warmsen:<\/strong><\/p>\n\n\n\n<p>Wenn eine Lehrkraft erkrankt, soll der Unterricht m\u00f6glichst \nreibungslos weitergef\u00fchrt werden. Dazu versuchen wir den Vertretungsplan\n so aufzubauen, dass die einzelnen F\u00e4cher m\u00f6glichst von nur einer \nVertretungskraft \u00fcbernommen werden.<\/p>\n\n\n\n<p>Grunds\u00e4tzlich dienen die schuleigenen Lehrpl\u00e4ne mit den \nKonkretisierungen in den Halbjahrespl\u00e4nen als Grundlage der \nUnterrichtsplanung. Die schuleigenen wie auch die Halbjahrespl\u00e4ne stehen\n jeweils einmal offen im Sekretariat bzw. liegen in den Klassen aus. \nAlle Kolleginnen und Kollegen folgen m\u00f6glichst den Vorschl\u00e4gen der \nLehrg\u00e4nge und stimmen, wenn m\u00f6glich, Inhalte und Planung aktuell mit der\n zu ersetzenden Lehrkraft ab.<\/p>\n\n\n\n<p>Daf\u00fcr stehen auch die Sch\u00fcler- und die entsprechenden \nLehrerhandb\u00fccher jeweils einmal pro Klassenstufe im Sekretariat zur \nVerf\u00fcgung. Die Vertretungslehrkraft wird bei weiteren Fragen von der \nparallel unterrichtenden Lehrkraft und\/oder der Fachkonferenzleitung \nunterst\u00fctzt.<\/p>\n\n\n\n<p>Meist treten Erkrankungen spontan auf, sodass wir ebenso spontan \nreagieren m\u00fcssen. Zun\u00e4chst muss der Unterricht grunds\u00e4tzlich \ngew\u00e4hrleistet sein und wird mit P\u00e4dagogischen Mitarbeiterinnen und\/oder \nKolleginnen oder Kollegen \u00fcbernommen, die spontan einsetzbar sind. \nGleichzeitig werden m\u00f6glichst konkrete Information \u00fcber die \nVertretungsdauer eingeholt. Damit wird ein m\u00f6glichst kontinuierlicher \nPlan erstellt, in dem die F\u00e4cher Deutsch und Mathematik die h\u00f6chste \nPriorit\u00e4t besitzen und m\u00f6glichst von Lehrkr\u00e4ften \u00fcbernommen werden. Das \nbedeutet gleichzeitig, dass der Unterricht der ersetzenden Kolleginnen \nund Kollegen auch durch andere Vertretungskr\u00e4fte \u00fcbernommen wird.<\/p>\n\n\n\n<p>Ist ein Ausfall von nur einem Tag oder einer sehr kurzen Zeit zu \nerwarten, wird der Unterricht generell durch unsere P\u00e4dagogischen \nMitarbeiterinnen \u00fcbernommen. Auch k\u00f6nnen manche Stunden mit anderen \nKlassen zusammengelegt werden oder einzelne Klassen erhalten \nArbeitsauftr\u00e4ge, die sie dann in Stillarbeit selbstst\u00e4ndig erledigen.<\/p>\n\n\n\n<p>Scheint eine l\u00e4ngere Vertretungszeit vorzuliegen, wird der \nStundenplan mit, wie eben beschrieben, Auswirkung f\u00fcr mehrere Lehrkr\u00e4fte\n und weitere Klassen neu geschrieben.<\/p>\n\n\n\n<p>Generell versuchen wir, geplante Leistungs\u00fcberpr\u00fcfungen durch die \nurspr\u00fcnglich eingesetzte Fachlehrkraft durchf\u00fchren zu lassen, sofern \nnicht die Dauer der Erkrankung der zu vertretenden Lehrkraft dieses \nnicht sinnvoll zul\u00e4sst.<\/p>\n","protected":false},"excerpt":{"rendered":"<p>Das Vertretungskonzept der GS Warmsen: Wenn eine Lehrkraft erkrankt, soll der Unterricht m\u00f6glichst reibungslos weitergef\u00fchrt werden. Dazu versuchen wir den Vertretungsplan so aufzubauen, dass die einzelnen F\u00e4cher m\u00f6glichst von nur einer Vertretungskraft \u00fcbernommen werden. Grunds\u00e4tzlich dienen die schuleigenen Lehrpl\u00e4ne mit &hellip; <a href=\"https:\/\/wordpress.nibis.de\/gswarmsen\/vertetungskonzept\/\">Weiterlesen <span class=\"meta-nav\">&rarr;<\/span><\/a><\/p>\n","protected":false},"author":9192574,"featured_media":0,"parent":0,"menu_order":0,"comment_status":"closed","ping_status":"closed","template":"","meta":{"footnotes":""},"class_list":["post-453","page","type-page","status-publish","hentry"],"_links":{"self":[{"href":"https:\/\/wordpress.nibis.de\/gswarmsen\/wp-json\/wp\/v2\/pages\/453","targetHints":{"allow":["GET"]}}],"collection":[{"href":"https:\/\/wordpress.nibis.de\/gswarmsen\/wp-json\/wp\/v2\/pages"}],"about":[{"href":"https:\/\/wordpress.nibis.de\/gswarmsen\/wp-json\/wp\/v2\/types\/page"}],"author":[{"embeddable":true,"href":"https:\/\/wordpress.nibis.de\/gswarmsen\/wp-json\/wp\/v2\/users\/9192574"}],"replies":[{"embeddable":true,"href":"https:\/\/wordpress.nibis.de\/gswarmsen\/wp-json\/wp\/v2\/comments?post=453"}],"version-history":[{"count":2,"href":"https:\/\/wordpress.nibis.de\/gswarmsen\/wp-json\/wp\/v2\/pages\/453\/revisions"}],"predecessor-version":[{"id":1029,"href":"https:\/\/wordpress.nibis.de\/gswarmsen\/wp-json\/wp\/v2\/pages\/453\/revisions\/1029"}],"wp:attachment":[{"href":"https:\/\/wordpress.nibis.de\/gswarmsen\/wp-json\/wp\/v2\/media?parent=453"}],"curies":[{"name":"wp","href":"https:\/\/api.w.org\/{rel}","templated":true}]}}