{"id":46,"date":"2018-10-09T14:14:25","date_gmt":"2018-10-09T12:14:25","guid":{"rendered":"http:\/\/wordpress.nibis.de\/gswarmsen\/?page_id=46"},"modified":"2018-10-10T19:25:59","modified_gmt":"2018-10-10T17:25:59","slug":"schuelerrat","status":"publish","type":"page","link":"https:\/\/wordpress.nibis.de\/gswarmsen\/schuelerrat\/","title":{"rendered":"Sch\u00fclerrat"},"content":{"rendered":"<h2>Sch\u00fclermitbestimmung<\/h2>\n<p>Sch\u00fclermitbestimmung<br \/>\nSchon immer haben sich die Kinder in das Schulleben einbringen k\u00f6nnen.<br \/>\nUnter anderem haben die Kinder zum Projekt Schulhof-Umgestaltung ihre Ideen und Vorschl\u00e4ge eingebracht. Da wurde viel nachgedacht, diskutiert und gemalt. Jedes Kind konnte so mit seinen M\u00f6glichkeiten zur Gestaltung beitragen<\/p>\n<p>Sch\u00fclerrat<br \/>\nSeit dem Schuljahr 2008\/2009 wird das Schulleben durch den Sch\u00fclerrat bereichert. Aus den Klassen 2 bis 4 bilden die Klassensprecherinnen und Klassensprecher den Sch\u00fclerrat.<br \/>\nDie Kinder der ersten Klassen w\u00e4hlen zu Beginn des zweiten Schulhalbjahres ebenfalls ihre Klassenvertretung. Daraufhin werden auch diese Kinder an Sitzungen des Sch\u00fclerrates teilnehmen.<br \/>\nDie Kinder aller Klassen w\u00e4hlen eine Lehrkraft ihres Vertrauens zum Verbindungslehrer.<br \/>\nMit seiner\/ihrer Hilfe entwickeln die Kinder Ideen, welche M\u00f6glichkeiten und Aufgaben ein Sch\u00fclerrat haben kann und sollte. In den Sitzungen tr\u00e4gt der Sch\u00fclerrat Ideen, W\u00fcnsche und Interessen der einzelnen Klassen zusammen.<br \/>\nDeren Anliegen werden im Sch\u00fclerrat diskutiert und beschieden. Die Vorschl\u00e4ge werden daraufhin \u00fcberpr\u00fcft, ob sie der Allgemeinheit zugutekommen und ggf. umgesetzt. Dabei kommt es auch vor, dass die beteiligten Kinder einsehen, f\u00fcr sich zwar eine tolle Idee gehabt zu haben, es aber f\u00fcr alle Kinder zu nachteiligen Ergebnissen f\u00fchren kann.<br \/>\nAndererseits wird das Organ Sch\u00fclerrat auch von der Institution Schule genutzt, um \u00fcber dieses Multiplikatoren-Team \u00dcberlegungen und Fragen an die Kinder zu tragen.<\/p>\n","protected":false},"excerpt":{"rendered":"<p>Sch\u00fclermitbestimmung Sch\u00fclermitbestimmung Schon immer haben sich die Kinder in das Schulleben einbringen k\u00f6nnen. Unter anderem haben die Kinder zum Projekt Schulhof-Umgestaltung ihre Ideen und Vorschl\u00e4ge eingebracht. Da wurde viel nachgedacht, diskutiert und gemalt. Jedes Kind konnte so mit seinen M\u00f6glichkeiten zur Gestaltung beitragen Sch\u00fclerrat Seit dem Schuljahr 2008\/2009 wird das Schulleben durch den Sch\u00fclerrat bereichert. [&hellip;]<\/p>\n","protected":false},"author":9192574,"featured_media":0,"parent":0,"menu_order":0,"comment_status":"closed","ping_status":"closed","template":"","meta":{"footnotes":""},"class_list":["post-46","page","type-page","status-publish","hentry"],"_links":{"self":[{"href":"https:\/\/wordpress.nibis.de\/gswarmsen\/wp-json\/wp\/v2\/pages\/46","targetHints":{"allow":["GET"]}}],"collection":[{"href":"https:\/\/wordpress.nibis.de\/gswarmsen\/wp-json\/wp\/v2\/pages"}],"about":[{"href":"https:\/\/wordpress.nibis.de\/gswarmsen\/wp-json\/wp\/v2\/types\/page"}],"author":[{"embeddable":true,"href":"https:\/\/wordpress.nibis.de\/gswarmsen\/wp-json\/wp\/v2\/users\/9192574"}],"replies":[{"embeddable":true,"href":"https:\/\/wordpress.nibis.de\/gswarmsen\/wp-json\/wp\/v2\/comments?post=46"}],"version-history":[{"count":1,"href":"https:\/\/wordpress.nibis.de\/gswarmsen\/wp-json\/wp\/v2\/pages\/46\/revisions"}],"predecessor-version":[{"id":47,"href":"https:\/\/wordpress.nibis.de\/gswarmsen\/wp-json\/wp\/v2\/pages\/46\/revisions\/47"}],"wp:attachment":[{"href":"https:\/\/wordpress.nibis.de\/gswarmsen\/wp-json\/wp\/v2\/media?parent=46"}],"curies":[{"name":"wp","href":"https:\/\/api.w.org\/{rel}","templated":true}]}}