{"id":482,"date":"2019-03-10T20:55:22","date_gmt":"2019-03-10T19:55:22","guid":{"rendered":"https:\/\/wordpress.nibis.de\/gswarmsen\/?page_id=482"},"modified":"2020-03-01T21:31:02","modified_gmt":"2020-03-01T20:31:02","slug":"musizierkreis-warmsen","status":"publish","type":"page","link":"https:\/\/wordpress.nibis.de\/gswarmsen\/musizierkreis-warmsen\/","title":{"rendered":"Musizierkreis Warmsen"},"content":{"rendered":"\n<p>Der <a href=\"http:\/\/musizierkreis-warmsen.de\/\">Musizierkreis Warmsen<\/a> unterst\u00fctzt uns in der Gestaltung des Ganztags mit tollen Angeboten.<\/p>\n\n\n\n<p>Donnerstags k\u00f6nnen die Kinder Fl\u00f6ten und Trommeln.<\/p>\n\n\n\n<p><\/p>\n\n\n","protected":false},"excerpt":{"rendered":"<p>Der Musizierkreis Warmsen unterst\u00fctzt uns in der Gestaltung des Ganztags mit tollen Angeboten. Donnerstags k\u00f6nnen die Kinder Fl\u00f6ten und Trommeln.<\/p>\n","protected":false},"author":9192574,"featured_media":0,"parent":0,"menu_order":0,"comment_status":"closed","ping_status":"closed","template":"","meta":{"footnotes":""},"class_list":["post-482","page","type-page","status-publish","hentry"],"_links":{"self":[{"href":"https:\/\/wordpress.nibis.de\/gswarmsen\/wp-json\/wp\/v2\/pages\/482","targetHints":{"allow":["GET"]}}],"collection":[{"href":"https:\/\/wordpress.nibis.de\/gswarmsen\/wp-json\/wp\/v2\/pages"}],"about":[{"href":"https:\/\/wordpress.nibis.de\/gswarmsen\/wp-json\/wp\/v2\/types\/page"}],"author":[{"embeddable":true,"href":"https:\/\/wordpress.nibis.de\/gswarmsen\/wp-json\/wp\/v2\/users\/9192574"}],"replies":[{"embeddable":true,"href":"https:\/\/wordpress.nibis.de\/gswarmsen\/wp-json\/wp\/v2\/comments?post=482"}],"version-history":[{"count":2,"href":"https:\/\/wordpress.nibis.de\/gswarmsen\/wp-json\/wp\/v2\/pages\/482\/revisions"}],"predecessor-version":[{"id":1641,"href":"https:\/\/wordpress.nibis.de\/gswarmsen\/wp-json\/wp\/v2\/pages\/482\/revisions\/1641"}],"wp:attachment":[{"href":"https:\/\/wordpress.nibis.de\/gswarmsen\/wp-json\/wp\/v2\/media?parent=482"}],"curies":[{"name":"wp","href":"https:\/\/api.w.org\/{rel}","templated":true}]}}