{"id":1612,"date":"2025-12-09T16:36:46","date_gmt":"2025-12-09T15:36:46","guid":{"rendered":"https:\/\/wordpress.nibis.de\/gswenden\/?page_id=1612"},"modified":"2025-12-09T16:39:53","modified_gmt":"2025-12-09T15:39:53","slug":"sis-seniorpartner-in-school","status":"publish","type":"page","link":"https:\/\/wordpress.nibis.de\/gswenden\/sis-seniorpartner-in-school\/","title":{"rendered":"SiS &#8211; Seniorpartner in School"},"content":{"rendered":"\n<p>Seit Kurzem wird unsere Schule durch das <strong>Projekt Seniorpartner in School (SiS)<\/strong> unterst\u00fctzt. Ausgebildete Schulmediatorinnen und -mediatoren kommen jeden <strong>Dienstag und Mittwoch vormittags<\/strong> in Zweierteams zu uns und helfen den Kindern bei Streit, Sorgen und Konflikten.<\/p>\n\n\n\n<p>Die Kinder k\u00f6nnen sich freiwillig an die SiS wenden, wenn sie Unterst\u00fctzung brauchen. <strong>In ruhiger Atmosph\u00e4re f\u00fchren die SiS Gespr\u00e4che und helfen dabei, L\u00f6sungen zu finden und Konflikte gewaltfrei zu kl\u00e4ren. <\/strong>Ziel ist es, das soziale Miteinander zu st\u00e4rken und die Kinder in ihrer Pers\u00f6nlichkeitsentwicklung zu begleiten.<\/p>\n\n\n\n<p>In den Pausen sind die SiS an ihren leuchtenden Westen gut zu erkennen und ansprechbar. F\u00fcr die Gespr\u00e4che steht aktuell ein eigener Raum zur Verf\u00fcgung; perspektivisch entsteht ein fester \u201eRaum der guten L\u00f6sungen\u201c.<\/p>\n\n\n\n<p>Die Mitarbeitenden arbeiten ehrenamtlich, sind speziell ausgebildet und unterliegen selbstverst\u00e4ndlich der Schweigepflicht.<\/p>\n\n\n\n<p>Ansprechpartner an unserer Schule ist Herr von See (<a href=\"&#x6d;&#97;&#105;l&#x74;&#x6f;&#58;m&#x69;&#x63;&#104;a&#x65;&#x6c;&#46;v&#x6f;&#x6e;&#46;s&#x65;&#x65;&#64;g&#x73;&#x77;&#101;&#110;d&#x65;&#x6e;&#46;d&#x65;\">&#x6d;&#x69;&#x63;&#104;&#97;el&#x2e;&#x76;&#x6f;&#110;&#46;se&#x65;&#x40;&#x67;&#115;&#119;en&#x64;&#x65;&#x6e;&#46;&#100;e<\/a>), erreichbar \u00fcber IServ.<\/p>\n\n\n<div class=\"wp-block-image\">\n<figure class=\"aligncenter size-full is-resized\"><img loading=\"lazy\" decoding=\"async\" width=\"1190\" height=\"1684\" src=\"https:\/\/wordpress.nibis.de\/gswenden\/files\/2025\/12\/Plakat25-001.png\" alt=\"\" class=\"wp-image-1613\" style=\"aspect-ratio:0.7066543572849393;width:522px;height:auto\" srcset=\"https:\/\/wordpress.nibis.de\/gswenden\/files\/2025\/12\/Plakat25-001.png 1190w, https:\/\/wordpress.nibis.de\/gswenden\/files\/2025\/12\/Plakat25-001-768x1087.png 768w, https:\/\/wordpress.nibis.de\/gswenden\/files\/2025\/12\/Plakat25-001-1085x1536.png 1085w, https:\/\/wordpress.nibis.de\/gswenden\/files\/2025\/12\/Plakat25-001-269x380.png 269w\" sizes=\"auto, (max-width: 1190px) 100vw, 1190px\" \/><\/figure>\n<\/div>","protected":false},"excerpt":{"rendered":"<p>Seit Kurzem wird unsere Schule durch das Projekt Seniorpartner in School (SiS) unterst\u00fctzt. Ausgebildete Schulmediatorinnen und -mediatoren kommen jeden Dienstag und Mittwoch vormittags in Zweierteams zu uns und helfen den Kindern bei Streit, Sorgen und Konflikten. Die Kinder k\u00f6nnen sich freiwillig an die SiS wenden, wenn sie Unterst\u00fctzung brauchen. In ruhiger Atmosph\u00e4re f\u00fchren die SiS &hellip; <a href=\"https:\/\/wordpress.nibis.de\/gswenden\/sis-seniorpartner-in-school\/\" class=\"more-link\">Weiterlesen <span class=\"screen-reader-text\">SiS &#8211; Seniorpartner in School<\/span><\/a><\/p>\n","protected":false},"author":9194317,"featured_media":0,"parent":0,"menu_order":0,"comment_status":"closed","ping_status":"closed","template":"","meta":{"footnotes":""},"class_list":["post-1612","page","type-page","status-publish","hentry","without-featured-image"],"_links":{"self":[{"href":"https:\/\/wordpress.nibis.de\/gswenden\/wp-json\/wp\/v2\/pages\/1612","targetHints":{"allow":["GET"]}}],"collection":[{"href":"https:\/\/wordpress.nibis.de\/gswenden\/wp-json\/wp\/v2\/pages"}],"about":[{"href":"https:\/\/wordpress.nibis.de\/gswenden\/wp-json\/wp\/v2\/types\/page"}],"author":[{"embeddable":true,"href":"https:\/\/wordpress.nibis.de\/gswenden\/wp-json\/wp\/v2\/users\/9194317"}],"replies":[{"embeddable":true,"href":"https:\/\/wordpress.nibis.de\/gswenden\/wp-json\/wp\/v2\/comments?post=1612"}],"version-history":[{"count":2,"href":"https:\/\/wordpress.nibis.de\/gswenden\/wp-json\/wp\/v2\/pages\/1612\/revisions"}],"predecessor-version":[{"id":1616,"href":"https:\/\/wordpress.nibis.de\/gswenden\/wp-json\/wp\/v2\/pages\/1612\/revisions\/1616"}],"wp:attachment":[{"href":"https:\/\/wordpress.nibis.de\/gswenden\/wp-json\/wp\/v2\/media?parent=1612"}],"curies":[{"name":"wp","href":"https:\/\/api.w.org\/{rel}","templated":true}]}}