{"id":167,"date":"2024-02-13T14:50:54","date_gmt":"2024-02-13T13:50:54","guid":{"rendered":"https:\/\/wordpress.nibis.de\/gswenden\/?page_id=167"},"modified":"2026-02-10T16:47:02","modified_gmt":"2026-02-10T15:47:02","slug":"fotogalerie","status":"publish","type":"page","link":"https:\/\/wordpress.nibis.de\/gswenden\/fotogalerie\/","title":{"rendered":"Fotogalerie"},"content":{"rendered":"\n<figure class=\"wp-block-gallery has-nested-images columns-default is-cropped wp-block-gallery-1 is-layout-flex wp-block-gallery-is-layout-flex\">\n<figure class=\"wp-block-image size-large\"><a href=\"https:\/\/wordpress.nibis.de\/gswenden\/files\/2024\/02\/2016_05_0616-scaled.jpg\"><img decoding=\"async\" data-id=\"243\" src=\"https:\/\/wordpress.nibis.de\/gswenden\/files\/2024\/02\/2016_05_0616-1200x675.jpg\" alt=\"\" class=\"wp-image-243\" \/><\/a><\/figure>\n<figcaption class=\"blocks-gallery-caption wp-element-caption\"><strong>Der Schuleingang<\/strong><\/figcaption><\/figure>\n\n\n\n<p><\/p>\n\n\n\n<figure class=\"wp-block-gallery has-nested-images columns-default is-cropped wp-block-gallery-2 is-layout-flex wp-block-gallery-is-layout-flex\">\n<figure class=\"wp-block-image size-large\"><a href=\"https:\/\/wordpress.nibis.de\/gswenden\/files\/2024\/02\/2016_06_0849-scaled.jpg\"><img loading=\"lazy\" decoding=\"async\" width=\"1200\" height=\"675\" data-id=\"264\" src=\"https:\/\/wordpress.nibis.de\/gswenden\/files\/2024\/02\/2016_06_0849-1200x675.jpg\" alt=\"\" class=\"wp-image-264\" srcset=\"https:\/\/wordpress.nibis.de\/gswenden\/files\/2024\/02\/2016_06_0849-1200x675.jpg 1200w, https:\/\/wordpress.nibis.de\/gswenden\/files\/2024\/02\/2016_06_0849-850x478.jpg 850w, https:\/\/wordpress.nibis.de\/gswenden\/files\/2024\/02\/2016_06_0849-250x141.jpg 250w\" sizes=\"auto, (max-width: 1200px) 100vw, 1200px\" \/><\/a><\/figure>\n\n\n\n<figure class=\"wp-block-image size-large\"><a href=\"https:\/\/wordpress.nibis.de\/gswenden\/files\/2024\/02\/2016_06_0851-2-1.jpg\"><img loading=\"lazy\" decoding=\"async\" width=\"1200\" height=\"675\" data-id=\"262\" src=\"https:\/\/wordpress.nibis.de\/gswenden\/files\/2024\/02\/2016_06_0851-2-1-1200x675.jpg\" alt=\"\" class=\"wp-image-262\" srcset=\"https:\/\/wordpress.nibis.de\/gswenden\/files\/2024\/02\/2016_06_0851-2-1-1200x675.jpg 1200w, https:\/\/wordpress.nibis.de\/gswenden\/files\/2024\/02\/2016_06_0851-2-1-850x478.jpg 850w, https:\/\/wordpress.nibis.de\/gswenden\/files\/2024\/02\/2016_06_0851-2-1-250x141.jpg 250w\" sizes=\"auto, (max-width: 1200px) 100vw, 1200px\" \/><\/a><\/figure>\n\n\n\n<figure class=\"wp-block-image size-large\"><a href=\"https:\/\/wordpress.nibis.de\/gswenden\/files\/2024\/02\/main_carousel_2-scaled.jpg\"><img loading=\"lazy\" decoding=\"async\" width=\"1200\" height=\"675\" data-id=\"258\" src=\"https:\/\/wordpress.nibis.de\/gswenden\/files\/2024\/02\/main_carousel_2-1200x675.jpg\" alt=\"\" class=\"wp-image-258\" srcset=\"https:\/\/wordpress.nibis.de\/gswenden\/files\/2024\/02\/main_carousel_2-1200x675.jpg 1200w, https:\/\/wordpress.nibis.de\/gswenden\/files\/2024\/02\/main_carousel_2-850x478.jpg 850w, https:\/\/wordpress.nibis.de\/gswenden\/files\/2024\/02\/main_carousel_2-250x141.jpg 250w\" sizes=\"auto, (max-width: 1200px) 100vw, 1200px\" \/><\/a><\/figure>\n\n\n\n<figure class=\"wp-block-image size-large\"><a href=\"https:\/\/wordpress.nibis.de\/gswenden\/files\/2024\/02\/main_carousel_3-scaled.jpg\"><img loading=\"lazy\" decoding=\"async\" width=\"1200\" height=\"675\" data-id=\"261\" src=\"https:\/\/wordpress.nibis.de\/gswenden\/files\/2024\/02\/main_carousel_3-1200x675.jpg\" alt=\"\" class=\"wp-image-261\" srcset=\"https:\/\/wordpress.nibis.de\/gswenden\/files\/2024\/02\/main_carousel_3-1200x675.jpg 1200w, https:\/\/wordpress.nibis.de\/gswenden\/files\/2024\/02\/main_carousel_3-850x478.jpg 850w, https:\/\/wordpress.nibis.de\/gswenden\/files\/2024\/02\/main_carousel_3-250x141.jpg 250w\" sizes=\"auto, (max-width: 1200px) 100vw, 1200px\" \/><\/a><\/figure>\n\n\n\n<figure class=\"wp-block-image size-large\"><a href=\"https:\/\/wordpress.nibis.de\/gswenden\/files\/2024\/02\/main_carousel_4-scaled.jpg\"><img loading=\"lazy\" decoding=\"async\" width=\"1200\" height=\"675\" data-id=\"259\" src=\"https:\/\/wordpress.nibis.de\/gswenden\/files\/2024\/02\/main_carousel_4-1200x675.jpg\" alt=\"\" class=\"wp-image-259\" srcset=\"https:\/\/wordpress.nibis.de\/gswenden\/files\/2024\/02\/main_carousel_4-1200x675.jpg 1200w, https:\/\/wordpress.nibis.de\/gswenden\/files\/2024\/02\/main_carousel_4-850x478.jpg 850w, https:\/\/wordpress.nibis.de\/gswenden\/files\/2024\/02\/main_carousel_4-250x141.jpg 250w\" sizes=\"auto, (max-width: 1200px) 100vw, 1200px\" \/><\/a><\/figure>\n\n\n\n<figure class=\"wp-block-image size-large\"><a href=\"https:\/\/wordpress.nibis.de\/gswenden\/files\/2024\/02\/main_carousel_5-scaled.jpg\"><img loading=\"lazy\" decoding=\"async\" width=\"1200\" height=\"675\" data-id=\"260\" src=\"https:\/\/wordpress.nibis.de\/gswenden\/files\/2024\/02\/main_carousel_5-1200x675.jpg\" alt=\"\" class=\"wp-image-260\" srcset=\"https:\/\/wordpress.nibis.de\/gswenden\/files\/2024\/02\/main_carousel_5-1200x675.jpg 1200w, https:\/\/wordpress.nibis.de\/gswenden\/files\/2024\/02\/main_carousel_5-850x478.jpg 850w, https:\/\/wordpress.nibis.de\/gswenden\/files\/2024\/02\/main_carousel_5-250x141.jpg 250w\" sizes=\"auto, (max-width: 1200px) 100vw, 1200px\" \/><\/a><\/figure>\n\n\n\n<figure class=\"wp-block-image size-large\"><a href=\"https:\/\/wordpress.nibis.de\/gswenden\/files\/2024\/02\/main_carousel_6-scaled.jpg\"><img loading=\"lazy\" decoding=\"async\" width=\"1200\" height=\"675\" data-id=\"263\" src=\"https:\/\/wordpress.nibis.de\/gswenden\/files\/2024\/02\/main_carousel_6-1200x675.jpg\" alt=\"\" class=\"wp-image-263\" srcset=\"https:\/\/wordpress.nibis.de\/gswenden\/files\/2024\/02\/main_carousel_6-1200x675.jpg 1200w, https:\/\/wordpress.nibis.de\/gswenden\/files\/2024\/02\/main_carousel_6-850x478.jpg 850w, https:\/\/wordpress.nibis.de\/gswenden\/files\/2024\/02\/main_carousel_6-250x141.jpg 250w\" sizes=\"auto, (max-width: 1200px) 100vw, 1200px\" \/><\/a><\/figure>\n<figcaption class=\"blocks-gallery-caption wp-element-caption\"><strong>Unser Schulhof<\/strong><\/figcaption><\/figure>\n\n\n\n<p class=\"has-text-align-center\">Unser Schulhof bietet ganz viel Platz zum Spielen. Zwischen den Pavillons gibt es auch noch eine Nestschaukel, ein Trampolin und Turnstangen. Auf dem Sportplatz spielen wir super gerne Fu\u00dfball. <\/p>\n\n\n\n<p><\/p>\n\n\n\n<figure class=\"wp-block-gallery has-nested-images columns-default is-cropped wp-block-gallery-3 is-layout-flex wp-block-gallery-is-layout-flex\">\n<figure class=\"wp-block-image size-full\"><a href=\"https:\/\/wordpress.nibis.de\/gswenden\/files\/2024\/02\/IMG_20230524_094024-scaled.jpg\"><img loading=\"lazy\" decoding=\"async\" width=\"1920\" height=\"2560\" data-id=\"257\" src=\"https:\/\/wordpress.nibis.de\/gswenden\/files\/2024\/02\/IMG_20230524_094024-scaled.jpg\" alt=\"\" class=\"wp-image-257\" srcset=\"https:\/\/wordpress.nibis.de\/gswenden\/files\/2024\/02\/IMG_20230524_094024-scaled.jpg 1920w, https:\/\/wordpress.nibis.de\/gswenden\/files\/2024\/02\/IMG_20230524_094024-768x1024.jpg 768w, https:\/\/wordpress.nibis.de\/gswenden\/files\/2024\/02\/IMG_20230524_094024-1152x1536.jpg 1152w, https:\/\/wordpress.nibis.de\/gswenden\/files\/2024\/02\/IMG_20230524_094024-1536x2048.jpg 1536w, https:\/\/wordpress.nibis.de\/gswenden\/files\/2024\/02\/IMG_20230524_094024-285x380.jpg 285w\" sizes=\"auto, (max-width: 1920px) 100vw, 1920px\" \/><\/a><\/figure>\n\n\n\n<figure class=\"wp-block-image size-large\"><a href=\"https:\/\/wordpress.nibis.de\/gswenden\/files\/2024\/02\/IMG_20220610_105733-5-scaled.jpg\"><img loading=\"lazy\" decoding=\"async\" width=\"1200\" height=\"675\" data-id=\"265\" src=\"https:\/\/wordpress.nibis.de\/gswenden\/files\/2024\/02\/IMG_20220610_105733-5-1200x675.jpg\" alt=\"\" class=\"wp-image-265\" srcset=\"https:\/\/wordpress.nibis.de\/gswenden\/files\/2024\/02\/IMG_20220610_105733-5-1200x675.jpg 1200w, https:\/\/wordpress.nibis.de\/gswenden\/files\/2024\/02\/IMG_20220610_105733-5-850x478.jpg 850w, https:\/\/wordpress.nibis.de\/gswenden\/files\/2024\/02\/IMG_20220610_105733-5-250x141.jpg 250w\" sizes=\"auto, (max-width: 1200px) 100vw, 1200px\" \/><\/a><\/figure>\n\n\n\n<figure class=\"wp-block-image size-large\"><a href=\"https:\/\/wordpress.nibis.de\/gswenden\/files\/2024\/02\/IMG_20230504_103259-scaled.jpg\"><img loading=\"lazy\" decoding=\"async\" width=\"1200\" height=\"675\" data-id=\"266\" src=\"https:\/\/wordpress.nibis.de\/gswenden\/files\/2024\/02\/IMG_20230504_103259-1200x675.jpg\" alt=\"\" class=\"wp-image-266\" srcset=\"https:\/\/wordpress.nibis.de\/gswenden\/files\/2024\/02\/IMG_20230504_103259-1200x675.jpg 1200w, https:\/\/wordpress.nibis.de\/gswenden\/files\/2024\/02\/IMG_20230504_103259-850x478.jpg 850w, https:\/\/wordpress.nibis.de\/gswenden\/files\/2024\/02\/IMG_20230504_103259-250x141.jpg 250w\" sizes=\"auto, (max-width: 1200px) 100vw, 1200px\" \/><\/a><\/figure>\n<figcaption class=\"blocks-gallery-caption wp-element-caption\"><strong>Unser Schulgarten<\/strong><br><br>Wir lieben unseren Schulgarten! In den Hochbeeten bauen wir Gem\u00fcse und Blumen f\u00fcr Bienen an. Vor allem auf unsere Radieschenernte sind wir sehr stolz! Im Sommer k\u00f6nnen wir dort gem\u00fctlich sitzen und Lesen \u00fcben. Auch ein gro\u00dfes Schachfeld und eine Feuerstelle haben wir dort! Schachspielen lernen kann man bei uns in der Schach-AG.<br><\/figcaption><\/figure>\n\n\n\n<p><\/p>\n\n\n\n<figure class=\"wp-block-gallery has-nested-images columns-default is-cropped wp-block-gallery-4 is-layout-flex wp-block-gallery-is-layout-flex\">\n<figure class=\"wp-block-image size-large tw-width-100\"><img loading=\"lazy\" decoding=\"async\" width=\"1200\" height=\"675\" data-id=\"267\" src=\"https:\/\/wordpress.nibis.de\/gswenden\/files\/2024\/02\/IMG_20230504_115253-1200x675.jpg\" alt=\"\" class=\"wp-image-267\" srcset=\"https:\/\/wordpress.nibis.de\/gswenden\/files\/2024\/02\/IMG_20230504_115253-1200x675.jpg 1200w, https:\/\/wordpress.nibis.de\/gswenden\/files\/2024\/02\/IMG_20230504_115253-850x478.jpg 850w, https:\/\/wordpress.nibis.de\/gswenden\/files\/2024\/02\/IMG_20230504_115253-250x141.jpg 250w\" sizes=\"auto, (max-width: 1200px) 100vw, 1200px\" \/><\/figure>\n\n\n\n<figure class=\"wp-block-image size-large\"><a href=\"https:\/\/wordpress.nibis.de\/gswenden\/files\/2024\/02\/IMG_20220303_103440-edited-scaled.jpg\"><img loading=\"lazy\" decoding=\"async\" width=\"2204\" height=\"2560\" data-id=\"285\" src=\"https:\/\/wordpress.nibis.de\/gswenden\/files\/2024\/02\/IMG_20220303_103440-edited-scaled.jpg\" alt=\"\" class=\"wp-image-285\" srcset=\"https:\/\/wordpress.nibis.de\/gswenden\/files\/2024\/02\/IMG_20220303_103440-edited-scaled.jpg 2204w, https:\/\/wordpress.nibis.de\/gswenden\/files\/2024\/02\/IMG_20220303_103440-edited-768x892.jpg 768w, https:\/\/wordpress.nibis.de\/gswenden\/files\/2024\/02\/IMG_20220303_103440-edited-1322x1536.jpg 1322w, https:\/\/wordpress.nibis.de\/gswenden\/files\/2024\/02\/IMG_20220303_103440-edited-1763x2048.jpg 1763w, https:\/\/wordpress.nibis.de\/gswenden\/files\/2024\/02\/IMG_20220303_103440-edited-327x380.jpg 327w\" sizes=\"auto, (max-width: 2204px) 100vw, 2204px\" \/><\/a><\/figure>\n\n\n\n<figure class=\"wp-block-image size-large\"><a href=\"https:\/\/wordpress.nibis.de\/gswenden\/files\/2024\/02\/IMG_20220711_102721w-1-scaled.jpg\"><img loading=\"lazy\" decoding=\"async\" width=\"1200\" height=\"675\" data-id=\"286\" src=\"https:\/\/wordpress.nibis.de\/gswenden\/files\/2024\/02\/IMG_20220711_102721w-1-1200x675.jpg\" alt=\"\" class=\"wp-image-286\" srcset=\"https:\/\/wordpress.nibis.de\/gswenden\/files\/2024\/02\/IMG_20220711_102721w-1-1200x675.jpg 1200w, https:\/\/wordpress.nibis.de\/gswenden\/files\/2024\/02\/IMG_20220711_102721w-1-850x478.jpg 850w, https:\/\/wordpress.nibis.de\/gswenden\/files\/2024\/02\/IMG_20220711_102721w-1-250x141.jpg 250w\" sizes=\"auto, (max-width: 1200px) 100vw, 1200px\" \/><\/a><\/figure>\n\n\n\n<figure class=\"wp-block-image size-large\"><a href=\"https:\/\/wordpress.nibis.de\/gswenden\/files\/2024\/02\/1000032234-scaled.jpeg\"><img loading=\"lazy\" decoding=\"async\" width=\"1200\" height=\"675\" data-id=\"307\" src=\"https:\/\/wordpress.nibis.de\/gswenden\/files\/2024\/02\/1000032234-1200x675.jpeg\" alt=\"\" class=\"wp-image-307\" srcset=\"https:\/\/wordpress.nibis.de\/gswenden\/files\/2024\/02\/1000032234-1200x675.jpeg 1200w, https:\/\/wordpress.nibis.de\/gswenden\/files\/2024\/02\/1000032234-850x478.jpeg 850w, https:\/\/wordpress.nibis.de\/gswenden\/files\/2024\/02\/1000032234-250x141.jpeg 250w\" sizes=\"auto, (max-width: 1200px) 100vw, 1200px\" \/><\/a><\/figure>\n<figcaption class=\"blocks-gallery-caption wp-element-caption\"><strong>Klassenr\u00e4ume<\/strong><br><br>Wir freuen uns, dass alle unsere Klassenr\u00e4ume digitale Panel-Tafeln haben! So macht das Unterrichten und Lernen gleich viel mehr Spa\u00df! Dank unseres F\u00f6rdervereins haben wir unsere Deutsch- und Mathelehrwerke komplett digital.<\/figcaption><\/figure>\n\n\n\n<p><\/p>\n\n\n\n<figure class=\"wp-block-gallery has-nested-images columns-default is-cropped wp-block-gallery-5 is-layout-flex wp-block-gallery-is-layout-flex\">\n<figure class=\"wp-block-image size-large\"><a href=\"https:\/\/wordpress.nibis.de\/gswenden\/files\/2024\/02\/2020_11_0102.jpg\"><img loading=\"lazy\" decoding=\"async\" width=\"1200\" height=\"675\" data-id=\"268\" src=\"https:\/\/wordpress.nibis.de\/gswenden\/files\/2024\/02\/2020_11_0102-1200x675.jpg\" alt=\"\" class=\"wp-image-268\" srcset=\"https:\/\/wordpress.nibis.de\/gswenden\/files\/2024\/02\/2020_11_0102-1200x675.jpg 1200w, https:\/\/wordpress.nibis.de\/gswenden\/files\/2024\/02\/2020_11_0102-850x478.jpg 850w, https:\/\/wordpress.nibis.de\/gswenden\/files\/2024\/02\/2020_11_0102-250x141.jpg 250w\" sizes=\"auto, (max-width: 1200px) 100vw, 1200px\" \/><\/a><\/figure>\n<figcaption class=\"blocks-gallery-caption wp-element-caption\">Unsere Schule von oben<\/figcaption><\/figure>\n\n\n\n<p><\/p>\n","protected":false},"excerpt":{"rendered":"<p>Unser Schulhof bietet ganz viel Platz zum Spielen. Zwischen den Pavillons gibt es auch noch eine Nestschaukel, ein Trampolin und Turnstangen. Auf dem Sportplatz spielen wir super gerne Fu\u00dfball.<\/p>\n","protected":false},"author":9194317,"featured_media":0,"parent":0,"menu_order":0,"comment_status":"closed","ping_status":"closed","template":"","meta":{"footnotes":""},"class_list":["post-167","page","type-page","status-publish","hentry","without-featured-image"],"_links":{"self":[{"href":"https:\/\/wordpress.nibis.de\/gswenden\/wp-json\/wp\/v2\/pages\/167","targetHints":{"allow":["GET"]}}],"collection":[{"href":"https:\/\/wordpress.nibis.de\/gswenden\/wp-json\/wp\/v2\/pages"}],"about":[{"href":"https:\/\/wordpress.nibis.de\/gswenden\/wp-json\/wp\/v2\/types\/page"}],"author":[{"embeddable":true,"href":"https:\/\/wordpress.nibis.de\/gswenden\/wp-json\/wp\/v2\/users\/9194317"}],"replies":[{"embeddable":true,"href":"https:\/\/wordpress.nibis.de\/gswenden\/wp-json\/wp\/v2\/comments?post=167"}],"version-history":[{"count":20,"href":"https:\/\/wordpress.nibis.de\/gswenden\/wp-json\/wp\/v2\/pages\/167\/revisions"}],"predecessor-version":[{"id":1767,"href":"https:\/\/wordpress.nibis.de\/gswenden\/wp-json\/wp\/v2\/pages\/167\/revisions\/1767"}],"wp:attachment":[{"href":"https:\/\/wordpress.nibis.de\/gswenden\/wp-json\/wp\/v2\/media?parent=167"}],"curies":[{"name":"wp","href":"https:\/\/api.w.org\/{rel}","templated":true}]}}