{"id":1773,"date":"2026-02-16T16:26:24","date_gmt":"2026-02-16T15:26:24","guid":{"rendered":"https:\/\/wordpress.nibis.de\/gswenden\/?page_id=1773"},"modified":"2026-02-16T16:29:21","modified_gmt":"2026-02-16T15:29:21","slug":"beratungslehrkraft","status":"publish","type":"page","link":"https:\/\/wordpress.nibis.de\/gswenden\/beratungslehrkraft\/","title":{"rendered":"Beratungslehrkraft"},"content":{"rendered":"\n<div class=\"wp-block-media-text is-stacked-on-mobile tw-block-animation tw-animation-scale-in\" style=\"grid-template-columns:34% auto\"><figure class=\"wp-block-media-text__media\"><img loading=\"lazy\" decoding=\"async\" width=\"648\" height=\"675\" src=\"https:\/\/wordpress.nibis.de\/gswenden\/files\/2024\/02\/00073-648x675.jpeg\" alt=\"\" class=\"wp-image-348 size-full\" \/><\/figure><div class=\"wp-block-media-text__content\">\n<p><em>\u201eReden ist der erste Schritt zur Ver\u00e4nderung.\u201c<\/em><\/p>\n<\/div><\/div>\n\n\n\n<p><\/p>\n\n\n\n<p>Mein Name ist <strong>Kathrin Rei\u00dfner<\/strong> und bin Teil des Kollegiums der Grundschule Wenden.<\/p>\n\n\n\n<p>Ab dem 01.02.2026 bin ich zus\u00e4tzlich als <strong>Beratungslehrkraft<\/strong> an unserer Schule t\u00e4tig und unterst\u00fctze <strong>Sch\u00fclerinnen und Sch\u00fcler, Eltern<\/strong> sowie <strong>Lehrkr\u00e4fte bei schulischen und pers\u00f6nlichen Anliegen<\/strong>.<\/p>\n\n\n\n<p>Zuh\u00f6ren und Kommunikation bieten wertvolle M\u00f6glichkeiten, um sich Anliegen und Problemen anzunehmen. Deshalb m\u00f6chte ich da sein, zuh\u00f6ren, beraten und Ansprechpartnerin sein.<\/p>\n\n\n\n<p>Meine Beratung ist freiwillig, vertraulich, unabh\u00e4ngig und darauf ausgerichtet gemeinsam L\u00f6sungen zu entwickeln und neue Perspektiven zu er\u00f6ffnen. Ich biete Unterst\u00fctzung, Hilfe zur Selbsthilfe sowie eine Verbindung zu externen Einrichtungen an. Je nach Anliegen k\u00f6nnen Einzelgespr\u00e4che oder eine begleitende Beratung \u00fcber einen l\u00e4ngeren Zeitraum erfolgen.<\/p>\n\n\n\n<p>F\u00fcr unsere Sch\u00fclerinnen und Sch\u00fcler biete ich einmal w\u00f6chentlich einen festen Sprechstundentermin an. Mit Eltern vereinbare ich gerne individuelle Termine.<\/p>\n\n\n\n<p>Kommen Sie jederzeit gerne unter <a href=\"&#x6d;&#x61;&#x69;&#x6c;&#116;&#111;&#58;be&#x72;&#x61;&#x74;&#x75;&#x6e;&#103;&#64;&#103;sw&#x65;&#x6e;&#x64;&#x65;&#x6e;&#46;&#100;&#101;\">b&#101;&#114;&#x61;&#x74;un&#103;&#64;&#x67;&#x73;we&#110;&#100;&#x65;&#x6e;&#46;d&#101;<\/a> auf mich zu.<\/p>\n\n\n\n<p>Herzliche Gr\u00fc\u00dfe<\/p>\n\n\n\n<p><em>Kathrin Rei\u00dfner<\/em><\/p>\n","protected":false},"excerpt":{"rendered":"<p>\u201eReden ist der erste Schritt zur Ver\u00e4nderung.\u201c Mein Name ist Kathrin Rei\u00dfner und bin Teil des Kollegiums der Grundschule Wenden. Ab dem 01.02.2026 bin ich zus\u00e4tzlich als Beratungslehrkraft an unserer Schule t\u00e4tig und unterst\u00fctze Sch\u00fclerinnen und Sch\u00fcler, Eltern sowie Lehrkr\u00e4fte bei schulischen und pers\u00f6nlichen Anliegen. Zuh\u00f6ren und Kommunikation bieten wertvolle M\u00f6glichkeiten, um sich Anliegen und &hellip; <a href=\"https:\/\/wordpress.nibis.de\/gswenden\/beratungslehrkraft\/\" class=\"more-link\">Weiterlesen <span class=\"screen-reader-text\">Beratungslehrkraft<\/span><\/a><\/p>\n","protected":false},"author":9194317,"featured_media":0,"parent":0,"menu_order":0,"comment_status":"closed","ping_status":"closed","template":"","meta":{"footnotes":""},"class_list":["post-1773","page","type-page","status-publish","hentry","without-featured-image"],"_links":{"self":[{"href":"https:\/\/wordpress.nibis.de\/gswenden\/wp-json\/wp\/v2\/pages\/1773","targetHints":{"allow":["GET"]}}],"collection":[{"href":"https:\/\/wordpress.nibis.de\/gswenden\/wp-json\/wp\/v2\/pages"}],"about":[{"href":"https:\/\/wordpress.nibis.de\/gswenden\/wp-json\/wp\/v2\/types\/page"}],"author":[{"embeddable":true,"href":"https:\/\/wordpress.nibis.de\/gswenden\/wp-json\/wp\/v2\/users\/9194317"}],"replies":[{"embeddable":true,"href":"https:\/\/wordpress.nibis.de\/gswenden\/wp-json\/wp\/v2\/comments?post=1773"}],"version-history":[{"count":3,"href":"https:\/\/wordpress.nibis.de\/gswenden\/wp-json\/wp\/v2\/pages\/1773\/revisions"}],"predecessor-version":[{"id":1781,"href":"https:\/\/wordpress.nibis.de\/gswenden\/wp-json\/wp\/v2\/pages\/1773\/revisions\/1781"}],"wp:attachment":[{"href":"https:\/\/wordpress.nibis.de\/gswenden\/wp-json\/wp\/v2\/media?parent=1773"}],"curies":[{"name":"wp","href":"https:\/\/api.w.org\/{rel}","templated":true}]}}