{"id":525,"date":"2024-02-22T17:09:19","date_gmt":"2024-02-22T16:09:19","guid":{"rendered":"https:\/\/wordpress.nibis.de\/gswenden\/?page_id=525"},"modified":"2025-05-03T09:25:30","modified_gmt":"2025-05-03T07:25:30","slug":"buecherei-wenden","status":"publish","type":"page","link":"https:\/\/wordpress.nibis.de\/gswenden\/buecherei-wenden\/","title":{"rendered":"B\u00fccherei Wenden"},"content":{"rendered":"\n<p>Wir freuen uns \u00fcber die gute Zusammenarbeit mit der benachbarten Ortsb\u00fccherei. Unsere ersten und zweiten Klassen gehen regelm\u00e4\u00dfig in die B\u00fccherei zum St\u00f6bern, Lesen \u00fcben und B\u00fccher ausleihen. Alle Kinder unserer Schule haben dort einen B\u00fcchereiausweis. Frau Schwarzl und ihr Team bereiten unter anderem liebvolle Rallyes durch die B\u00fccherwelt f\u00fcr uns vor und stellen uns auf Anfrage tolle B\u00fccherkisten f\u00fcr den Unterricht zusammen. Auch unsere Vorlesewettbewerbe und Lesungen im Rahmen der Kinder- und Jugendbuchwoche d\u00fcrfen wir dort veranstalten.<\/p>\n\n\n\n<figure class=\"wp-block-gallery has-nested-images columns-default is-cropped wp-block-gallery-1 is-layout-flex wp-block-gallery-is-layout-flex\">\n<figure class=\"wp-block-image size-large\"><img loading=\"lazy\" decoding=\"async\" width=\"1920\" height=\"2560\" data-id=\"526\" src=\"https:\/\/wordpress.nibis.de\/gswenden\/files\/2024\/02\/IMG_20230419_111435-scaled.jpg\" alt=\"\" class=\"wp-image-526\" srcset=\"https:\/\/wordpress.nibis.de\/gswenden\/files\/2024\/02\/IMG_20230419_111435-scaled.jpg 1920w, https:\/\/wordpress.nibis.de\/gswenden\/files\/2024\/02\/IMG_20230419_111435-768x1024.jpg 768w, https:\/\/wordpress.nibis.de\/gswenden\/files\/2024\/02\/IMG_20230419_111435-1152x1536.jpg 1152w, https:\/\/wordpress.nibis.de\/gswenden\/files\/2024\/02\/IMG_20230419_111435-1536x2048.jpg 1536w, https:\/\/wordpress.nibis.de\/gswenden\/files\/2024\/02\/IMG_20230419_111435-285x380.jpg 285w\" sizes=\"auto, (max-width: 1920px) 100vw, 1920px\" \/><\/figure>\n\n\n\n<figure class=\"wp-block-image size-large\"><img loading=\"lazy\" decoding=\"async\" width=\"1920\" height=\"2560\" data-id=\"527\" src=\"https:\/\/wordpress.nibis.de\/gswenden\/files\/2024\/02\/IMG_20230419_111511-scaled.jpg\" alt=\"\" class=\"wp-image-527\" srcset=\"https:\/\/wordpress.nibis.de\/gswenden\/files\/2024\/02\/IMG_20230419_111511-scaled.jpg 1920w, https:\/\/wordpress.nibis.de\/gswenden\/files\/2024\/02\/IMG_20230419_111511-768x1024.jpg 768w, https:\/\/wordpress.nibis.de\/gswenden\/files\/2024\/02\/IMG_20230419_111511-1152x1536.jpg 1152w, https:\/\/wordpress.nibis.de\/gswenden\/files\/2024\/02\/IMG_20230419_111511-1536x2048.jpg 1536w, https:\/\/wordpress.nibis.de\/gswenden\/files\/2024\/02\/IMG_20230419_111511-285x380.jpg 285w\" sizes=\"auto, (max-width: 1920px) 100vw, 1920px\" \/><\/figure>\n\n\n\n<figure class=\"wp-block-image size-large\"><img loading=\"lazy\" decoding=\"async\" width=\"1920\" height=\"2560\" data-id=\"528\" src=\"https:\/\/wordpress.nibis.de\/gswenden\/files\/2024\/02\/IMG_20230419_112203-scaled.jpg\" alt=\"\" class=\"wp-image-528\" srcset=\"https:\/\/wordpress.nibis.de\/gswenden\/files\/2024\/02\/IMG_20230419_112203-scaled.jpg 1920w, https:\/\/wordpress.nibis.de\/gswenden\/files\/2024\/02\/IMG_20230419_112203-768x1024.jpg 768w, https:\/\/wordpress.nibis.de\/gswenden\/files\/2024\/02\/IMG_20230419_112203-1152x1536.jpg 1152w, https:\/\/wordpress.nibis.de\/gswenden\/files\/2024\/02\/IMG_20230419_112203-1536x2048.jpg 1536w, https:\/\/wordpress.nibis.de\/gswenden\/files\/2024\/02\/IMG_20230419_112203-285x380.jpg 285w\" sizes=\"auto, (max-width: 1920px) 100vw, 1920px\" \/><\/figure>\n<\/figure>\n\n\n\n<figure class=\"wp-block-gallery has-nested-images columns-default is-cropped wp-block-gallery-2 is-layout-flex wp-block-gallery-is-layout-flex\">\n<figure class=\"wp-block-image size-full\"><img loading=\"lazy\" decoding=\"async\" width=\"1920\" height=\"2560\" data-id=\"530\" src=\"https:\/\/wordpress.nibis.de\/gswenden\/files\/2024\/02\/IMG_20230623_084805-scaled.jpg\" alt=\"\" class=\"wp-image-530\" srcset=\"https:\/\/wordpress.nibis.de\/gswenden\/files\/2024\/02\/IMG_20230623_084805-scaled.jpg 1920w, https:\/\/wordpress.nibis.de\/gswenden\/files\/2024\/02\/IMG_20230623_084805-768x1024.jpg 768w, https:\/\/wordpress.nibis.de\/gswenden\/files\/2024\/02\/IMG_20230623_084805-1152x1536.jpg 1152w, https:\/\/wordpress.nibis.de\/gswenden\/files\/2024\/02\/IMG_20230623_084805-1536x2048.jpg 1536w, https:\/\/wordpress.nibis.de\/gswenden\/files\/2024\/02\/IMG_20230623_084805-285x380.jpg 285w\" sizes=\"auto, (max-width: 1920px) 100vw, 1920px\" \/><\/figure>\n\n\n\n<figure class=\"wp-block-image size-full\"><img loading=\"lazy\" decoding=\"async\" width=\"1920\" height=\"2560\" data-id=\"532\" src=\"https:\/\/wordpress.nibis.de\/gswenden\/files\/2024\/02\/IMG_20230623_084823-scaled.jpg\" alt=\"\" class=\"wp-image-532\" srcset=\"https:\/\/wordpress.nibis.de\/gswenden\/files\/2024\/02\/IMG_20230623_084823-scaled.jpg 1920w, https:\/\/wordpress.nibis.de\/gswenden\/files\/2024\/02\/IMG_20230623_084823-768x1024.jpg 768w, https:\/\/wordpress.nibis.de\/gswenden\/files\/2024\/02\/IMG_20230623_084823-1152x1536.jpg 1152w, https:\/\/wordpress.nibis.de\/gswenden\/files\/2024\/02\/IMG_20230623_084823-1536x2048.jpg 1536w, https:\/\/wordpress.nibis.de\/gswenden\/files\/2024\/02\/IMG_20230623_084823-285x380.jpg 285w\" sizes=\"auto, (max-width: 1920px) 100vw, 1920px\" \/><\/figure>\n\n\n\n<figure class=\"wp-block-image size-full\"><img loading=\"lazy\" decoding=\"async\" width=\"1920\" height=\"2560\" data-id=\"531\" src=\"https:\/\/wordpress.nibis.de\/gswenden\/files\/2024\/02\/IMG_20230623_091148-1-scaled.jpg\" alt=\"\" class=\"wp-image-531\" srcset=\"https:\/\/wordpress.nibis.de\/gswenden\/files\/2024\/02\/IMG_20230623_091148-1-scaled.jpg 1920w, https:\/\/wordpress.nibis.de\/gswenden\/files\/2024\/02\/IMG_20230623_091148-1-768x1024.jpg 768w, https:\/\/wordpress.nibis.de\/gswenden\/files\/2024\/02\/IMG_20230623_091148-1-1152x1536.jpg 1152w, https:\/\/wordpress.nibis.de\/gswenden\/files\/2024\/02\/IMG_20230623_091148-1-1536x2048.jpg 1536w, https:\/\/wordpress.nibis.de\/gswenden\/files\/2024\/02\/IMG_20230623_091148-1-285x380.jpg 285w\" sizes=\"auto, (max-width: 1920px) 100vw, 1920px\" \/><\/figure>\n\n\n\n<figure class=\"wp-block-image size-large is-style-tw-border\"><img loading=\"lazy\" decoding=\"async\" width=\"1200\" height=\"675\" data-id=\"1421\" src=\"https:\/\/wordpress.nibis.de\/gswenden\/files\/2025\/05\/PXL_20250423_090640006-1200x675.jpg\" alt=\"\" class=\"wp-image-1421\" srcset=\"https:\/\/wordpress.nibis.de\/gswenden\/files\/2025\/05\/PXL_20250423_090640006-1200x675.jpg 1200w, https:\/\/wordpress.nibis.de\/gswenden\/files\/2025\/05\/PXL_20250423_090640006-850x478.jpg 850w, https:\/\/wordpress.nibis.de\/gswenden\/files\/2025\/05\/PXL_20250423_090640006-250x141.jpg 250w\" sizes=\"auto, (max-width: 1200px) 100vw, 1200px\" \/><\/figure>\n<\/figure>\n","protected":false},"excerpt":{"rendered":"<p>Wir freuen uns \u00fcber die gute Zusammenarbeit mit der benachbarten Ortsb\u00fccherei. Unsere ersten und zweiten Klassen gehen regelm\u00e4\u00dfig in die B\u00fccherei zum St\u00f6bern, Lesen \u00fcben und B\u00fccher ausleihen. Alle Kinder unserer Schule haben dort einen B\u00fcchereiausweis. Frau Schwarzl und ihr Team bereiten unter anderem liebvolle Rallyes durch die B\u00fccherwelt f\u00fcr uns vor und stellen uns &hellip; <a href=\"https:\/\/wordpress.nibis.de\/gswenden\/buecherei-wenden\/\" class=\"more-link\">Weiterlesen <span class=\"screen-reader-text\">B\u00fccherei Wenden<\/span><\/a><\/p>\n","protected":false},"author":9194317,"featured_media":0,"parent":0,"menu_order":0,"comment_status":"closed","ping_status":"closed","template":"","meta":{"footnotes":""},"class_list":["post-525","page","type-page","status-publish","hentry","without-featured-image"],"_links":{"self":[{"href":"https:\/\/wordpress.nibis.de\/gswenden\/wp-json\/wp\/v2\/pages\/525","targetHints":{"allow":["GET"]}}],"collection":[{"href":"https:\/\/wordpress.nibis.de\/gswenden\/wp-json\/wp\/v2\/pages"}],"about":[{"href":"https:\/\/wordpress.nibis.de\/gswenden\/wp-json\/wp\/v2\/types\/page"}],"author":[{"embeddable":true,"href":"https:\/\/wordpress.nibis.de\/gswenden\/wp-json\/wp\/v2\/users\/9194317"}],"replies":[{"embeddable":true,"href":"https:\/\/wordpress.nibis.de\/gswenden\/wp-json\/wp\/v2\/comments?post=525"}],"version-history":[{"count":6,"href":"https:\/\/wordpress.nibis.de\/gswenden\/wp-json\/wp\/v2\/pages\/525\/revisions"}],"predecessor-version":[{"id":1422,"href":"https:\/\/wordpress.nibis.de\/gswenden\/wp-json\/wp\/v2\/pages\/525\/revisions\/1422"}],"wp:attachment":[{"href":"https:\/\/wordpress.nibis.de\/gswenden\/wp-json\/wp\/v2\/media?parent=525"}],"curies":[{"name":"wp","href":"https:\/\/api.w.org\/{rel}","templated":true}]}}