{"id":542,"date":"2024-08-12T17:37:13","date_gmt":"2024-08-12T15:37:13","guid":{"rendered":"https:\/\/wordpress.nibis.de\/gswiebru\/?page_id=542"},"modified":"2024-08-27T19:49:14","modified_gmt":"2024-08-27T17:49:14","slug":"t-shirt","status":"publish","type":"page","link":"https:\/\/wordpress.nibis.de\/gswiebru\/t-shirt\/","title":{"rendered":"T-Shirt"},"content":{"rendered":"\n<p>Die Schulfuchs T-Shirts sind beim F\u00f6rderverein erh\u00e4ltlich.<\/p>\n\n\n\n<p>Ein T-Shirt kostet <strong>12,00 \u20ac<\/strong> und ist in den Gr\u00f6\u00dfen <strong>122\/128<\/strong> und <strong>134\/146<\/strong> vorr\u00e4tig.<\/p>\n\n\n\n<p>Das Schulfuchs T-Shirt wird gerne bei allen sportlichen Schulaktivit\u00e4ten getragen!<br>Wenn Sie ein T-Shirt f\u00fcr Ihr Kind erwerben m\u00f6chten, so schreiben Sie uns einfach eine E-Mail:<br><a rel=\"noreferrer noopener\" href=\"m&#97;&#x69;&#x6c;t&#111;&#x3a;&#x73;c&#104;&#117;&#x6c;&#x76;e&#114;&#x65;&#x69;n&#119;&#x69;&#x65;t&#122;&#101;&#x6e;&#x62;r&#117;&#x63;&#x68;&#64;&#103;&#x6d;&#x61;i&#108;&#46;&#x63;&#x6f;m\" target=\"_blank\">&#x73;&#x63;&#104;&#117;lv&#x65;&#x72;&#x65;&#105;nw&#x69;&#x65;&#x74;&#122;&#101;n&#x62;&#x72;&#x75;&#99;&#104;&#64;&#x67;&#x6d;&#x61;&#105;&#108;&#46;c&#x6f;&#x6d;<\/a><\/p>\n\n\n\n<div class=\"wp-block-image\"><figure class=\"aligncenter size-full\"><img loading=\"lazy\" decoding=\"async\" width=\"283\" height=\"299\" src=\"https:\/\/wordpress.nibis.de\/gswiebru\/files\/2024\/08\/Fuchstshirt-1.jpg\" alt=\"\" class=\"wp-image-646\" \/><\/figure><\/div>\n\n\n\n<p><span style=\"color:#000000\" class=\"tadv-color\">Werden Sie <strong>F\u00f6rdervereinsmitglied <\/strong>und erhalten <strong>ein Fuchs-T-Shirt gratis f\u00fcr Ihr Kind<\/strong>! <br>Hier geht es zur Beitrittserkl\u00e4rung: <a href=\"https:\/\/wordpress.nibis.de\/gswiebru\/beitrittserklaerung\/\"><\/a><a href=\"https:\/\/wordpress.nibis.de\/gswiebru\/beitrittserklaerung\/\">Beitrittserkl\u00e4rung \u2013 Grundschule Wietzenbruch (nibis.de)<\/a><br>Die ausgef\u00fcllte Beitrittserkl\u00e4rung k\u00f6nnen Sie bei der Klassenlehrerin oder im Sekretariat der Schule abgeben.<\/span><\/p>\n","protected":false},"excerpt":{"rendered":"<p>Die Schulfuchs T-Shirts sind beim F\u00f6rderverein erh\u00e4ltlich. Ein T-Shirt kostet 12,00 \u20ac und ist in den Gr\u00f6\u00dfen 122\/128 und 134\/146 vorr\u00e4tig. Das Schulfuchs T-Shirt wird gerne bei allen sportlichen Schulaktivit\u00e4ten getragen!Wenn Sie ein T-Shirt f\u00fcr Ihr Kind erwerben m\u00f6chten, so schreiben Sie uns einfach eine E-Mail:&#x73;&#99;&#x68;&#x75;l&#x76;&#101;r&#x65;&#105;n&#x77;&#105;&#x65;&#x74;z&#x65;&#110;b&#x72;&#117;c&#x68;&#64;&#x67;&#x6d;&#97;&#x69;&#x6c;&#46;&#x63;&#111;m Werden Sie F\u00f6rdervereinsmitglied und erhalten ein Fuchs-T-Shirt gratis f\u00fcr Ihr Kind! Hier geht es zur Beitrittserkl\u00e4rung: Beitrittserkl\u00e4rung \u2013 Grundschule Wietzenbruch (nibis.de)Die ausgef\u00fcllte Beitrittserkl\u00e4rung k\u00f6nnen Sie bei der Klassenlehrerin oder im Sekretariat der Schule abgeben.<\/p>\n","protected":false},"author":9194369,"featured_media":0,"parent":0,"menu_order":0,"comment_status":"closed","ping_status":"closed","template":"","meta":{"footnotes":""},"class_list":["post-542","page","type-page","status-publish","hentry"],"_links":{"self":[{"href":"https:\/\/wordpress.nibis.de\/gswiebru\/wp-json\/wp\/v2\/pages\/542","targetHints":{"allow":["GET"]}}],"collection":[{"href":"https:\/\/wordpress.nibis.de\/gswiebru\/wp-json\/wp\/v2\/pages"}],"about":[{"href":"https:\/\/wordpress.nibis.de\/gswiebru\/wp-json\/wp\/v2\/types\/page"}],"author":[{"embeddable":true,"href":"https:\/\/wordpress.nibis.de\/gswiebru\/wp-json\/wp\/v2\/users\/9194369"}],"replies":[{"embeddable":true,"href":"https:\/\/wordpress.nibis.de\/gswiebru\/wp-json\/wp\/v2\/comments?post=542"}],"version-history":[{"count":16,"href":"https:\/\/wordpress.nibis.de\/gswiebru\/wp-json\/wp\/v2\/pages\/542\/revisions"}],"predecessor-version":[{"id":649,"href":"https:\/\/wordpress.nibis.de\/gswiebru\/wp-json\/wp\/v2\/pages\/542\/revisions\/649"}],"wp:attachment":[{"href":"https:\/\/wordpress.nibis.de\/gswiebru\/wp-json\/wp\/v2\/media?parent=542"}],"curies":[{"name":"wp","href":"https:\/\/api.w.org\/{rel}","templated":true}]}}