{"id":155,"date":"2019-01-18T18:31:00","date_gmt":"2019-01-18T17:31:00","guid":{"rendered":"https:\/\/wordpress.nibis.de\/gswohltberg\/?page_id=155"},"modified":"2026-01-12T12:54:29","modified_gmt":"2026-01-12T11:54:29","slug":"startseite","status":"publish","type":"page","link":"https:\/\/wordpress.nibis.de\/gswohltberg\/startseite\/","title":{"rendered":"Schule"},"content":{"rendered":"\n<h3 class=\"wp-block-heading\">Unsere Wohltbergschule<\/h3>\n\n\n\n<p>Wir sind die gr\u00fcne, mitten in der Stadt gelegene, fu\u00dfl\u00e4ufig erreichbare Wohltbergschule.<br>Wir sind international, multikulturell und lieben die Vielfalt.<br>Wof\u00fcr stehen wir?<\/p>\n\n\n\n<h4 class=\"wp-block-heading\">Wir stehen f\u00fcr soziale Gerechtigkeit<\/h4>\n\n\n\n<p><strong>Darum\u2026<\/strong><br>\u2026 achten wir darauf, dass alle Kinder an Bildungsangeboten teilnehmen k\u00f6nnen.<br>\u2026 f\u00f6rdern Lesehelferinnen von der \u201eB\u00fcrgerstiftung\u201c unsere Kinder.<br>\u2026 veranstalten wir regelm\u00e4\u00dfig Vorleserunden f\u00fcr die Kinder.<br>\u2026 unterst\u00fctzen uns Bildungspaten von \u201eTabula e.V.\u201c in den Klassen.<br>\u2026 unterst\u00fctzt uns die Wolfsburger \u201eStarthilfe\u201c finanziell.<br>\u2026 bieten wir Unterst\u00fctzung durch Schulsozialarbeit an.<br>\u2026 sind wir eine teilgebundene Ganztagsschule.<br>\u2026 gibt es Kreativangebote, Hauswirtschaftskurse (Backen, Kochen, textile Arbeiten, Sport, Gartenarbeit\u2026).<br>\u2026 gibt es die Lernzeiten am Nachmittag, die von Lehrkr\u00e4ften betreut werden.<\/p>\n\n\n\n<h4 class=\"wp-block-heading\">Wir legen Wert auf Bewegung<\/h4>\n\n\n\n<p><strong>Darum\u2026<\/strong><br>\u2026 sind die Pausenzeiten verl\u00e4ngert auf 30 Minuten.<br>\u2026 ist der Schulhof bewegungsfreundlich gestaltet.<br>\u2026 nehmen wir an sportlichen Wettk\u00e4mpfen teil.<br>\u2026 veranstalten wir jedes Jahr ein Sportfest.<\/p>\n\n\n\n<h4 class=\"wp-block-heading\">Wir legen Wert auf Gesundheit und Ern\u00e4hrung<\/h4>\n\n\n\n<p><strong>Darum\u2026<\/strong><br>\u2026 wird ein kostenloses Fr\u00fchst\u00fcck morgens vor der Schule angeboten (Projekt \u201ebrotZeit\u201c).<br>\u2026 achten wir auf gesunde Ern\u00e4hrung und fr\u00fchst\u00fccken gemeinsam.<br>\u2026 gibt es t\u00e4glich das Angebot eines warmen Mittagessens.<br>\u2026 steht Bewegung im Mittelpunkt.<br>\u2026 gehen wir mit den Kindern schwimmen.<br>\u2026 entsteht ein Schulgarten auf dem Gel\u00e4nde der Schule.<br>\u2026 suchen wir h\u00e4ufig au\u00dferschulische Lernorte auf, die fu\u00dfl\u00e4ufig erreichbar sind (Tiergehege, NEST, Phaeno, Planetarium\u2026).<\/p>\n\n\n\n<h4 class=\"wp-block-heading\">Wir legen Wert auf soziales Lernen<\/h4>\n\n\n\n<p><strong>Darum\u2026<\/strong><br>\u2026 gibt es w\u00f6chentlich den Klassenrat.<br>\u2026 nehmen wir mit allen Klassen am Projekt RESPEKT! (gewaltfreies Lernen) teil.<\/p>\n\n\n\n<h4 class=\"wp-block-heading\">Wir legen Wert auf Musik und Tanz<\/h4>\n\n\n\n<p><strong>Darum\u2026<\/strong><br>\u2026 singen wir in den Klassen gemeinsam.<br>\u2026 bekommen die Kinder die M\u00f6glichkeit, T\u00e4nze einzu\u00fcben.<br>\u2026 gibt es zahlreiche Arbeitsgemeinschaften.<\/p>\n\n\n\n<h4 class=\"wp-block-heading\">Wir w\u00fcrdigen und wertsch\u00e4tzen die Leistungen der Kinder<\/h4>\n\n\n\n<p><strong>Darum\u2026<\/strong><br>\u2026 veranstalten wir regelm\u00e4\u00dfig Foren, in denen die Kinder ihre Beitr\u00e4ge pr\u00e4sentieren k\u00f6nnen.<br>\u2026 nehmen wir an Wettbewerben teil (Geschichtenschreibwettbewerb, K\u00e4nguru der Mathematik, Sportturniere, usw.).<\/p>\n\n\n\n<h4 class=\"wp-block-heading\">Wir legen Wert auf Mobilit\u00e4t<\/h4>\n\n\n\n<p><strong>Darum\u2026<\/strong><br>\u2026 achten wir auf Verkehrserziehung (Radfahrpr\u00fcfung, Fu\u00dfg\u00e4ngerdiplom\u2026).<br>\u2026 suchen wir in Tagesausfl\u00fcgen au\u00dferschulische Lernorte auf<br>(Kunstmuseum, St\u00e4dtische Bibliothek, NEST, Phaeno, Theater, Tiergehege<br>Feuerwehr, Planetarium, Zoo, Sottrum, Allersee, Planetenweg, \u2026)<\/p>\n\n\n\n<p>Grundschule Wohltberg<br>Offene Ganztagsschule<\/p>\n\n\n\n<p>Danziger Str. 17<br>38440 Wolfsburg<br>Tel. 05361-308960<br>Fax 05361-3089618<br>&#x67;&#115;-&#x77;&#111;h&#x6c;&#116;b&#x65;&#114;g&#x40;&#119;o&#x6c;&#102;s&#x62;&#117;r&#x67;&#46;d&#x65;<\/p>\n\n\n\n<p>Schulleitung: Ute Gezer, Bj\u00f6rn Salgmann<br>Sekretariat: Caroline Roth<br>Schulsozialarbeit: Nora Salgmann (Sozialp\u00e4dagogin), Frank Fischer (Sozialp\u00e4dagoge und Schulseelsorger)<\/p>\n","protected":false},"excerpt":{"rendered":"<p>Unsere Wohltbergschule Wir sind die gr\u00fcne, mitten in der Stadt gelegene, fu\u00dfl\u00e4ufig erreichbare Wohltbergschule.Wir sind international, multikulturell und lieben die Vielfalt.Wof\u00fcr stehen wir? Wir stehen f\u00fcr soziale Gerechtigkeit Darum\u2026\u2026 achten wir darauf, dass alle Kinder an Bildungsangeboten teilnehmen k\u00f6nnen.\u2026 f\u00f6rdern &hellip; <a href=\"https:\/\/wordpress.nibis.de\/gswohltberg\/startseite\/\">Weiterlesen <span class=\"meta-nav\">&rarr;<\/span><\/a><\/p>\n","protected":false},"author":9192774,"featured_media":0,"parent":0,"menu_order":0,"comment_status":"closed","ping_status":"closed","template":"","meta":{"footnotes":""},"class_list":["post-155","page","type-page","status-publish","hentry"],"_links":{"self":[{"href":"https:\/\/wordpress.nibis.de\/gswohltberg\/wp-json\/wp\/v2\/pages\/155","targetHints":{"allow":["GET"]}}],"collection":[{"href":"https:\/\/wordpress.nibis.de\/gswohltberg\/wp-json\/wp\/v2\/pages"}],"about":[{"href":"https:\/\/wordpress.nibis.de\/gswohltberg\/wp-json\/wp\/v2\/types\/page"}],"author":[{"embeddable":true,"href":"https:\/\/wordpress.nibis.de\/gswohltberg\/wp-json\/wp\/v2\/users\/9192774"}],"replies":[{"embeddable":true,"href":"https:\/\/wordpress.nibis.de\/gswohltberg\/wp-json\/wp\/v2\/comments?post=155"}],"version-history":[{"count":26,"href":"https:\/\/wordpress.nibis.de\/gswohltberg\/wp-json\/wp\/v2\/pages\/155\/revisions"}],"predecessor-version":[{"id":2909,"href":"https:\/\/wordpress.nibis.de\/gswohltberg\/wp-json\/wp\/v2\/pages\/155\/revisions\/2909"}],"wp:attachment":[{"href":"https:\/\/wordpress.nibis.de\/gswohltberg\/wp-json\/wp\/v2\/media?parent=155"}],"curies":[{"name":"wp","href":"https:\/\/api.w.org\/{rel}","templated":true}]}}