{"id":456,"date":"2019-07-17T11:03:14","date_gmt":"2019-07-17T09:03:14","guid":{"rendered":"https:\/\/wordpress.nibis.de\/gsworth\/?page_id=456"},"modified":"2019-07-17T11:03:15","modified_gmt":"2019-07-17T09:03:15","slug":"befreiung-vom-unterricht","status":"publish","type":"page","link":"https:\/\/wordpress.nibis.de\/gsworth\/befreiung-vom-unterricht\/","title":{"rendered":"Befreiung vom Unterricht"},"content":{"rendered":"\n<p>\u00dcber die Beurlaubung einer Sch\u00fclerin \/ eines Sch\u00fclers bis zu vier Wochen entscheidet die Schulleiterin. Vor und nach den Ferien d\u00fcrfen Sch\u00fclerinnen \/ Sch\u00fcler nur ausnahmsweise in besonders begr\u00fcndeten H\u00e4rtef\u00e4llen beurlaubt werden.<\/p>\n<p>Die Befreiung vom Unterricht ist vorher rechtzeitig schriftlich bei der Schulleiterin zu beantragen. F\u00fcr einen Tag kann die Klassenlehrerin beurlauben, au\u00dfer, wenn es sich um Randtage zu den Ferien handelt.<\/p>\n","protected":false},"excerpt":{"rendered":"<p>\u00dcber die Beurlaubung einer Sch\u00fclerin \/ eines Sch\u00fclers bis zu vier Wochen entscheidet die Schulleiterin. Vor und nach den Ferien d\u00fcrfen Sch\u00fclerinnen \/ Sch\u00fcler nur ausnahmsweise in besonders begr\u00fcndeten H\u00e4rtef\u00e4llen beurlaubt werden. Die Befreiung vom Unterricht ist vorher rechtzeitig schriftlich bei der Schulleiterin zu beantragen. F\u00fcr einen Tag kann die Klassenlehrerin beurlauben, au\u00dfer, wenn es &hellip; <a href=\"https:\/\/wordpress.nibis.de\/gsworth\/befreiung-vom-unterricht\/\" class=\"more-link\">Weiterlesen <span class=\"screen-reader-text\">Befreiung vom Unterricht<\/span><\/a><\/p>\n","protected":false},"author":9193170,"featured_media":0,"parent":0,"menu_order":0,"comment_status":"closed","ping_status":"closed","template":"","meta":{"footnotes":""},"class_list":["post-456","page","type-page","status-publish","hentry","without-featured-image"],"_links":{"self":[{"href":"https:\/\/wordpress.nibis.de\/gsworth\/wp-json\/wp\/v2\/pages\/456","targetHints":{"allow":["GET"]}}],"collection":[{"href":"https:\/\/wordpress.nibis.de\/gsworth\/wp-json\/wp\/v2\/pages"}],"about":[{"href":"https:\/\/wordpress.nibis.de\/gsworth\/wp-json\/wp\/v2\/types\/page"}],"author":[{"embeddable":true,"href":"https:\/\/wordpress.nibis.de\/gsworth\/wp-json\/wp\/v2\/users\/9193170"}],"replies":[{"embeddable":true,"href":"https:\/\/wordpress.nibis.de\/gsworth\/wp-json\/wp\/v2\/comments?post=456"}],"version-history":[{"count":1,"href":"https:\/\/wordpress.nibis.de\/gsworth\/wp-json\/wp\/v2\/pages\/456\/revisions"}],"predecessor-version":[{"id":457,"href":"https:\/\/wordpress.nibis.de\/gsworth\/wp-json\/wp\/v2\/pages\/456\/revisions\/457"}],"wp:attachment":[{"href":"https:\/\/wordpress.nibis.de\/gsworth\/wp-json\/wp\/v2\/media?parent=456"}],"curies":[{"name":"wp","href":"https:\/\/api.w.org\/{rel}","templated":true}]}}