{"id":193,"date":"2019-10-04T19:18:03","date_gmt":"2019-10-04T17:18:03","guid":{"rendered":"https:\/\/wordpress.nibis.de\/gswremen\/?page_id=193"},"modified":"2020-12-07T12:06:48","modified_gmt":"2020-12-07T11:06:48","slug":"galerie","status":"publish","type":"page","link":"https:\/\/wordpress.nibis.de\/gswremen\/galerie\/","title":{"rendered":"Galerie"},"content":{"rendered":"<p>Wir haben weihnachtlich gebastelt!<\/p>\n<p><img loading=\"lazy\" decoding=\"async\" class=\"alignnone  wp-image-880\" src=\"https:\/\/wordpress.nibis.de\/gswremen\/files\/2020\/11\/20201127_105632-scaled.jpg\" alt=\"\" width=\"234\" height=\"176\" srcset=\"https:\/\/wordpress.nibis.de\/gswremen\/files\/2020\/11\/20201127_105632-scaled.jpg 2560w, https:\/\/wordpress.nibis.de\/gswremen\/files\/2020\/11\/20201127_105632-768x576.jpg 768w, https:\/\/wordpress.nibis.de\/gswremen\/files\/2020\/11\/20201127_105632-1536x1152.jpg 1536w, https:\/\/wordpress.nibis.de\/gswremen\/files\/2020\/11\/20201127_105632-2048x1536.jpg 2048w\" sizes=\"auto, (max-width: 234px) 100vw, 234px\" \/> <img loading=\"lazy\" decoding=\"async\" class=\"alignnone  wp-image-879\" src=\"https:\/\/wordpress.nibis.de\/gswremen\/files\/2020\/11\/20201127_105857-scaled.jpg\" alt=\"\" width=\"233\" height=\"175\" srcset=\"https:\/\/wordpress.nibis.de\/gswremen\/files\/2020\/11\/20201127_105857-scaled.jpg 2560w, https:\/\/wordpress.nibis.de\/gswremen\/files\/2020\/11\/20201127_105857-768x576.jpg 768w, https:\/\/wordpress.nibis.de\/gswremen\/files\/2020\/11\/20201127_105857-1536x1152.jpg 1536w, https:\/\/wordpress.nibis.de\/gswremen\/files\/2020\/11\/20201127_105857-2048x1536.jpg 2048w\" sizes=\"auto, (max-width: 233px) 100vw, 233px\" \/><br \/>Klasse 4b\u00a0 \u00a0 \u00a0 \u00a0 \u00a0 \u00a0 \u00a0 \u00a0 \u00a0 \u00a0 \u00a0 \u00a0 \u00a0 \u00a0 \u00a0 \u00a0 \u00a0 \u00a0 \u00a0 \u00a0 \u00a0 \u00a0 \u00a0 \u00a0 \u00a0 \u00a0 \u00a0 \u00a0 \u00a0Angebot &#8222;Basteln statt Fu\u00dfball&#8220;<\/p>\n<p><img loading=\"lazy\" decoding=\"async\" class=\"alignnone  wp-image-878\" src=\"https:\/\/wordpress.nibis.de\/gswremen\/files\/2020\/11\/20201127_110252-scaled.jpg\" alt=\"\" width=\"232\" height=\"174\" srcset=\"https:\/\/wordpress.nibis.de\/gswremen\/files\/2020\/11\/20201127_110252-scaled.jpg 2560w, https:\/\/wordpress.nibis.de\/gswremen\/files\/2020\/11\/20201127_110252-768x576.jpg 768w, https:\/\/wordpress.nibis.de\/gswremen\/files\/2020\/11\/20201127_110252-1536x1152.jpg 1536w, https:\/\/wordpress.nibis.de\/gswremen\/files\/2020\/11\/20201127_110252-2048x1536.jpg 2048w\" sizes=\"auto, (max-width: 232px) 100vw, 232px\" \/> <img loading=\"lazy\" decoding=\"async\" class=\"alignnone  wp-image-877\" src=\"https:\/\/wordpress.nibis.de\/gswremen\/files\/2020\/11\/20201127_110316-scaled.jpg\" alt=\"\" width=\"235\" height=\"176\" srcset=\"https:\/\/wordpress.nibis.de\/gswremen\/files\/2020\/11\/20201127_110316-scaled.jpg 2560w, https:\/\/wordpress.nibis.de\/gswremen\/files\/2020\/11\/20201127_110316-768x576.jpg 768w, https:\/\/wordpress.nibis.de\/gswremen\/files\/2020\/11\/20201127_110316-1536x1152.jpg 1536w, https:\/\/wordpress.nibis.de\/gswremen\/files\/2020\/11\/20201127_110316-2048x1536.jpg 2048w\" sizes=\"auto, (max-width: 235px) 100vw, 235px\" \/><br \/>Selbstgebundene Adventskr\u00e4nze zweier flei\u00dfiger Muttis:-)<\/p>\n<p>\u00a0<img loading=\"lazy\" decoding=\"async\" class=\"alignnone  wp-image-875\" src=\"https:\/\/wordpress.nibis.de\/gswremen\/files\/2020\/11\/20201127_113252-scaled.jpg\" alt=\"\" width=\"235\" height=\"176\" srcset=\"https:\/\/wordpress.nibis.de\/gswremen\/files\/2020\/11\/20201127_113252-scaled.jpg 2560w, https:\/\/wordpress.nibis.de\/gswremen\/files\/2020\/11\/20201127_113252-768x576.jpg 768w, https:\/\/wordpress.nibis.de\/gswremen\/files\/2020\/11\/20201127_113252-1536x1152.jpg 1536w, https:\/\/wordpress.nibis.de\/gswremen\/files\/2020\/11\/20201127_113252-2048x1536.jpg 2048w\" sizes=\"auto, (max-width: 235px) 100vw, 235px\" \/> <img loading=\"lazy\" decoding=\"async\" class=\"alignnone  wp-image-874\" src=\"https:\/\/wordpress.nibis.de\/gswremen\/files\/2020\/11\/20201127_114056-scaled.jpg\" alt=\"\" width=\"232\" height=\"174\" srcset=\"https:\/\/wordpress.nibis.de\/gswremen\/files\/2020\/11\/20201127_114056-scaled.jpg 2560w, https:\/\/wordpress.nibis.de\/gswremen\/files\/2020\/11\/20201127_114056-768x576.jpg 768w, https:\/\/wordpress.nibis.de\/gswremen\/files\/2020\/11\/20201127_114056-1536x1152.jpg 1536w, https:\/\/wordpress.nibis.de\/gswremen\/files\/2020\/11\/20201127_114056-2048x1536.jpg 2048w\" sizes=\"auto, (max-width: 232px) 100vw, 232px\" \/><br \/>Klassen 2a und 2b\u00a0 \u00a0 \u00a0 \u00a0 \u00a0 \u00a0 \u00a0 \u00a0 \u00a0 \u00a0 \u00a0 \u00a0 \u00a0 \u00a0 \u00a0 \u00a0 \u00a0 \u00a0 \u00a0 Klasse 4a<\/p>\n<p><img loading=\"lazy\" decoding=\"async\" class=\"alignnone  wp-image-876\" src=\"https:\/\/wordpress.nibis.de\/gswremen\/files\/2020\/11\/20201127_113325-scaled.jpg\" alt=\"\" width=\"232\" height=\"310\" srcset=\"https:\/\/wordpress.nibis.de\/gswremen\/files\/2020\/11\/20201127_113325-scaled.jpg 1920w, https:\/\/wordpress.nibis.de\/gswremen\/files\/2020\/11\/20201127_113325-768x1024.jpg 768w, https:\/\/wordpress.nibis.de\/gswremen\/files\/2020\/11\/20201127_113325-1152x1536.jpg 1152w, https:\/\/wordpress.nibis.de\/gswremen\/files\/2020\/11\/20201127_113325-1536x2048.jpg 1536w\" sizes=\"auto, (max-width: 232px) 100vw, 232px\" \/><br \/>Angebot &#8222;Schulstarter&#8220;<\/p>\n<p><img loading=\"lazy\" decoding=\"async\" class=\"alignnone  wp-image-890\" src=\"https:\/\/wordpress.nibis.de\/gswremen\/files\/2020\/12\/20201130_104730-scaled.jpg\" alt=\"\" width=\"233\" height=\"175\" srcset=\"https:\/\/wordpress.nibis.de\/gswremen\/files\/2020\/12\/20201130_104730-scaled.jpg 2560w, https:\/\/wordpress.nibis.de\/gswremen\/files\/2020\/12\/20201130_104730-768x576.jpg 768w, https:\/\/wordpress.nibis.de\/gswremen\/files\/2020\/12\/20201130_104730-1536x1152.jpg 1536w, https:\/\/wordpress.nibis.de\/gswremen\/files\/2020\/12\/20201130_104730-2048x1536.jpg 2048w\" sizes=\"auto, (max-width: 233px) 100vw, 233px\" \/> <img loading=\"lazy\" decoding=\"async\" class=\"alignnone  wp-image-889\" src=\"https:\/\/wordpress.nibis.de\/gswremen\/files\/2020\/12\/20201130_104745-scaled.jpg\" alt=\"\" width=\"233\" height=\"175\" srcset=\"https:\/\/wordpress.nibis.de\/gswremen\/files\/2020\/12\/20201130_104745-scaled.jpg 2560w, https:\/\/wordpress.nibis.de\/gswremen\/files\/2020\/12\/20201130_104745-768x576.jpg 768w, https:\/\/wordpress.nibis.de\/gswremen\/files\/2020\/12\/20201130_104745-1536x1152.jpg 1536w, https:\/\/wordpress.nibis.de\/gswremen\/files\/2020\/12\/20201130_104745-2048x1536.jpg 2048w\" sizes=\"auto, (max-width: 233px) 100vw, 233px\" \/><br \/>An der Fensterdeko in der Pausenhalle haben sich alle Klassen beteiligt.<\/p>\n<p>Weitere Fotos folgen!<\/p>\n\n","protected":false},"excerpt":{"rendered":"<p>Wir haben weihnachtlich gebastelt! Klasse 4b\u00a0 \u00a0 \u00a0 \u00a0 \u00a0 \u00a0 \u00a0 \u00a0 \u00a0 \u00a0 \u00a0 \u00a0 \u00a0 \u00a0 \u00a0 \u00a0 \u00a0 \u00a0 \u00a0 \u00a0 \u00a0 \u00a0 \u00a0 \u00a0 \u00a0 \u00a0 \u00a0 \u00a0 \u00a0Angebot &#8222;Basteln statt Fu\u00dfball&#8220; Selbstgebundene Adventskr\u00e4nze zweier flei\u00dfiger Muttis:-) \u00a0 Klassen 2a und 2b\u00a0 \u00a0 \u00a0 \u00a0 \u00a0 \u00a0 \u00a0 \u00a0 \u00a0 &hellip; <a href=\"https:\/\/wordpress.nibis.de\/gswremen\/galerie\/\" class=\"more-link\"><span class=\"screen-reader-text\">Galerie<\/span> weiterlesen <span class=\"meta-nav\">&rarr;<\/span><\/a><\/p>\n","protected":false},"author":9193173,"featured_media":0,"parent":0,"menu_order":0,"comment_status":"closed","ping_status":"closed","template":"","meta":{"footnotes":""},"class_list":["post-193","page","type-page","status-publish","hentry"],"_links":{"self":[{"href":"https:\/\/wordpress.nibis.de\/gswremen\/wp-json\/wp\/v2\/pages\/193","targetHints":{"allow":["GET"]}}],"collection":[{"href":"https:\/\/wordpress.nibis.de\/gswremen\/wp-json\/wp\/v2\/pages"}],"about":[{"href":"https:\/\/wordpress.nibis.de\/gswremen\/wp-json\/wp\/v2\/types\/page"}],"author":[{"embeddable":true,"href":"https:\/\/wordpress.nibis.de\/gswremen\/wp-json\/wp\/v2\/users\/9193173"}],"replies":[{"embeddable":true,"href":"https:\/\/wordpress.nibis.de\/gswremen\/wp-json\/wp\/v2\/comments?post=193"}],"version-history":[{"count":4,"href":"https:\/\/wordpress.nibis.de\/gswremen\/wp-json\/wp\/v2\/pages\/193\/revisions"}],"predecessor-version":[{"id":892,"href":"https:\/\/wordpress.nibis.de\/gswremen\/wp-json\/wp\/v2\/pages\/193\/revisions\/892"}],"wp:attachment":[{"href":"https:\/\/wordpress.nibis.de\/gswremen\/wp-json\/wp\/v2\/media?parent=193"}],"curies":[{"name":"wp","href":"https:\/\/api.w.org\/{rel}","templated":true}]}}