{"id":355,"date":"2019-10-10T13:11:32","date_gmt":"2019-10-10T11:11:32","guid":{"rendered":"https:\/\/wordpress.nibis.de\/gswremen\/?page_id=355"},"modified":"2021-12-05T14:59:15","modified_gmt":"2021-12-05T13:59:15","slug":"kooperationspartner","status":"publish","type":"page","link":"https:\/\/wordpress.nibis.de\/gswremen\/kooperationspartner\/","title":{"rendered":"Kooperationspartner"},"content":{"rendered":"\n<ul style=\"list-style-type: square\">\n<li><a href=\"https:\/\/stiftung.adac.de\/foerderschwerpunkte\/unfallpraevention\/aufgepasst-mit-adacus\/\">Adacus<\/a> (Programm zur Verkehrserziehung f\u00fcr Grundschulkinder)<\/li>\n<li><a href=\"https:\/\/www.landkreis-cuxhaven.de\/index.php?sNavID=1779.48\">&#8222;B\u00fccherbus&#8220;<\/a> (Fahrb\u00fccherei des Landkreises Cuxhaven)<\/li>\n<li><a href=\"https:\/\/www.wichernschule-cuxhaven.de\/beratungsangebote\/cuxbus\/\">CuxBUS<\/a> (Cuxhavener Beratungs- und Unterst\u00fctzungssystem)<\/li>\n<li><a href=\"https:\/\/www.wurster-nordseekueste.de\/\">Gemeinde Wurster Nordseek\u00fcste<\/a><\/li>\n<li><a href=\"https:\/\/www.wurster-nordseekueste.de\/leben-wohnen\/kinder-und-jugendliche\/jugendfreizeitstaetten\/\">Jugendfreizeitst\u00e4tte Wremen<\/a> (Nachmittagsprogramm f\u00fcr Kinder und Jugendliche)<\/li>\n<li><a href=\"http:\/\/www.drk-wem.de\/angebote\/kinder-jugend-und-familie\/jugendhilfestation.html\">Jugendhilfestation Langen<\/a><\/li>\n<li><a href=\"https:\/\/www.landkreis-cuxhaven.de\/Themenbereiche\/Gesundheit\/Jugendzahnpflege\">Jugendzahnpflege<\/a> des Landkreises Cuxhaven<\/li>\n<li>Kindergarten &#8222;Alle an Bord&#8220; (Wremen)<\/li>\n<li>Kindergarten &#8222;Wilde Kiste&#8220; (Padingb\u00fcttel)<\/li>\n<li><a href=\"https:\/\/www.gymnasium-wesermuende.de\/\">Kreisgymnasium Weserm\u00fcnde<\/a> (Weiterf\u00fchrende Schule in Bremerhaven)<\/li>\n<li><a href=\"https:\/\/www.landesschulbehoerde-niedersachsen.de\/\">Landesschulbeh\u00f6rde Niedersachsen<\/a><\/li>\n<li><a href=\"https:\/\/www.cux-landfrauen.de\/vereine\/land-wursten\/\">Landfrauen Land Wursten<\/a> (Projekttage zum Kochen und Backen in der Schule)<\/li>\n<li><a href=\"https:\/\/www.wursternordseekueste.de\/erleben\/sehenswertes\/museum-fuer-wattenfischerei\/\">Museum f\u00fcr Wattenfischerei<\/a> (Wremen)<\/li>\n<li><a href=\"https:\/\/www.oberschule-dorum.de\/\">Oberschule &#8222;Achtern Diek&#8220;<\/a> (Weiterf\u00fchrende Schule in Dorum)<\/li>\n<li>Polizei Langen\/Geestland<\/li>\n<li><a href=\"https:\/\/www.kirche-wesermuende.de\/das_sind_wir\/kirchengemeinden\/wremen\">St.-Willehadi-Kirche zu Wremen<\/a><\/li>\n<li>Studienseminar Cuxhaven (Ausbildungsstandort der Lehramtsanw\u00e4rter)<\/li>\n<li><a href=\"http:\/\/www.tennisclub-wremen.de\/\">Tennis-Club Wremen 79 e.V.<\/a><\/li>\n<li><a href=\"https:\/\/www.tsgnordholz.de\/\">TSG Nordholz<\/a><\/li>\n<li><a href=\"https:\/\/www.tus-wremen09.de\/cm\/\">Turn- und Sportverein Wremen<\/a> (TUS Wremen)<\/li>\n<li>Wremer Heimatkreis \u00b485 e.V.<\/li>\n<\/ul>\n","protected":false},"excerpt":{"rendered":"<p>Adacus (Programm zur Verkehrserziehung f\u00fcr Grundschulkinder) &#8222;B\u00fccherbus&#8220; (Fahrb\u00fccherei des Landkreises Cuxhaven) CuxBUS (Cuxhavener Beratungs- und Unterst\u00fctzungssystem) Gemeinde Wurster Nordseek\u00fcste Jugendfreizeitst\u00e4tte Wremen (Nachmittagsprogramm f\u00fcr Kinder und Jugendliche) Jugendhilfestation Langen Jugendzahnpflege des Landkreises Cuxhaven Kindergarten &#8222;Alle an Bord&#8220; (Wremen) Kindergarten &#8222;Wilde Kiste&#8220; (Padingb\u00fcttel) Kreisgymnasium Weserm\u00fcnde (Weiterf\u00fchrende Schule in Bremerhaven) Landesschulbeh\u00f6rde Niedersachsen Landfrauen Land Wursten (Projekttage zum Kochen &hellip; <a href=\"https:\/\/wordpress.nibis.de\/gswremen\/kooperationspartner\/\" class=\"more-link\"><span class=\"screen-reader-text\">Kooperationspartner<\/span> weiterlesen <span class=\"meta-nav\">&rarr;<\/span><\/a><\/p>\n","protected":false},"author":9193173,"featured_media":0,"parent":0,"menu_order":0,"comment_status":"closed","ping_status":"closed","template":"","meta":{"footnotes":""},"class_list":["post-355","page","type-page","status-publish","hentry"],"_links":{"self":[{"href":"https:\/\/wordpress.nibis.de\/gswremen\/wp-json\/wp\/v2\/pages\/355","targetHints":{"allow":["GET"]}}],"collection":[{"href":"https:\/\/wordpress.nibis.de\/gswremen\/wp-json\/wp\/v2\/pages"}],"about":[{"href":"https:\/\/wordpress.nibis.de\/gswremen\/wp-json\/wp\/v2\/types\/page"}],"author":[{"embeddable":true,"href":"https:\/\/wordpress.nibis.de\/gswremen\/wp-json\/wp\/v2\/users\/9193173"}],"replies":[{"embeddable":true,"href":"https:\/\/wordpress.nibis.de\/gswremen\/wp-json\/wp\/v2\/comments?post=355"}],"version-history":[{"count":4,"href":"https:\/\/wordpress.nibis.de\/gswremen\/wp-json\/wp\/v2\/pages\/355\/revisions"}],"predecessor-version":[{"id":1146,"href":"https:\/\/wordpress.nibis.de\/gswremen\/wp-json\/wp\/v2\/pages\/355\/revisions\/1146"}],"wp:attachment":[{"href":"https:\/\/wordpress.nibis.de\/gswremen\/wp-json\/wp\/v2\/media?parent=355"}],"curies":[{"name":"wp","href":"https:\/\/api.w.org\/{rel}","templated":true}]}}