{"id":380,"date":"2019-10-11T11:45:54","date_gmt":"2019-10-11T09:45:54","guid":{"rendered":"https:\/\/wordpress.nibis.de\/gswremen\/?page_id=380"},"modified":"2019-10-15T15:37:20","modified_gmt":"2019-10-15T13:37:20","slug":"zeitlicher-ablauf-am-vormittag","status":"publish","type":"page","link":"https:\/\/wordpress.nibis.de\/gswremen\/zeitlicher-ablauf-am-vormittag\/","title":{"rendered":"Zeitlicher Ablauf am Vormittag"},"content":{"rendered":"\n\n<table id=\"tablepress-7\" class=\"tablepress tablepress-id-7\">\n<tbody class=\"row-striping row-hover\">\n<tr class=\"row-1\">\n\t<td class=\"column-1\"><\/td><td class=\"column-2\">Fr\u00fchbetreuung (nur nach Anmeldung!)<\/td><td class=\"column-3\">ab 7:00 Uhr<\/td>\n<\/tr>\n<tr class=\"row-2\">\n\t<td class=\"column-1\">1. Stunde<\/td><td class=\"column-2\">Unterricht<\/td><td class=\"column-3\">08:00 -08:45 Uhr<\/td>\n<\/tr>\n<tr class=\"row-3\">\n\t<td class=\"column-1\"><\/td><td class=\"column-2\">Fr\u00fchst\u00fcckspause<\/td><td class=\"column-3\">08:45 - 09:00 Uhr<\/td>\n<\/tr>\n<tr class=\"row-4\">\n\t<td class=\"column-1\">2. Stunde<\/td><td class=\"column-2\">Unterricht<\/td><td class=\"column-3\">09:00-09:45 Uhr<\/td>\n<\/tr>\n<tr class=\"row-5\">\n\t<td class=\"column-1\"><\/td><td class=\"column-2\">1. Hofpause<\/td><td class=\"column-3\">09:45 - 10:05 Uhr<\/td>\n<\/tr>\n<tr class=\"row-6\">\n\t<td class=\"column-1\">3. Stunde<\/td><td class=\"column-2\">Unterricht<\/td><td class=\"column-3\">10:05 - 10:50 Uhr<\/td>\n<\/tr>\n<tr class=\"row-7\">\n\t<td class=\"column-1\"><\/td><td class=\"column-2\">5- Minuten-Pause<\/td><td class=\"column-3\">10:50 - 10:55 Uhr<\/td>\n<\/tr>\n<tr class=\"row-8\">\n\t<td class=\"column-1\">4. Stunde <\/td><td class=\"column-2\">Unterricht<\/td><td class=\"column-3\">10:55 - 11:40 Uhr<\/td>\n<\/tr>\n<tr class=\"row-9\">\n\t<td class=\"column-1\"><\/td><td class=\"column-2\">2. Hofpause<\/td><td class=\"column-3\">11:40 - 12:00 Uhr<\/td>\n<\/tr>\n<tr class=\"row-10\">\n\t<td class=\"column-1\">5. Stunde <\/td><td class=\"column-2\">Unterricht oder Betreuung<\/td><td class=\"column-3\">12:00 - 12:55 Uhr<\/td>\n<\/tr>\n<\/tbody>\n<\/table>\n<!-- #tablepress-7 from cache -->\n<p>Das Schulgeb\u00e4ude ist morgens immer ab 7:40 Uhr ge\u00f6ffnet. Falls der 1. Bus fr\u00fcher ankommt, schlie\u00dfen wir auch fr\u00fcher auf.&nbsp;<\/p>\n<p>Auch die Klassenr\u00e4ume und Toiletten werden um 7:40 Uhr aufgeschlossen. Wir haben die Absprache, dass sich die Sch\u00fcler\/innen (mit Ausnahme von Toiletteng\u00e4ngen und B\u00fcchereibesuch) bis Unterrichtsbeginn in ihren Klassenr\u00e4umen aufhalten und sich dort ruhig besch\u00e4ftigen.<\/p>\n<p>Eine Fr\u00fchaufsicht befindet sich im Geb\u00e4ude.<\/p>\n","protected":false},"excerpt":{"rendered":"<p>Das Schulgeb\u00e4ude ist morgens immer ab 7:40 Uhr ge\u00f6ffnet. Falls der 1. Bus fr\u00fcher ankommt, schlie\u00dfen wir auch fr\u00fcher auf.&nbsp; Auch die Klassenr\u00e4ume und Toiletten werden um 7:40 Uhr aufgeschlossen. Wir haben die Absprache, dass sich die Sch\u00fcler\/innen (mit Ausnahme von Toiletteng\u00e4ngen und B\u00fcchereibesuch) bis Unterrichtsbeginn in ihren Klassenr\u00e4umen aufhalten und sich dort ruhig besch\u00e4ftigen. &hellip; <a href=\"https:\/\/wordpress.nibis.de\/gswremen\/zeitlicher-ablauf-am-vormittag\/\" class=\"more-link\"><span class=\"screen-reader-text\">Zeitlicher Ablauf am Vormittag<\/span> weiterlesen <span class=\"meta-nav\">&rarr;<\/span><\/a><\/p>\n","protected":false},"author":9193173,"featured_media":0,"parent":0,"menu_order":0,"comment_status":"closed","ping_status":"closed","template":"","meta":{"footnotes":""},"class_list":["post-380","page","type-page","status-publish","hentry"],"_links":{"self":[{"href":"https:\/\/wordpress.nibis.de\/gswremen\/wp-json\/wp\/v2\/pages\/380","targetHints":{"allow":["GET"]}}],"collection":[{"href":"https:\/\/wordpress.nibis.de\/gswremen\/wp-json\/wp\/v2\/pages"}],"about":[{"href":"https:\/\/wordpress.nibis.de\/gswremen\/wp-json\/wp\/v2\/types\/page"}],"author":[{"embeddable":true,"href":"https:\/\/wordpress.nibis.de\/gswremen\/wp-json\/wp\/v2\/users\/9193173"}],"replies":[{"embeddable":true,"href":"https:\/\/wordpress.nibis.de\/gswremen\/wp-json\/wp\/v2\/comments?post=380"}],"version-history":[{"count":4,"href":"https:\/\/wordpress.nibis.de\/gswremen\/wp-json\/wp\/v2\/pages\/380\/revisions"}],"predecessor-version":[{"id":506,"href":"https:\/\/wordpress.nibis.de\/gswremen\/wp-json\/wp\/v2\/pages\/380\/revisions\/506"}],"wp:attachment":[{"href":"https:\/\/wordpress.nibis.de\/gswremen\/wp-json\/wp\/v2\/media?parent=380"}],"curies":[{"name":"wp","href":"https:\/\/api.w.org\/{rel}","templated":true}]}}