{"id":49,"date":"2019-09-29T14:37:58","date_gmt":"2019-09-29T12:37:58","guid":{"rendered":"https:\/\/wordpress.nibis.de\/gswremen\/?page_id=49"},"modified":"2025-05-08T14:57:43","modified_gmt":"2025-05-08T12:57:43","slug":"unsere-schuelerinnen","status":"publish","type":"page","link":"https:\/\/wordpress.nibis.de\/gswremen\/unsere-schuelerinnen\/","title":{"rendered":"Unsere Sch\u00fcler\/innen"},"content":{"rendered":"\n<p>Zur Zeit besuchen rund 120 Sch\u00fclerinnen und Sch\u00fcler aus Wremen, Mulsum, Misselwarden und Padingb\u00fcttel unsere Schule. Wer aus den Ortschaften rund um Wremen kommt, erh\u00e4lt eine Busfahrkarte und kann morgens und mittags\/nachmittags die Schulbusse nutzen.<\/p>\n<p>Viele unserer Sch\u00fcler\/innen besuchten vor der Einschulung den Kindergarten in Wremen oder Padingb\u00fcttel.\u00a0<\/p>\n<p>Wer an unsere Schule kommt &#8211; ob als Erstkl\u00e4ssler oder durch einen Umzug &#8211; f\u00fchlt sich erfahrungsgem\u00e4\u00df schnell gut aufgehoben. Unsere kleine Schule macht es m\u00f6glich, dass jedes Kind nach kurzer Zeit sowohl die anderen Kinder und Klassen kennengelernt hat als auch das Personal und die R\u00e4umlichkeiten.<\/p>\n<p>Wir hei\u00dfen jedes Kind willkommen!<\/p>\n","protected":false},"excerpt":{"rendered":"<p>Zur Zeit besuchen rund 120 Sch\u00fclerinnen und Sch\u00fcler aus Wremen, Mulsum, Misselwarden und Padingb\u00fcttel unsere Schule. Wer aus den Ortschaften rund um Wremen kommt, erh\u00e4lt eine Busfahrkarte und kann morgens und mittags\/nachmittags die Schulbusse nutzen. Viele unserer Sch\u00fcler\/innen besuchten vor der Einschulung den Kindergarten in Wremen oder Padingb\u00fcttel.\u00a0 Wer an unsere Schule kommt &#8211; ob &hellip; <a href=\"https:\/\/wordpress.nibis.de\/gswremen\/unsere-schuelerinnen\/\" class=\"more-link\"><span class=\"screen-reader-text\">Unsere Sch\u00fcler\/innen<\/span> weiterlesen <span class=\"meta-nav\">&rarr;<\/span><\/a><\/p>\n","protected":false},"author":9193173,"featured_media":0,"parent":0,"menu_order":0,"comment_status":"closed","ping_status":"closed","template":"","meta":{"footnotes":""},"class_list":["post-49","page","type-page","status-publish","hentry"],"_links":{"self":[{"href":"https:\/\/wordpress.nibis.de\/gswremen\/wp-json\/wp\/v2\/pages\/49","targetHints":{"allow":["GET"]}}],"collection":[{"href":"https:\/\/wordpress.nibis.de\/gswremen\/wp-json\/wp\/v2\/pages"}],"about":[{"href":"https:\/\/wordpress.nibis.de\/gswremen\/wp-json\/wp\/v2\/types\/page"}],"author":[{"embeddable":true,"href":"https:\/\/wordpress.nibis.de\/gswremen\/wp-json\/wp\/v2\/users\/9193173"}],"replies":[{"embeddable":true,"href":"https:\/\/wordpress.nibis.de\/gswremen\/wp-json\/wp\/v2\/comments?post=49"}],"version-history":[{"count":3,"href":"https:\/\/wordpress.nibis.de\/gswremen\/wp-json\/wp\/v2\/pages\/49\/revisions"}],"predecessor-version":[{"id":1455,"href":"https:\/\/wordpress.nibis.de\/gswremen\/wp-json\/wp\/v2\/pages\/49\/revisions\/1455"}],"wp:attachment":[{"href":"https:\/\/wordpress.nibis.de\/gswremen\/wp-json\/wp\/v2\/media?parent=49"}],"curies":[{"name":"wp","href":"https:\/\/api.w.org\/{rel}","templated":true}]}}