{"id":77,"date":"2019-09-29T14:44:52","date_gmt":"2019-09-29T12:44:52","guid":{"rendered":"https:\/\/wordpress.nibis.de\/gswremen\/?page_id=77"},"modified":"2019-10-11T14:38:32","modified_gmt":"2019-10-11T12:38:32","slug":"regenpause","status":"publish","type":"page","link":"https:\/\/wordpress.nibis.de\/gswremen\/regenpause\/","title":{"rendered":"Pausen"},"content":{"rendered":"\n<p>\u00dcber den Vormittag hinweg haben unsere Sch\u00fcler\/innen mehrere Pausen.<\/p>\n<p>Die Fr\u00fchst\u00fcckspause folgt direkt auf die 1. Stunde. Die Kinder haben 15 Minuten Zeit, sich zu st\u00e4rken.<\/p>\n<p>In den zwei Bewegungs- bzw. Hofpausen nach der 2. und 4. Stunde spielen und toben die Kinder auf unserem neuen Schulhof, der sich direkt rechts neben dem Geb\u00e4ude befindet.\u00a0 Wenn es regnet, k\u00f6nnen die Kinder die Pause wahlweise im Klassenraum oder in der Sporthalle verbringen.<\/p>\n<p>Zwischen der 3. und 4. Stunde machen wir eine 5-Minten-Pause f\u00fcr Toiletteng\u00e4nge, Raumwechsel oder um nochmal vom Fr\u00fchst\u00fccksbrot abzubei\u00dfen.<\/p>\n<p>Allel Pausen sind selbstverst\u00e4ndlich beaufsichtigt!<\/p>\n","protected":false},"excerpt":{"rendered":"<p>\u00dcber den Vormittag hinweg haben unsere Sch\u00fcler\/innen mehrere Pausen. Die Fr\u00fchst\u00fcckspause folgt direkt auf die 1. Stunde. Die Kinder haben 15 Minuten Zeit, sich zu st\u00e4rken. In den zwei Bewegungs- bzw. Hofpausen nach der 2. und 4. Stunde spielen und toben die Kinder auf unserem neuen Schulhof, der sich direkt rechts neben dem Geb\u00e4ude befindet.\u00a0 &hellip; <a href=\"https:\/\/wordpress.nibis.de\/gswremen\/regenpause\/\" class=\"more-link\"><span class=\"screen-reader-text\">Pausen<\/span> weiterlesen <span class=\"meta-nav\">&rarr;<\/span><\/a><\/p>\n","protected":false},"author":9193173,"featured_media":0,"parent":0,"menu_order":0,"comment_status":"closed","ping_status":"closed","template":"","meta":{"footnotes":""},"class_list":["post-77","page","type-page","status-publish","hentry"],"_links":{"self":[{"href":"https:\/\/wordpress.nibis.de\/gswremen\/wp-json\/wp\/v2\/pages\/77","targetHints":{"allow":["GET"]}}],"collection":[{"href":"https:\/\/wordpress.nibis.de\/gswremen\/wp-json\/wp\/v2\/pages"}],"about":[{"href":"https:\/\/wordpress.nibis.de\/gswremen\/wp-json\/wp\/v2\/types\/page"}],"author":[{"embeddable":true,"href":"https:\/\/wordpress.nibis.de\/gswremen\/wp-json\/wp\/v2\/users\/9193173"}],"replies":[{"embeddable":true,"href":"https:\/\/wordpress.nibis.de\/gswremen\/wp-json\/wp\/v2\/comments?post=77"}],"version-history":[{"count":3,"href":"https:\/\/wordpress.nibis.de\/gswremen\/wp-json\/wp\/v2\/pages\/77\/revisions"}],"predecessor-version":[{"id":395,"href":"https:\/\/wordpress.nibis.de\/gswremen\/wp-json\/wp\/v2\/pages\/77\/revisions\/395"}],"wp:attachment":[{"href":"https:\/\/wordpress.nibis.de\/gswremen\/wp-json\/wp\/v2\/media?parent=77"}],"curies":[{"name":"wp","href":"https:\/\/api.w.org\/{rel}","templated":true}]}}