{"id":87,"date":"2019-09-29T14:47:14","date_gmt":"2019-09-29T12:47:14","guid":{"rendered":"https:\/\/wordpress.nibis.de\/gswremen\/?page_id=87"},"modified":"2019-11-01T19:18:58","modified_gmt":"2019-11-01T18:18:58","slug":"offene-ganztagsschule","status":"publish","type":"page","link":"https:\/\/wordpress.nibis.de\/gswremen\/offene-ganztagsschule\/","title":{"rendered":"Offene Ganztagsschule"},"content":{"rendered":"\n<h5 style=\"text-align: justify\"><strong>Was bedeutet \u201cOffene Ganztagsschule (OGTS)\u201d?<br \/><\/strong><\/h5>\n<p style=\"text-align: justify\">Als Offene Ganztagsschule bietet die Tjede-Peckes-Grundschule ein abwechslungsreiches Mittags- und Nachmittagsangebot f\u00fcr alle interessierten Sch\u00fclerInnen an. Die Ganztagsgrundschule umfasst das Mittagessen, die Hausaufgabenbetreuung und die Nachmittagsangebote. Die Teilnahme ist freiwillig (\u201eoffen\u201c), es findet kein Pflichtunterricht statt. Sie k\u00f6nnen Ihr Kind f\u00fcr einzelne Bl\u00f6cke anmelden und zu verschiedenen Uhrzeiten abholen. Die Anmeldung f\u00fcr die OGTS gilt jedoch verbindlich f\u00fcr ein Halbjahr.<\/p>\n<h5 style=\"text-align: justify\"><strong>Wie sieht der zeitliche Ablauf in der OGTS aus?<\/strong><\/h5>\n<p style=\"text-align: justify\"><em>13.00 \u2013 14.00 Uhr: Mittagessen und Hofpause<\/em><br \/>In der schuleigenen K\u00fcche essen die Kinder zu Mittag. Das Mittagessen wird in der K\u00fcche im Obergeschoss zubereitet und abwechslungsreich gestaltet. Wir achten auf gesunde Ern\u00e4hrung und bieten dementsprechend z.B. t\u00e4glich frisches Obst und Gem\u00fcse als Beilagen an. Zum Trinken gibt es Wasser oder verd\u00fcnnte S\u00e4fte. Der aktuelle Speiseplan h\u00e4ngt im Schulgeb\u00e4ude aus, desweiteren k\u00f6nnen Sie diesen auf unserer Homepage einsehen. Es gibt auch die M\u00f6glichkeit, dass Ihr Kind eigenes Essen mitbringt und in der K\u00fcche verzehrt. Aus hygienischen Gr\u00fcnden k\u00f6nnen wir leider kein mitgebrachtes Mittagessen aufw\u00e4rmen.<br \/>Im Anschluss an das Mittagessen geht es in die Hofpause.<\/p>\n<p style=\"text-align: justify\"><em>14.00 \u2013 14.45 Uhr: Hausaufgabenbetreuung<\/em><br \/>Momentan findet die Hausaufgabenbetreuung in zwei Gruppen (Klassen 1\/2 und 3\/4) statt. Ihr Kind wird von p\u00e4dagogischen Mitarbeiten oder Lehrkr\u00e4ften beim Anfertigen der Hausaufgaben \u201ebegleitet\u201c. Diese sorgen f\u00fcr eine ruhige Lernumgebung und achten auf das Anfertigen, sind jedoch nicht als Nachhilfelehrkraft bzw. zur Korrektur der Hausaufgaben da. Bei Verst\u00e4ndnisschwierigkeiten und f\u00fcr Tipps steht die Betreuungsperson aber selbstverst\u00e4ndlich zur Verf\u00fcgung. Die Hausaufgabenbetreuung ersetzt nicht die Unterst\u00fctzung zu Hause, bitte schauen Sie regelm\u00e4\u00dfig in Mappen und Hausaufgabenhefte! Die Hausaufgabenzeit betr\u00e4gt laut Erlass 30 Minuten. In der restlichen Zeit k\u00f6nnen die Kinder mit Freiarbeitsmaterialien \u00fcben, lesen, spielen oder sich entspannen.<\/p>\n<p>Bitte <strong>kontrollieren<\/strong> Sie die Hausaufgaben zu Hause!<\/p>\n<p style=\"text-align: justify\"><em>14.45 \u2013 15.45 Uhr: Nachmittagsangebote<\/em><br \/>Unsere Angebote werden sowohl von Lehrkr\u00e4ften als auch von p\u00e4dagogischen Mitarbeiten und anderem qualifizierten Personal durchgef\u00fchrt. Ihr Kind kann von montags bis donnerstags in der Regel zwischen 2 oder 3 Angeboten aus den Bereichen Sport, Musik, Kreativit\u00e4t und Naturwissenschaften w\u00e4hlen. Unsere Angebote k\u00f6nnen Sie auf unserer Homepage einsehen und der \u00dcbersicht entnehmen, die jedes Kind mit dem Anmeldezettel ausgeh\u00e4ndigt bekommt.<\/p>\n<h5 style=\"text-align: justify\"><strong>Welche Abholzeiten sind m\u00f6glich?<\/strong><\/h5>\n<p style=\"text-align: justify\">Sie k\u00f6nnen Ihr Kind um 12:55 Uhr nach der 5. Stunde, um 14.45 Uhr nach der Hausaufgabenbetreuung und um 15.45 Uhr nach den Angeboten abholen. Die Abholzeiten sind verbindlich f\u00fcr ein Halbjahr und entsprechen der Anmeldung Ihres Kindes in der GTS. Am Freitag haben Sie zudem die M\u00f6glichkeit, Ihr Kind um 14.00 Uhr nach dem Mittagessen abzuholen.\u00a0<\/p>\n<h5 style=\"text-align: justify\"><strong>Wann fahren die Schulbusse?<\/strong><\/h5>\n<p style=\"text-align: justify\">Die Schulbusse fahren nach der 5. Stunde (ab 13:05 Uhr) und nach den Angeboten (ab 15:55 Uhr).<\/p>\n<h5 style=\"text-align: justify\"><strong>Welche Kosten kommen bei der Anmeldung f\u00fcr die OGTS auf uns zu?<\/strong><\/h5>\n<p style=\"text-align: justify\">Die Kosten f\u00fcr das Mittagessen werden pauschal pro Kalendermonat berechnet. Mit der Anmeldebest\u00e4tigung erhalten Sie eine Einzugserm\u00e4chtigung, \u00fcber die sie monatlich die entsprechende Pauschale von Ihrem Konto durch die Gemeinde Wurster Nordseek\u00fcste abbuchen lassen. Eine Abrechnung seitens der Gemeinde erhalten Sie regelm\u00e4\u00dfig per Post.<\/p>\n<p style=\"text-align: justify\">F\u00fcr die Teilnahme an einem Nachmittagsangebot erhebt die Gemeinde Wurster Nordseek\u00fcste eine Sachkostenpauschale von 20 Euro pro Halbjahr. Diese muss direkt an die Gemeinde entrichtet werden. Weitere Informationen dazu erhalten Sie nach der Anmeldung. Die Sachkostenpauschale deckt die Kosten f\u00fcr Verbrauchsmaterialien wie z.B. Kochzutaten oder Bastelmaterial, ab.<\/p>\n<h5 style=\"text-align: justify\"><strong>Gibt es eine Fr\u00fch- und Sp\u00e4tbetreuung?<\/strong><\/h5>\n<p style=\"text-align: justify\">Die Gemeinde Wurster Nordseek\u00fcste bietet eine erweiterte Schulkinderbetreuung au\u00dferhalb der Zeiten der Ganztagsschule an:<br \/>Fr\u00fchbetreuung: 7:00 \u2013 8:00 Uhr (Montag bis Freitag),<br \/>Freitagsbetreuung: 13.00 \u2013 15.00 Uhr.<br \/>Eine Fr\u00fch- oder Freitagsbetreuung wird nur eingerichtet, wenn hierzu mindestens 5 Kinder angemeldet werden. Bitte beachten Sie, dass nach der Freitagsbetreuung kein Bus f\u00e4hrt! Die Fr\u00fchbetreuung kostet pauschal 1,50 Euro, f\u00fcr die Freitagsbetreuung werden pro Stunde 1,50 Euro erhoben.<\/p>\n<h5 style=\"text-align: justify\"><strong>Welche Absprachen gelten f\u00fcr die OGTS?<\/strong><\/h5>\n<p style=\"text-align: justify\">Die Anmeldung f\u00fcr die OGTS ist f\u00fcr ein halbes Jahr verbindlich. W\u00e4hrend des Halbjahres k\u00f6nnen keine Um- oder Abmeldungen ber\u00fccksichtigt werden. M\u00f6chten Sie Ihr Kind einmalig vom Nachmittagsangebot befreien (dies ist z.B. f\u00fcr den Geburtstag Ihres Kindes m\u00f6glich), stellen Sie bitte mindestens 2 Tage im Voraus einen Antrag per Email an die Schulleitung. Im Falle eines Arzttermins legen Sie bitte eine Anwesenheitsbescheinigung der Praxis vor.<br \/>Im Falle einer Krankmeldung wird Ihr Kind vom Mittagessen, der Hausaufgabenbetreuung und dem Angebot abgemeldet. Hierzu muss die Krankmeldung bis 8.00 Uhr morgens (telefonisch oder per Email) im Sekretariat erfolgen.<br \/>Die Schulordnung, die Sie im Rahmen der Schulanmeldung gemeinsam mit Ihrem Kind unterschrieben haben, gilt selbstverst\u00e4ndlich auch im Ganztagsbereich.<\/p>\n<h5 style=\"text-align: justify\"><strong>Welche finanziellen Zusch\u00fcsse sind m\u00f6glich?<\/strong><\/h5>\n<p style=\"text-align: justify\">Einkommensschwache Familien haben die M\u00f6glichkeit, Zusch\u00fcsse f\u00fcr das Mittagessen zu erhalten (\u201eBildungs- und Teilhabepaket\u201c). F\u00fcr Informationen wenden Sie sich bitte direkt an das Sekretariat.<\/p>\n<h5 style=\"text-align: justify\"><strong>Wie kann ich mein Kind f\u00fcr die OGTS anmelden?<\/strong><\/h5>\n<p style=\"text-align: justify\">Vor den Weihnachts- sowie vor den Sommerferien erh\u00e4lt jedes Kind einen Anmeldezettel f\u00fcr das kommende Halbjahr. Hier finden Sie eine Kurzbeschreibung der Angebote, ein Informationsschreiben und eine \u00dcbersicht \u00fcber die Absprachen im Ganztagsbetrieb. Bitte kreuzen Sie auf dem Anmeldezettel die Bl\u00f6cke an, f\u00fcr die Sie Ihr Kind im folgenden Halbjahr verbindlich anmelden m\u00f6chten und beachten Sie den angegebenen Abgabetermin. Die Anmeldeformulare k\u00f6nnen Sie Ihrem Kind in die Postmappe legen oder direkt bei Frau Meenzen im Sekretariat abgeben.<strong>\u00a0<\/strong>Nach Anmeldeschluss erhalten Sie zeitnah eine Anmeldebest\u00e4tigung mit weiteren Informationen zur Bezahlung etc.<\/p>\n<p>Anmeldeformulare k\u00f6nnen auch <a href=\"https:\/\/wordpress.nibis.de\/gswremen\/downloads\/\">hier<\/a> von der Homepage runtergeladen werden!<\/p>\n","protected":false},"excerpt":{"rendered":"<p>Was bedeutet \u201cOffene Ganztagsschule (OGTS)\u201d? Als Offene Ganztagsschule bietet die Tjede-Peckes-Grundschule ein abwechslungsreiches Mittags- und Nachmittagsangebot f\u00fcr alle interessierten Sch\u00fclerInnen an. Die Ganztagsgrundschule umfasst das Mittagessen, die Hausaufgabenbetreuung und die Nachmittagsangebote. Die Teilnahme ist freiwillig (\u201eoffen\u201c), es findet kein Pflichtunterricht statt. Sie k\u00f6nnen Ihr Kind f\u00fcr einzelne Bl\u00f6cke anmelden und zu verschiedenen Uhrzeiten abholen. Die &hellip; <a href=\"https:\/\/wordpress.nibis.de\/gswremen\/offene-ganztagsschule\/\" class=\"more-link\"><span class=\"screen-reader-text\">Offene Ganztagsschule<\/span> weiterlesen <span class=\"meta-nav\">&rarr;<\/span><\/a><\/p>\n","protected":false},"author":9193173,"featured_media":0,"parent":0,"menu_order":0,"comment_status":"closed","ping_status":"closed","template":"","meta":{"footnotes":""},"class_list":["post-87","page","type-page","status-publish","hentry"],"_links":{"self":[{"href":"https:\/\/wordpress.nibis.de\/gswremen\/wp-json\/wp\/v2\/pages\/87","targetHints":{"allow":["GET"]}}],"collection":[{"href":"https:\/\/wordpress.nibis.de\/gswremen\/wp-json\/wp\/v2\/pages"}],"about":[{"href":"https:\/\/wordpress.nibis.de\/gswremen\/wp-json\/wp\/v2\/types\/page"}],"author":[{"embeddable":true,"href":"https:\/\/wordpress.nibis.de\/gswremen\/wp-json\/wp\/v2\/users\/9193173"}],"replies":[{"embeddable":true,"href":"https:\/\/wordpress.nibis.de\/gswremen\/wp-json\/wp\/v2\/comments?post=87"}],"version-history":[{"count":9,"href":"https:\/\/wordpress.nibis.de\/gswremen\/wp-json\/wp\/v2\/pages\/87\/revisions"}],"predecessor-version":[{"id":602,"href":"https:\/\/wordpress.nibis.de\/gswremen\/wp-json\/wp\/v2\/pages\/87\/revisions\/602"}],"wp:attachment":[{"href":"https:\/\/wordpress.nibis.de\/gswremen\/wp-json\/wp\/v2\/media?parent=87"}],"curies":[{"name":"wp","href":"https:\/\/api.w.org\/{rel}","templated":true}]}}