{"id":105,"date":"2016-05-23T14:12:58","date_gmt":"2016-05-23T12:12:58","guid":{"rendered":"http:\/\/wordpress.nibis.de\/gswrestedt\/?page_id=105"},"modified":"2016-07-31T16:24:14","modified_gmt":"2016-07-31T14:24:14","slug":"laeuse","status":"publish","type":"page","link":"https:\/\/wordpress.nibis.de\/gswrestedt\/laeuse\/","title":{"rendered":"L\u00e4use"},"content":{"rendered":"<p>Es ist besonders wichtig, dass uns das Auftreten von Kopfl\u00e4usen <strong>sofort<\/strong> gemeldet wird.<br \/> Wir k\u00f6nnen dann die Eltern der betroffenen Klasse bitten, die Haare ihrer Kinder zu \u00fcberpr\u00fcfen, um eine weitere Ausbreitung zu verhindern.<\/p>\n<p>Ihr Kind darf erst wieder zur Schule kommen, wenn es gegen L\u00e4use behandelt wurde.<\/p>\n<p><a href=\"http:\/\/wordpress.nibis.de\/gswrestedt\/downloads\/\">Hier<\/a> finden Sie die Druckversion des Elternbriefes.<\/p>\n","protected":false},"excerpt":{"rendered":"<p>Es ist besonders wichtig, dass uns das Auftreten von Kopfl\u00e4usen sofort gemeldet wird. Wir k\u00f6nnen dann die Eltern der betroffenen Klasse bitten, die Haare ihrer Kinder zu \u00fcberpr\u00fcfen, um eine weitere Ausbreitung zu verhindern. Ihr Kind darf erst wieder zur &hellip; <a href=\"https:\/\/wordpress.nibis.de\/gswrestedt\/laeuse\/\">Weiterlesen <span class=\"meta-nav\">&rarr;<\/span><\/a><\/p>\n","protected":false},"author":1020,"featured_media":0,"parent":0,"menu_order":0,"comment_status":"closed","ping_status":"closed","template":"","meta":{"footnotes":""},"class_list":["post-105","page","type-page","status-publish","hentry"],"_links":{"self":[{"href":"https:\/\/wordpress.nibis.de\/gswrestedt\/wp-json\/wp\/v2\/pages\/105","targetHints":{"allow":["GET"]}}],"collection":[{"href":"https:\/\/wordpress.nibis.de\/gswrestedt\/wp-json\/wp\/v2\/pages"}],"about":[{"href":"https:\/\/wordpress.nibis.de\/gswrestedt\/wp-json\/wp\/v2\/types\/page"}],"author":[{"embeddable":true,"href":"https:\/\/wordpress.nibis.de\/gswrestedt\/wp-json\/wp\/v2\/users\/1020"}],"replies":[{"embeddable":true,"href":"https:\/\/wordpress.nibis.de\/gswrestedt\/wp-json\/wp\/v2\/comments?post=105"}],"version-history":[{"count":6,"href":"https:\/\/wordpress.nibis.de\/gswrestedt\/wp-json\/wp\/v2\/pages\/105\/revisions"}],"predecessor-version":[{"id":432,"href":"https:\/\/wordpress.nibis.de\/gswrestedt\/wp-json\/wp\/v2\/pages\/105\/revisions\/432"}],"wp:attachment":[{"href":"https:\/\/wordpress.nibis.de\/gswrestedt\/wp-json\/wp\/v2\/media?parent=105"}],"curies":[{"name":"wp","href":"https:\/\/api.w.org\/{rel}","templated":true}]}}